000
CDUS43 KSGF 160626
CLIUNO


CLIMATE REPORT
NATIONAL WEATHER SERVICE SPRINGFIELD MO
125 AM CDT WED AUG 16 2017


...................................

...THE WEST PLAINS MO CLIMATE SUMMARY FOR AUGUST 15 2017...

CLIMATE NORMAL PERIOD 1981 TO 2010
CLIMATE RECORD PERIOD 1947 TO 2017


WEATHER ITEM   OBSERVED TIME   RECORD YEAR NORMAL DEPARTURE LAST
                VALUE   (LST)  VALUE       VALUE  FROM      YEAR
                                                  NORMAL
..................................................................
TEMPERATURE (F)
 YESTERDAY
  MAXIMUM         85    259 PM 105    1954  90     -5       74
  MINIMUM         63    424 AM  50    2013  65     -2       68
  AVERAGE         74                        78     -4       71

PRECIPITATION (IN)
  YESTERDAY        0.05          2.37 1981   0.09  -0.04     0.52
  MONTH TO DATE    1.65                      1.49   0.16     3.31
  SINCE JUN 1      5.65                      9.06  -3.41    17.06
  SINCE JAN 1     41.06                     28.33  12.73    31.80

DEGREE DAYS
 HEATING
  YESTERDAY        0                         0      0        0
  MONTH TO DATE    1                         0      1        0
  SINCE JUN 1      1                         5     -4        0
  SINCE JUL 1      1                         0      1        0

 COOLING
  YESTERDAY        9                        13     -4        6
  MONTH TO DATE  126                       195    -69      205
  SINCE JUN 1    827                       866    -39     1010
  SINCE JAN 1    949                       988    -39     1103
..................................................................


WIND (MPH)
  HIGHEST WIND SPEED    15   HIGHEST WIND DIRECTION     S (170)
  HIGHEST GUST SPEED    21   HIGHEST GUST DIRECTION     S (160)
  AVERAGE WIND SPEED     4.9


SKY COVER
  AVERAGE SKY COVER 0.7


WEATHER CONDITIONS
 THE FOLLOWING WEATHER WAS RECORDED YESTERDAY.
  THUNDERSTORM
  HEAVY RAIN
  LIGHT RAIN
  FOG
  FOG W/VISIBILITY <= 1/4 MILE


RELATIVE HUMIDITY (PERCENT)
 HIGHEST   100          1200 AM
 LOWEST     61           300 PM
 AVERAGE    81

..........................................................


THE WEST PLAINS MO CLIMATE NORMALS FOR TODAY
                         NORMAL    RECORD    YEAR
 MAXIMUM TEMPERATURE (F)   90       106      1954
 MINIMUM TEMPERATURE (F)   65        50      1994
                                             2004


SUNRISE AND SUNSET
AUGUST 16 2017........SUNRISE   626 AM CDT   SUNSET   757 PM CDT
AUGUST 17 2017........SUNRISE   627 AM CDT   SUNSET   756 PM CDT


-  INDICATES NEGATIVE NUMBERS.
R  INDICATES RECORD WAS SET OR TIED.
MM INDICATES DATA IS MISSING.
T  INDICATES TRACE AMOUNT.




$$
