000
CDUS43 KSGF 242142
CLIUNO


CLIMATE REPORT
NATIONAL WEATHER SERVICE SPRINGFIELD MO
441 PM CDT WED AUG 24 2016


...................................

...THE WEST PLAINS MO CLIMATE SUMMARY FOR AUGUST 24 2016...
VALID AS OF 0400 PM LOCAL TIME.

CLIMATE NORMAL PERIOD 1981 TO 2010
CLIMATE RECORD PERIOD 1947 TO 2016


WEATHER ITEM   OBSERVED TIME   RECORD YEAR NORMAL DEPARTURE LAST
                VALUE   (LST)  VALUE       VALUE  FROM      YEAR
                                                  NORMAL
..................................................................
TEMPERATURE (F)
 TODAY
  MAXIMUM         89    248 PM 100    1978  89      0       79
  MINIMUM         74    541 AM  51    1949  64     10       58
                                      1984
  AVERAGE         82                        76      6       69

PRECIPITATION (IN)
  TODAY            0.00          1.21 1950   0.10  -0.10     0.00
  MONTH TO DATE    3.63                      2.48   1.15     4.35
  SINCE JUN 1     17.38                     10.05   7.33    17.93
  SINCE JAN 1     32.12                     29.32   2.80    35.54

DEGREE DAYS
 HEATING
  TODAY            0                         0      0        0
  MONTH TO DATE    0                         0      0        0
  SINCE JUN 1      0                         5     -5        5
  SINCE JUL 1      0                         0      0        0

 COOLING
  TODAY           17                        11      6        4
  MONTH TO DATE  292                       304    -12      234
  SINCE JUN 1   1097                       975    122      993
  SINCE JAN 1   1190                      1097     93     1115
..................................................................


WIND (MPH)
  HIGHEST WIND SPEED    16   HIGHEST WIND DIRECTION    SW (220)
  HIGHEST GUST SPEED    21   HIGHEST GUST DIRECTION    SW (210)


SKY COVER
  AVERAGE SKY COVER 0.2


WEATHER CONDITIONS
 THE FOLLOWING WEATHER WAS RECORDED TODAY.
  NO SIGNIFICANT WEATHER WAS OBSERVED.


RELATIVE HUMIDITY (PERCENT)
 HIGHEST    93           500 AM
 LOWEST     59           200 PM
 AVERAGE    76

..........................................................


THE WEST PLAINS MO CLIMATE NORMALS FOR TOMORROW
                         NORMAL    RECORD    YEAR
 MAXIMUM TEMPERATURE (F)   88       100      1983
 MINIMUM TEMPERATURE (F)   64        51      1952
                                             1958


SUNRISE AND SUNSET
AUGUST 24 2016........SUNRISE   632 AM CDT   SUNSET   746 PM CDT
AUGUST 25 2016........SUNRISE   633 AM CDT   SUNSET   745 PM CDT


-  INDICATES NEGATIVE NUMBERS.
R  INDICATES RECORD WAS SET OR TIED.
MM INDICATES DATA IS MISSING.
T  INDICATES TRACE AMOUNT.




$$
