581
CDUS43 KSGF 190646
CLIUNO


CLIMATE REPORT
NATIONAL WEATHER SERVICE SPRINGFIELD MO
144 AM CDT TUE MAY 19 2015


...................................

...THE WEST PLAINS MO CLIMATE SUMMARY FOR MAY 18 2015...

CLIMATE NORMAL PERIOD 1981 TO 2010
CLIMATE RECORD PERIOD 1947 TO 2015


WEATHER ITEM   OBSERVED TIME   RECORD YEAR NORMAL DEPARTURE LAST
                VALUE   (LST)  VALUE       VALUE  FROM      YEAR
                                                  NORMAL
..................................................................
TEMPERATURE (F)
 YESTERDAY
  MAXIMUM         82    430 PM  89    2001  77      5       68
  MINIMUM         61   1159 PM  37    2002  55      6       44
  AVERAGE         72                        66      6       56

PRECIPITATION (IN)
  YESTERDAY        0.00          1.78 1981   0.14  -0.14     0.00
  MONTH TO DATE    4.55                      3.22   1.33     2.68
  SINCE MAR 1      9.91                     11.99  -2.08    10.00
  SINCE JAN 1     14.59                     17.55  -2.96    11.85

DEGREE DAYS
 HEATING
  YESTERDAY        0                         2     -2        9
  MONTH TO DATE   37                        62    -25      103
  SINCE MAR 1    805                       860    -55     1057
  SINCE JUL 1   4602                      4324    278     4855

 COOLING
  YESTERDAY        7                         3      4        0
  MONTH TO DATE   57                        38     19       57
  SINCE MAR 1     73                        66      7       66
  SINCE JAN 1     73                        66      7       66
..................................................................


WIND (MPH)
  HIGHEST WIND SPEED    13   HIGHEST WIND DIRECTION     N (10)
  HIGHEST GUST SPEED    18   HIGHEST GUST DIRECTION     N (10)
  AVERAGE WIND SPEED     4.7


SKY COVER
  AVERAGE SKY COVER 0.5


WEATHER CONDITIONS
 THE FOLLOWING WEATHER WAS RECORDED YESTERDAY.
  THUNDERSTORM
  FOG
  FOG W/VISIBILITY <= 1/4 MILE


RELATIVE HUMIDITY (PERCENT)
 HIGHEST   100           200 AM
 LOWEST     49           400 PM
 AVERAGE    75

..........................................................


THE WEST PLAINS MO CLIMATE NORMALS FOR TODAY
                         NORMAL    RECORD    YEAR
 MAXIMUM TEMPERATURE (F)   77        91      1987
 MINIMUM TEMPERATURE (F)   55        38      2002


SUNRISE AND SUNSET
MAY 19 2015...........SUNRISE   557 AM CDT   SUNSET   812 PM CDT
MAY 20 2015...........SUNRISE   556 AM CDT   SUNSET   812 PM CDT


-  INDICATES NEGATIVE NUMBERS.
R  INDICATES RECORD WAS SET OR TIED.
MM INDICATES DATA IS MISSING.
T  INDICATES TRACE AMOUNT.




$$
