000
CDUS43 KSGF 122228
CLIUNO


CLIMATE REPORT
NATIONAL WEATHER SERVICE SPRINGFIELD MO
428 PM CST FRI FEB 12 2016


...................................

...THE WEST PLAINS MO CLIMATE SUMMARY FOR FEBRUARY 12 2016...
VALID AS OF 0400 PM LOCAL TIME.

CLIMATE NORMAL PERIOD 1981 TO 2010
CLIMATE RECORD PERIOD 1947 TO 2016


WEATHER ITEM   OBSERVED TIME   RECORD YEAR NORMAL DEPARTURE LAST
                VALUE   (LST)  VALUE       VALUE  FROM      YEAR
                                                  NORMAL
..................................................................
TEMPERATURE (F)
 TODAY
  MAXIMUM         49    249 PM  78    1961  48      1       31
  MINIMUM         22    657 AM  -4    1988  26     -4       23
  AVERAGE         36                        37     -1       27

PRECIPITATION (IN)
  TODAY            0.00          1.83 2007   0.12  -0.12     0.00
  MONTH TO DATE    0.42                      1.20  -0.78     0.50
  SINCE DEC 1     10.39                      7.56   2.83     5.49
  SINCE JAN 1      1.35                      3.92  -2.57     2.52

DEGREE DAYS
 HEATING
  TODAY           29                        28      1       38
  MONTH TO DATE  322                       349    -27      345
  SINCE DEC 1   1856                      2201   -345     2115
  SINCE JUL 1   2491                      3053   -562     3127

 COOLING
  TODAY            0                         0      0        0
  MONTH TO DATE    0                         0      0        0
  SINCE DEC 1      0                         0      0        0
  SINCE JAN 1      0                         0      0        0
..................................................................


WIND (MPH)
  HIGHEST WIND SPEED    18   HIGHEST WIND DIRECTION    NW (320)
  HIGHEST GUST SPEED    26   HIGHEST GUST DIRECTION    NW (330)


SKY COVER
  AVERAGE SKY COVER 0.1


WEATHER CONDITIONS
 THE FOLLOWING WEATHER WAS RECORDED TODAY.
  NO SIGNIFICANT WEATHER WAS OBSERVED.


RELATIVE HUMIDITY (PERCENT)
 HIGHEST    81           600 AM
 LOWEST     34           200 PM
 AVERAGE    58

..........................................................


THE WEST PLAINS MO CLIMATE NORMALS FOR TOMORROW
                         NORMAL    RECORD    YEAR
 MAXIMUM TEMPERATURE (F)   49        87      1962
 MINIMUM TEMPERATURE (F)   26         2      1988


SUNRISE AND SUNSET
FEBRUARY 12 2016......SUNRISE   700 AM CST   SUNSET   544 PM CST
FEBRUARY 13 2016......SUNRISE   659 AM CST   SUNSET   545 PM CST


-  INDICATES NEGATIVE NUMBERS.
R  INDICATES RECORD WAS SET OR TIED.
MM INDICATES DATA IS MISSING.
T  INDICATES TRACE AMOUNT.




$$
