680
CDUS43 KSGF 190627
CLIUNO


CLIMATE REPORT
NATIONAL WEATHER SERVICE SPRINGFIELD MO
126 AM CDT THU OCT 19 2017


...................................

...THE WEST PLAINS MO CLIMATE SUMMARY FOR OCTOBER 18 2017...

CLIMATE NORMAL PERIOD 1981 TO 2010
CLIMATE RECORD PERIOD 1947 TO 2017


WEATHER ITEM   OBSERVED TIME   RECORD YEAR NORMAL DEPARTURE LAST
                VALUE   (LST)  VALUE       VALUE  FROM      YEAR
                                                  NORMAL
..................................................................
TEMPERATURE (F)
 YESTERDAY
  MAXIMUM         75    346 PM  89    1953  69      6       82
  MINIMUM         43    602 AM  24    1948  44     -1       67
                                      1976
  AVERAGE         59                        57      2       75

PRECIPITATION (IN)
  YESTERDAY        0.00          1.36 1984   0.14  -0.14     0.00
  MONTH TO DATE    0.86                      2.19  -1.33     1.72
  SINCE SEP 1      1.37                      6.28  -4.91     3.07
  SINCE JAN 1     43.56                     36.35   7.21    35.19

DEGREE DAYS
 HEATING
  YESTERDAY        6                         9     -3        0
  MONTH TO DATE   50                       122    -72       60
  SINCE SEP 1     55                       163   -108       70
  SINCE JUL 1     56                       164   -108       70

 COOLING
  YESTERDAY        0                         0      0       10
  MONTH TO DATE   70                        20     50       46
  SINCE SEP 1    279                       176    103      272
  SINCE JAN 1   1380                      1348     32     1561
..................................................................


WIND (MPH)
  HIGHEST WIND SPEED    14   HIGHEST WIND DIRECTION     S (170)
  HIGHEST GUST SPEED    20   HIGHEST GUST DIRECTION     S (200)
  AVERAGE WIND SPEED     6.5


SKY COVER
  AVERAGE SKY COVER 0.0


WEATHER CONDITIONS
 THE FOLLOWING WEATHER WAS RECORDED YESTERDAY.
  NO SIGNIFICANT WEATHER WAS OBSERVED.


RELATIVE HUMIDITY (PERCENT)
 HIGHEST    76          1200 AM
 LOWEST     31           100 PM
 AVERAGE    54

..........................................................


THE WEST PLAINS MO CLIMATE NORMALS FOR TODAY
                         NORMAL    RECORD    YEAR
 MAXIMUM TEMPERATURE (F)   69        87      1963
 MINIMUM TEMPERATURE (F)   44        29      1996


SUNRISE AND SUNSET
OCTOBER 19 2017.......SUNRISE   719 AM CDT   SUNSET   625 PM CDT
OCTOBER 20 2017.......SUNRISE   720 AM CDT   SUNSET   624 PM CDT


-  INDICATES NEGATIVE NUMBERS.
R  INDICATES RECORD WAS SET OR TIED.
MM INDICATES DATA IS MISSING.
T  INDICATES TRACE AMOUNT.




$$
