077
CDUS43 KSGF 202225
CLIUNO


CLIMATE REPORT
NATIONAL WEATHER SERVICE SPRINGFIELD MO
525 PM CDT SUN AUG 20 2017


...................................

...THE WEST PLAINS MO CLIMATE SUMMARY FOR AUGUST 20 2017...
VALID TODAY AS OF 0500 PM LOCAL TIME.

CLIMATE NORMAL PERIOD 1981 TO 2010
CLIMATE RECORD PERIOD 1947 TO 2017


WEATHER ITEM   OBSERVED TIME   RECORD YEAR NORMAL DEPARTURE LAST
                VALUE   (LST)  VALUE       VALUE  FROM      YEAR
                                                  NORMAL
..................................................................
TEMPERATURE (F)
 TODAY
  MAXIMUM         87    345 PM 102    1962  89     -2       80
  MINIMUM         72    541 AM  49    1967  65      7       67
  AVERAGE         80                        77      3       74

PRECIPITATION (IN)
  TODAY            0.14          1.88 1959   0.11   0.03     0.00
  MONTH TO DATE    2.77                      2.06   0.71     3.36
  SINCE JUN 1      6.77                      9.63  -2.86    17.11
  SINCE JAN 1     42.18                     28.90  13.28    31.85

DEGREE DAYS
 HEATING
  TODAY            0                         0      0        0
  MONTH TO DATE    1                         0      1        0
  SINCE JUN 1      1                         5     -4        0
  SINCE JUL 1      1                         0      1        0

 COOLING
  TODAY           15                        12      3        9
  MONTH TO DATE  191                       257    -66      257
  SINCE JUN 1    892                       928    -36     1062
  SINCE JAN 1   1014                      1050    -36     1155
..................................................................


WIND (MPH)
  HIGHEST WIND SPEED    24   HIGHEST WIND DIRECTION     N (340)
  HIGHEST GUST SPEED    39   HIGHEST GUST DIRECTION    NW (320)


SKY COVER
  AVERAGE SKY COVER 0.1


WEATHER CONDITIONS
 THE FOLLOWING WEATHER WAS RECORDED TODAY.
  THUNDERSTORM
  HEAVY RAIN
  RAIN
  LIGHT RAIN
  FOG


RELATIVE HUMIDITY (PERCENT)
 HIGHEST    93           500 AM
 LOWEST     61           300 PM
 AVERAGE    77

..........................................................


THE WEST PLAINS MO CLIMATE NORMALS FOR TOMORROW
                         NORMAL    RECORD    YEAR
 MAXIMUM TEMPERATURE (F)   89       101      2010
 MINIMUM TEMPERATURE (F)   65        47      1950


SUNRISE AND SUNSET
AUGUST 20 2017........SUNRISE   629 AM CDT   SUNSET   752 PM CDT
AUGUST 21 2017........SUNRISE   630 AM CDT   SUNSET   751 PM CDT


-  INDICATES NEGATIVE NUMBERS.
R  INDICATES RECORD WAS SET OR TIED.
MM INDICATES DATA IS MISSING.
T  INDICATES TRACE AMOUNT.




$$
