000
CDUS43 KSGF 210625
CLIUNO


CLIMATE REPORT
NATIONAL WEATHER SERVICE SPRINGFIELD MO
125 AM CDT SUN SEP 21 2014


...................................

...THE WEST PLAINS MO CLIMATE SUMMARY FOR SEPTEMBER 20 2014...

CLIMATE NORMAL PERIOD 1981 TO 2010
CLIMATE RECORD PERIOD 1947 TO 2014


WEATHER ITEM   OBSERVED TIME   RECORD YEAR NORMAL DEPARTURE LAST
                VALUE   (LST)  VALUE       VALUE  FROM      YEAR
                                                  NORMAL
..................................................................
TEMPERATURE (F)
 YESTERDAY
  MAXIMUM         85    114 PM  97    1954  79      6       74
  MINIMUM         59    611 AM  35    1991  55      4       58
  AVERAGE         72                        67      5       66

PRECIPITATION (IN)
  YESTERDAY        0.00          1.51 1967   0.12  -0.12     0.54
  MONTH TO DATE    2.12                      2.76  -0.64     1.41
  SINCE SEP 1      2.12                      2.76  -0.64     1.41
  SINCE JAN 1     23.74                     32.83  -9.09    43.64

DEGREE DAYS
 HEATING
  YESTERDAY        0                         2     -2        0
  MONTH TO DATE   29                         9     20        4
  SINCE SEP 1     29                         9     20        4
  SINCE JUL 1     31                        10     21        8

 COOLING
  YESTERDAY        7                         4      3        1
  MONTH TO DATE  114                       131    -17      177
  SINCE SEP 1    114                       131    -17      177
  SINCE JAN 1   1169                      1303   -134     1019
..................................................................


WIND (MPH)
  HIGHEST WIND SPEED    13   HIGHEST WIND DIRECTION    SW (230)
  HIGHEST GUST SPEED    17   HIGHEST GUST DIRECTION     W (270)
  AVERAGE WIND SPEED     4.5


SKY COVER
  AVERAGE SKY COVER 0.1


WEATHER CONDITIONS
 THE FOLLOWING WEATHER WAS RECORDED YESTERDAY.
  FOG


RELATIVE HUMIDITY (PERCENT)
 HIGHEST    97           100 AM
 LOWEST     55           300 PM
 AVERAGE    76

..........................................................


THE WEST PLAINS MO CLIMATE NORMALS FOR TODAY
                         NORMAL    RECORD    YEAR
 MAXIMUM TEMPERATURE (F)   79        95      1955
 MINIMUM TEMPERATURE (F)   55        35      1991


SUNRISE AND SUNSET
SEPTEMBER 21 2014.....SUNRISE   655 AM CDT   SUNSET   706 PM CDT
SEPTEMBER 22 2014.....SUNRISE   655 AM CDT   SUNSET   704 PM CDT


-  INDICATES NEGATIVE NUMBERS.
R  INDICATES RECORD WAS SET OR TIED.
MM INDICATES DATA IS MISSING.
T  INDICATES TRACE AMOUNT.




$$
