276
CDUS43 KSGF 282128
CLIUNO


CLIMATE REPORT
NATIONAL WEATHER SERVICE SPRINGFIELD MO
427 PM CDT SAT MAY 28 2016


...................................

...THE WEST PLAINS MO CLIMATE SUMMARY FOR MAY 28 2016...
VALID AS OF 0400 PM LOCAL TIME.

CLIMATE NORMAL PERIOD 1981 TO 2010
CLIMATE RECORD PERIOD 1947 TO 2016


WEATHER ITEM   OBSERVED TIME   RECORD YEAR NORMAL DEPARTURE LAST
                VALUE   (LST)  VALUE       VALUE  FROM      YEAR
                                                  NORMAL
..................................................................
TEMPERATURE (F)
 TODAY
  MAXIMUM         82    258 PM  94    2012  79      3       78
  MINIMUM         66    637 AM  38    1961  58      8       66
  AVERAGE         74                        69      5       72

PRECIPITATION (IN)
  TODAY            0.00          2.27 1954   0.12  -0.12     0.01
  MONTH TO DATE    6.51                      4.51   2.00     6.62
  SINCE MAR 1     11.74                     13.28  -1.54    11.98
  SINCE JAN 1     14.38                     18.84  -4.46    16.66

DEGREE DAYS
 HEATING
  TODAY            0                         1     -1        0
  MONTH TO DATE  112                        78     34       71
  SINCE MAR 1    692                       876   -184      839
  SINCE JUL 1   3525                      4340   -815     4636

 COOLING
  TODAY            9                         5      4        7
  MONTH TO DATE   56                        79    -23       91
  SINCE MAR 1     72                       107    -35      107
  SINCE JAN 1     72                       107    -35      107
..................................................................


WIND (MPH)
  HIGHEST WIND SPEED    14   HIGHEST WIND DIRECTION     S (190)
  HIGHEST GUST SPEED    24   HIGHEST GUST DIRECTION    SE (150)


SKY COVER
  AVERAGE SKY COVER 0.5


WEATHER CONDITIONS
 THE FOLLOWING WEATHER WAS RECORDED TODAY.
  NO SIGNIFICANT WEATHER WAS OBSERVED.


RELATIVE HUMIDITY (PERCENT)
 HIGHEST    87           200 AM
 LOWEST     62          1200 PM
 AVERAGE    75

..........................................................


THE WEST PLAINS MO CLIMATE NORMALS FOR TOMORROW
                         NORMAL    RECORD    YEAR
 MAXIMUM TEMPERATURE (F)   80        93      2012
 MINIMUM TEMPERATURE (F)   58        41      1984


SUNRISE AND SUNSET
MAY 28 2016...........SUNRISE   551 AM CDT   SUNSET   819 PM CDT
MAY 29 2016...........SUNRISE   551 AM CDT   SUNSET   820 PM CDT


-  INDICATES NEGATIVE NUMBERS.
R  INDICATES RECORD WAS SET OR TIED.
MM INDICATES DATA IS MISSING.
T  INDICATES TRACE AMOUNT.




$$
