000
CDUS43 KSGF 040627
CLIUNO


CLIMATE REPORT
NATIONAL WEATHER SERVICE SPRINGFIELD MO
1227 AM CST THU FEB 4 2016


...................................

...THE WEST PLAINS MO CLIMATE SUMMARY FOR FEBRUARY 3 2016...

CLIMATE NORMAL PERIOD 1981 TO 2010
CLIMATE RECORD PERIOD 1947 TO 2016


WEATHER ITEM   OBSERVED TIME   RECORD YEAR NORMAL DEPARTURE LAST
                VALUE   (LST)  VALUE       VALUE  FROM      YEAR
                                                  NORMAL
..................................................................
TEMPERATURE (F)
 YESTERDAY
  MAXIMUM         45   1201 AM  76    1962  46     -1       51
  MINIMUM         28   1159 PM  -8    1985  24      4       17
  AVERAGE         37                        35      2       34

PRECIPITATION (IN)
  YESTERDAY        0.00          1.19 2012   0.09  -0.09     0.00
  MONTH TO DATE    0.42                      0.26   0.16     0.49
  SINCE DEC 1     10.39                      6.62   3.77     5.48
  SINCE JAN 1      1.35                      2.98  -1.63     2.51

DEGREE DAYS
 HEATING
  YESTERDAY       28                        30     -2       31
  MONTH TO DATE   54                        90    -36      101
  SINCE DEC 1   1588                      1942   -354     1871
  SINCE JUL 1   2223                      2794   -571     2883

 COOLING
  YESTERDAY        0                         0      0        0
  MONTH TO DATE    0                         0      0        0
  SINCE DEC 1      0                         0      0        0
  SINCE JAN 1      0                         0      0        0
..................................................................


WIND (MPH)
  HIGHEST WIND SPEED    22   HIGHEST WIND DIRECTION     W (260)
  HIGHEST GUST SPEED    31   HIGHEST GUST DIRECTION     W (280)
  AVERAGE WIND SPEED    12.7


SKY COVER
  AVERAGE SKY COVER 0.8


WEATHER CONDITIONS
 THE FOLLOWING WEATHER WAS RECORDED YESTERDAY.
  NO SIGNIFICANT WEATHER WAS OBSERVED.


RELATIVE HUMIDITY (PERCENT)
 HIGHEST    69           900 AM
 LOWEST     44           400 PM
 AVERAGE    57

..........................................................


THE WEST PLAINS MO CLIMATE NORMALS FOR TODAY
                         NORMAL    RECORD    YEAR
 MAXIMUM TEMPERATURE (F)   47        78      1962
 MINIMUM TEMPERATURE (F)   24        -5      1996


SUNRISE AND SUNSET
FEBRUARY  4 2016......SUNRISE   708 AM CST   SUNSET   536 PM CST
FEBRUARY  5 2016......SUNRISE   707 AM CST   SUNSET   537 PM CST


-  INDICATES NEGATIVE NUMBERS.
R  INDICATES RECORD WAS SET OR TIED.
MM INDICATES DATA IS MISSING.
T  INDICATES TRACE AMOUNT.




$$
