000
CDUS43 KSGF 030631
CLIUNO


CLIMATE REPORT
NATIONAL WEATHER SERVICE SPRINGFIELD MO
1228 AM CST TUE MAR 3 2015


...................................

...THE WEST PLAINS MO CLIMATE SUMMARY FOR MARCH 2 2015...

CLIMATE NORMAL PERIOD 1981 TO 2010
CLIMATE RECORD PERIOD 1947 TO 2015


WEATHER ITEM   OBSERVED TIME   RECORD YEAR NORMAL DEPARTURE LAST
                VALUE   (LST)  VALUE       VALUE  FROM      YEAR
                                                  NORMAL
..................................................................
TEMPERATURE (F)
 YESTERDAY
  MAXIMUM         38    328 PM  78    1976  54    -16       36
  MINIMUM         23    716 AM   5    1980  31     -8        8
  AVERAGE         31                        42    -11       22

PRECIPITATION (IN)
  YESTERDAY        0.00          1.60 1997   0.09  -0.09     0.75
  MONTH TO DATE    0.14                      0.19  -0.05     0.75
  SINCE MAR 1      0.14                      0.19  -0.05     0.75
  SINCE JAN 1      4.82                      5.75  -0.93     2.60

DEGREE DAYS
 HEATING
  YESTERDAY       34                        23     11       43
  MONTH TO DATE   68                        46     22       61
  SINCE MAR 1     68                        46     22       61
  SINCE JUL 1   3865                      3510    355     3859

 COOLING
  YESTERDAY        0                         0      0        0
  MONTH TO DATE    0                         0      0        0
  SINCE MAR 1      0                         0      0        0
  SINCE JAN 1      0                         0      0        0
..................................................................


WIND (MPH)
  HIGHEST WIND SPEED    15   HIGHEST WIND DIRECTION    SE (120)
  HIGHEST GUST SPEED    20   HIGHEST GUST DIRECTION     E (80)
  AVERAGE WIND SPEED     7.5


SKY COVER
  AVERAGE SKY COVER 0.5


WEATHER CONDITIONS
 THE FOLLOWING WEATHER WAS RECORDED YESTERDAY.
  NO SIGNIFICANT WEATHER WAS OBSERVED.


RELATIVE HUMIDITY (PERCENT)
 HIGHEST    88           500 AM
 LOWEST     44           200 PM
 AVERAGE    66

..........................................................


THE WEST PLAINS MO CLIMATE NORMALS FOR TODAY
                         NORMAL    RECORD    YEAR
 MAXIMUM TEMPERATURE (F)   55        81      1974
 MINIMUM TEMPERATURE (F)   31         2      2014


SUNRISE AND SUNSET
MARCH  3 2015.........SUNRISE   636 AM CST   SUNSET   604 PM CST
MARCH  4 2015.........SUNRISE   635 AM CST   SUNSET   605 PM CST


-  INDICATES NEGATIVE NUMBERS.
R  INDICATES RECORD WAS SET OR TIED.
MM INDICATES DATA IS MISSING.
T  INDICATES TRACE AMOUNT.




$$
