000
CDUS43 KSGF 220632
CLIUNO


CLIMATE REPORT
NATIONAL WEATHER SERVICE SPRINGFIELD MO
131 AM CDT THU JUN 22 2017


...................................

...THE WEST PLAINS MO CLIMATE SUMMARY FOR JUNE 21 2017...

CLIMATE NORMAL PERIOD 1981 TO 2010
CLIMATE RECORD PERIOD 1947 TO 2017


WEATHER ITEM   OBSERVED TIME   RECORD YEAR NORMAL DEPARTURE LAST
                VALUE   (LST)  VALUE       VALUE  FROM      YEAR
                                                  NORMAL
..................................................................
TEMPERATURE (F)
 YESTERDAY
  MAXIMUM         89   1253 PM  98    1952  86      3       91
  MINIMUM         65    435 AM  49    1976  65      0       72
  AVERAGE         77                        75      2       82

PRECIPITATION (IN)
  YESTERDAY        0.00          1.47 1987   0.14  -0.14     0.00
  MONTH TO DATE    0.71                      2.82  -2.11     3.70
  SINCE JUN 1      0.71                      2.82  -2.11     3.70
  SINCE JAN 1     36.12                     22.09  14.03    18.44

DEGREE DAYS
 HEATING
  YESTERDAY        0                         0      0        0
  MONTH TO DATE    0                         4     -4        0
  SINCE JUN 1      0                         4     -4        0
  SINCE JUL 1   3324                      4346  -1022     3525

 COOLING
  YESTERDAY       12                        10      2       17
  MONTH TO DATE  175                       166      9      224
  SINCE JUN 1    175                       166      9      224
  SINCE JAN 1    297                       288      9      317
..................................................................


WIND (MPH)
  HIGHEST WIND SPEED    13   HIGHEST WIND DIRECTION    SE (150)
  HIGHEST GUST SPEED    18   HIGHEST GUST DIRECTION    SE (130)
  AVERAGE WIND SPEED     4.4


SKY COVER
  AVERAGE SKY COVER 0.0


WEATHER CONDITIONS
 THE FOLLOWING WEATHER WAS RECORDED YESTERDAY.
  NO SIGNIFICANT WEATHER WAS OBSERVED.


RELATIVE HUMIDITY (PERCENT)
 HIGHEST    84           900 PM
 LOWEST     36          1100 AM
 AVERAGE    60

..........................................................


THE WEST PLAINS MO CLIMATE NORMALS FOR TODAY
                         NORMAL    RECORD    YEAR
 MAXIMUM TEMPERATURE (F)   86        99      1988
 MINIMUM TEMPERATURE (F)   65        45      1992


SUNRISE AND SUNSET
JUNE 22 2017..........SUNRISE   549 AM CDT   SUNSET   830 PM CDT
JUNE 23 2017..........SUNRISE   549 AM CDT   SUNSET   831 PM CDT


-  INDICATES NEGATIVE NUMBERS.
R  INDICATES RECORD WAS SET OR TIED.
MM INDICATES DATA IS MISSING.
T  INDICATES TRACE AMOUNT.




$$
