000
CDUS43 KSGF 140633
CLIUNO


CLIMATE REPORT
NATIONAL WEATHER SERVICE SPRINGFIELD MO
132 AM CDT MON AUG 14 2017


...................................

...THE WEST PLAINS MO CLIMATE SUMMARY FOR AUGUST 13 2017...

CLIMATE NORMAL PERIOD 1981 TO 2010
CLIMATE RECORD PERIOD 1947 TO 2017


WEATHER ITEM   OBSERVED TIME   RECORD YEAR NORMAL DEPARTURE LAST
                VALUE   (LST)  VALUE       VALUE  FROM      YEAR
                                                  NORMAL
..................................................................
TEMPERATURE (F)
 YESTERDAY
  MAXIMUM         74   1033 AM 101    2007  90    -16       79
                                      1954
  MINIMUM         65    558 AM  46    2004  66     -1       69
  AVERAGE         70                        78     -8       74

PRECIPITATION (IN)
  YESTERDAY        0.02          1.69 2002   0.09  -0.07     0.20
  MONTH TO DATE    1.58                      1.31   0.27     1.62
  SINCE JUN 1      5.58                      8.88  -3.30    15.37
  SINCE JAN 1     40.99                     28.15  12.84    30.11

DEGREE DAYS
 HEATING
  YESTERDAY        0                         0      0        0
  MONTH TO DATE    1                         0      1        0
  SINCE JUN 1      1                         5     -4        0
  SINCE JUL 1      1                         0      1        0

 COOLING
  YESTERDAY        5                        13     -8        9
  MONTH TO DATE  109                       169    -60      196
  SINCE JUN 1    810                       840    -30     1001
  SINCE JAN 1    932                       962    -30     1094
..................................................................


WIND (MPH)
  HIGHEST WIND SPEED    12   HIGHEST WIND DIRECTION     S (170)
  HIGHEST GUST SPEED    15   HIGHEST GUST DIRECTION     S (170)
  AVERAGE WIND SPEED     5.2


SKY COVER
  AVERAGE SKY COVER 1.0


WEATHER CONDITIONS
 THE FOLLOWING WEATHER WAS RECORDED YESTERDAY.
  LIGHT RAIN
  FOG


RELATIVE HUMIDITY (PERCENT)
 HIGHEST    90           400 PM
 LOWEST     64          1000 AM
 AVERAGE    77

..........................................................


THE WEST PLAINS MO CLIMATE NORMALS FOR TODAY
                         NORMAL    RECORD    YEAR
 MAXIMUM TEMPERATURE (F)   90       103      1954
 MINIMUM TEMPERATURE (F)   65        48      2004


SUNRISE AND SUNSET
AUGUST 14 2017........SUNRISE   624 AM CDT   SUNSET   800 PM CDT
AUGUST 15 2017........SUNRISE   625 AM CDT   SUNSET   759 PM CDT


-  INDICATES NEGATIVE NUMBERS.
R  INDICATES RECORD WAS SET OR TIED.
MM INDICATES DATA IS MISSING.
T  INDICATES TRACE AMOUNT.




$$
