000
CDUS43 KSGF 260630
CLIUNO


CLIMATE REPORT
NATIONAL WEATHER SERVICE SPRINGFIELD MO
129 AM CDT FRI MAY 26 2017


...................................

...THE WEST PLAINS MO CLIMATE SUMMARY FOR MAY 25 2017...

CLIMATE NORMAL PERIOD 1981 TO 2010
CLIMATE RECORD PERIOD 1947 TO 2017


WEATHER ITEM   OBSERVED TIME   RECORD YEAR NORMAL DEPARTURE LAST
                VALUE   (LST)  VALUE       VALUE  FROM      YEAR
                                                  NORMAL
..................................................................
TEMPERATURE (F)
 YESTERDAY
  MAXIMUM         75    515 PM  90    2006  79     -4       77
                                      1953
  MINIMUM         46    524 AM  41    1979  57    -11       58
  AVERAGE         61                        68     -7       68

PRECIPITATION (IN)
  YESTERDAY        0.00          2.80 2000   0.11  -0.11     0.20
  MONTH TO DATE    5.09                      4.13   0.96     4.91
  SINCE MAR 1     29.31                     12.90  16.41    10.14
  SINCE JAN 1     33.94                     18.46  15.48    12.78

DEGREE DAYS
 HEATING
  YESTERDAY        4                         1      3        0
  MONTH TO DATE   84                        75      9      112
  SINCE MAR 1    675                       873   -198      692
  SINCE JUL 1   3324                      4337  -1013     3525

 COOLING
  YESTERDAY        0                         4     -4        3
  MONTH TO DATE   60                        65     -5       28
  SINCE MAR 1     88                        93     -5       44
  SINCE JAN 1     89                        93     -4       44
..................................................................


WIND (MPH)
  HIGHEST WIND SPEED    13   HIGHEST WIND DIRECTION    SW (210)
  HIGHEST GUST SPEED    17   HIGHEST GUST DIRECTION     S (170)
  AVERAGE WIND SPEED     6.3


SKY COVER
  AVERAGE SKY COVER 0.0


WEATHER CONDITIONS
 THE FOLLOWING WEATHER WAS RECORDED YESTERDAY.
  FOG


RELATIVE HUMIDITY (PERCENT)
 HIGHEST    93          1200 AM
 LOWEST     44           400 PM
 AVERAGE    69

..........................................................


THE WEST PLAINS MO CLIMATE NORMALS FOR TODAY
                         NORMAL    RECORD    YEAR
 MAXIMUM TEMPERATURE (F)   79        95      2012
                                             1953
 MINIMUM TEMPERATURE (F)   57        38      1988


SUNRISE AND SUNSET
MAY 26 2017...........SUNRISE   552 AM CDT   SUNSET   817 PM CDT
MAY 27 2017...........SUNRISE   552 AM CDT   SUNSET   818 PM CDT


-  INDICATES NEGATIVE NUMBERS.
R  INDICATES RECORD WAS SET OR TIED.
MM INDICATES DATA IS MISSING.
T  INDICATES TRACE AMOUNT.




$$
