000
CDUS43 KSGF 261245
CLIUNO


CLIMATE REPORT
NATIONAL WEATHER SERVICE SPRINGFIELD MO
745 AM CDT WED AUG 26 2015


...................................

...THE WEST PLAINS MO CLIMATE SUMMARY FOR AUGUST 25 2015...

CLIMATE NORMAL PERIOD 1981 TO 2010
CLIMATE RECORD PERIOD 1947 TO 2015


WEATHER ITEM   OBSERVED TIME   RECORD YEAR NORMAL DEPARTURE LAST
                VALUE   (LST)  VALUE       VALUE  FROM      YEAR
                                                  NORMAL
..................................................................
TEMPERATURE (F)
 YESTERDAY
  MAXIMUM         82        MM 100    1983  88     -6       98
  MINIMUM         55        MM  51    1952  64     -9       69
                                      1958
  AVERAGE         69                        76     -7       84

PRECIPITATION (IN)
  YESTERDAY        0.00          0.89 1971   0.11  -0.11     0.00
  MONTH TO DATE    4.35                      2.59   1.76     2.75
  SINCE JUN 1     17.93                     10.16   7.77     9.61
  SINCE JAN 1     35.54                     29.43   6.11    21.59

DEGREE DAYS
 HEATING
  YESTERDAY        0                         0      0        0
  MONTH TO DATE    0                         0      0        0
  SINCE JUN 1      5                         5      0        4
  SINCE JUL 1      0                         0      0        2

 COOLING
  YESTERDAY        4                        11     -7       19
  MONTH TO DATE  238                       315    -77      320
  SINCE JUN 1    997                       986     11      819
  SINCE JAN 1   1119                      1108     11      969
..................................................................


WIND (MPH)
  HIGHEST WIND SPEED     8   HIGHEST WIND DIRECTION    NW (320)
  HIGHEST GUST SPEED    16   HIGHEST GUST DIRECTION     N (340)
  AVERAGE WIND SPEED     3.5


SKY COVER
  AVERAGE SKY COVER 0.0


WEATHER CONDITIONS
 THE FOLLOWING WEATHER WAS RECORDED YESTERDAY.
  NO SIGNIFICANT WEATHER WAS OBSERVED.


RELATIVE HUMIDITY (PERCENT)
 HIGHEST    84           900 PM
 LOWEST     42           200 PM
 AVERAGE    63

..........................................................


THE WEST PLAINS MO CLIMATE NORMALS FOR TODAY
                         NORMAL    RECORD    YEAR
 MAXIMUM TEMPERATURE (F)   88       103      1983
 MINIMUM TEMPERATURE (F)   64        50      1958


SUNRISE AND SUNSET
AUGUST 26 2015........SUNRISE   634 AM CDT   SUNSET   745 PM CDT
AUGUST 27 2015........SUNRISE   634 AM CDT   SUNSET   743 PM CDT


-  INDICATES NEGATIVE NUMBERS.
R  INDICATES RECORD WAS SET OR TIED.
MM INDICATES DATA IS MISSING.
T  INDICATES TRACE AMOUNT.




$$
