000
CDUS43 KSGF 160636
CLIUNO


CLIMATE REPORT
NATIONAL WEATHER SERVICE SPRINGFIELD MO
1234 AM CST TUE DEC 16 2014


...................................

...THE WEST PLAINS MO CLIMATE SUMMARY FOR DECEMBER 15 2014...

CLIMATE NORMAL PERIOD 1981 TO 2010
CLIMATE RECORD PERIOD 1947 TO 2014


WEATHER ITEM   OBSERVED TIME   RECORD YEAR NORMAL DEPARTURE LAST
                VALUE   (LST)  VALUE       VALUE  FROM      YEAR
                                                  NORMAL
..................................................................
TEMPERATURE (F)
 YESTERDAY
  MAXIMUM         62    241 PM  69    1948  46     16       MM
  MINIMUM         40   1159 PM   2    1958  26     14       MM
  AVERAGE         51                        36     15       MM

PRECIPITATION (IN)
  YESTERDAY        0.68          2.02 1992   0.11   0.57     0.00
  MONTH TO DATE    1.94                      2.15  -0.21     0.70
  SINCE DEC 1      1.94                      2.15  -0.21     0.70
  SINCE JAN 1     35.37                     44.73  -9.36    52.59

DEGREE DAYS
 HEATING
  YESTERDAY       14                        29    -15       MM
  MONTH TO DATE  365                       408    -43      389
  SINCE DEC 1    365                       408    -43      389
  SINCE JUL 1   1377                      1260    117     1301

 COOLING
  YESTERDAY        0                         0      0       MM
  MONTH TO DATE    0                         0      0        0
  SINCE DEC 1      0                         0      0        0
  SINCE JAN 1   1231                      1354   -123     1073
..................................................................


WIND (MPH)
  HIGHEST WIND SPEED    23   HIGHEST WIND DIRECTION     W (270)
  HIGHEST GUST SPEED    31   HIGHEST GUST DIRECTION     W (280)
  AVERAGE WIND SPEED    11.7


SKY COVER
  AVERAGE SKY COVER 0.8


WEATHER CONDITIONS
 THE FOLLOWING WEATHER WAS RECORDED YESTERDAY.
  HEAVY RAIN
  RAIN
  LIGHT RAIN
  FOG


RELATIVE HUMIDITY (PERCENT)
 HIGHEST    93           300 AM
 LOWEST     47           400 PM
 AVERAGE    70

..........................................................


THE WEST PLAINS MO CLIMATE NORMALS FOR TODAY
                         NORMAL    RECORD    YEAR
 MAXIMUM TEMPERATURE (F)   46        68      1984
 MINIMUM TEMPERATURE (F)   25        -5      1989


SUNRISE AND SUNSET
DECEMBER 16 2014......SUNRISE   714 AM CST   SUNSET   453 PM CST
DECEMBER 17 2014......SUNRISE   715 AM CST   SUNSET   453 PM CST


-  INDICATES NEGATIVE NUMBERS.
R  INDICATES RECORD WAS SET OR TIED.
MM INDICATES DATA IS MISSING.
T  INDICATES TRACE AMOUNT.




$$
