000
CDUS43 KSGF 182326
CLIUNO


CLIMATE REPORT
NATIONAL WEATHER SERVICE SPRINGFIELD MO
526 PM CST TUE NOV 18 2014


...................................

...THE WEST PLAINS MO CLIMATE SUMMARY FOR NOVEMBER 18 2014...
VALID TODAY AS OF 0500 PM LOCAL TIME.

CLIMATE NORMAL PERIOD 1981 TO 2010
CLIMATE RECORD PERIOD 1947 TO 2014


WEATHER ITEM   OBSERVED TIME   RECORD YEAR NORMAL DEPARTURE LAST
                VALUE   (LST)  VALUE       VALUE  FROM      YEAR
                                                  NORMAL
..................................................................
TEMPERATURE (F)
 TODAY
  MAXIMUM         35    335 PM  74    2001  56    -21       61
  MINIMUM         10R   701 AM  12    1959  36    -26       35
  AVERAGE         23                        46    -23       48

PRECIPITATION (IN)
  TODAY            0.00          2.10 1991   0.16  -0.16     0.00
  MONTH TO DATE    0.76                      2.69  -1.93     1.48
  SINCE SEP 1     10.25                     10.62  -0.37     6.64
  SINCE JAN 1     31.87                     40.69  -8.82    48.87

DEGREE DAYS
 HEATING
  TODAY           42                        19     23       17
  MONTH TO DATE  479                       285    194      303
  SINCE SEP 1    749                       587    162      572
  SINCE JUL 1    751                       588    163      576

 COOLING
  TODAY            0                         0      0        0
  MONTH TO DATE    0                         0      0        0
  SINCE SEP 1    176                       180     -4      231
  SINCE JAN 1   1231                      1352   -121     1073
..................................................................


WIND (MPH)
  HIGHEST WIND SPEED    15   HIGHEST WIND DIRECTION     W (280)
  HIGHEST GUST SPEED    21   HIGHEST GUST DIRECTION    SW (240)


SKY COVER
  AVERAGE SKY COVER 0.0


WEATHER CONDITIONS
 THE FOLLOWING WEATHER WAS RECORDED TODAY.
  NO SIGNIFICANT WEATHER WAS OBSERVED.


RELATIVE HUMIDITY (PERCENT)
 HIGHEST    73           600 AM
 LOWEST     32           300 PM
 AVERAGE    53

..........................................................


THE WEST PLAINS MO CLIMATE NORMALS FOR TOMORROW
                         NORMAL    RECORD    YEAR
 MAXIMUM TEMPERATURE (F)   55        77      1979
 MINIMUM TEMPERATURE (F)   35        14      1951


SUNRISE AND SUNSET
NOVEMBER 18 2014......SUNRISE   649 AM CST   SUNSET   456 PM CST
NOVEMBER 19 2014......SUNRISE   650 AM CST   SUNSET   456 PM CST


-  INDICATES NEGATIVE NUMBERS.
R  INDICATES RECORD WAS SET OR TIED.
MM INDICATES DATA IS MISSING.
T  INDICATES TRACE AMOUNT.




$$
