000
CDUS43 KSGF 270627
CLIUNO


CLIMATE REPORT
NATIONAL WEATHER SERVICE SPRINGFIELD MO
1226 AM CST FRI FEB 27 2015


...................................

...THE WEST PLAINS MO CLIMATE SUMMARY FOR FEBRUARY 26 2015...

CLIMATE NORMAL PERIOD 1981 TO 2010
CLIMATE RECORD PERIOD 1947 TO 2015


WEATHER ITEM   OBSERVED TIME   RECORD YEAR NORMAL DEPARTURE LAST
                VALUE   (LST)  VALUE       VALUE  FROM      YEAR
                                                  NORMAL
..................................................................
TEMPERATURE (F)
 YESTERDAY
  MAXIMUM         32    352 AM  76    1961  53    -21       32
  MINIMUM         13   1159 PM  10    1980  29    -16       13
  AVERAGE         23                        41    -18       23

PRECIPITATION (IN)
  YESTERDAY        T             2.27 2000   0.10  -0.10      T
  MONTH TO DATE    2.36                      2.64  -0.28     0.25
  SINCE DEC 1      7.35                      9.00  -1.65     4.16
  SINCE JAN 1      4.38                      5.36  -0.98     1.85

DEGREE DAYS
 HEATING
  YESTERDAY       42                        24     18       42
  MONTH TO DATE  921                       713    208      874
  SINCE DEC 1   2691                      2565    126     2822
  SINCE JUL 1   3703                      3417    286     3734

 COOLING
  YESTERDAY        0                         0      0        0
  MONTH TO DATE    0                         0      0        0
  SINCE DEC 1      0                         0      0        0
  SINCE JAN 1      0                         0      0        0
..................................................................


WIND (MPH)
  HIGHEST WIND SPEED    21   HIGHEST WIND DIRECTION    NW (330)
  HIGHEST GUST SPEED    27   HIGHEST GUST DIRECTION     N (340)
  AVERAGE WIND SPEED    10.7


SKY COVER
  AVERAGE SKY COVER 0.7


WEATHER CONDITIONS
 THE FOLLOWING WEATHER WAS RECORDED YESTERDAY.
  HAZE


RELATIVE HUMIDITY (PERCENT)
 HIGHEST    88           700 AM
 LOWEST     57           600 PM
 AVERAGE    73

..........................................................


THE WEST PLAINS MO CLIMATE NORMALS FOR TODAY
                         NORMAL    RECORD    YEAR
 MAXIMUM TEMPERATURE (F)   53        77      1976
 MINIMUM TEMPERATURE (F)   30        12      2002


SUNRISE AND SUNSET
FEBRUARY 27 2015......SUNRISE   641 AM CST   SUNSET   600 PM CST
FEBRUARY 28 2015......SUNRISE   640 AM CST   SUNSET   601 PM CST


-  INDICATES NEGATIVE NUMBERS.
R  INDICATES RECORD WAS SET OR TIED.
MM INDICATES DATA IS MISSING.
T  INDICATES TRACE AMOUNT.




$$
