000
CDUS43 KSGF 260627
CLIUNO


CLIMATE REPORT
NATIONAL WEATHER SERVICE SPRINGFIELD MO
127 AM CDT THU MAY 26 2016


...................................

...THE WEST PLAINS MO CLIMATE SUMMARY FOR MAY 25 2016...

CLIMATE NORMAL PERIOD 1981 TO 2010
CLIMATE RECORD PERIOD 1947 TO 2016


WEATHER ITEM   OBSERVED TIME   RECORD YEAR NORMAL DEPARTURE LAST
                VALUE   (LST)  VALUE       VALUE  FROM      YEAR
                                                  NORMAL
..................................................................
TEMPERATURE (F)
 YESTERDAY
  MAXIMUM         77    549 PM  90    2006  79     -2       80
                                      1953
  MINIMUM         58    450 AM  41    1979  57      1       62
  AVERAGE         68                        68      0       71

PRECIPITATION (IN)
  YESTERDAY        0.20          2.80 2000   0.11   0.09     0.25
  MONTH TO DATE    4.91                      4.13   0.78     5.24
  SINCE MAR 1     10.14                     12.90  -2.76    10.60
  SINCE JAN 1     12.78                     18.46  -5.68    15.28

DEGREE DAYS
 HEATING
  YESTERDAY        0                         1     -1        0
  MONTH TO DATE  112                        75     37       71
  SINCE MAR 1    692                       873   -181      839
  SINCE JUL 1   3525                      4337   -812     4636

 COOLING
  YESTERDAY        3                         4     -1        6
  MONTH TO DATE   28                        65    -37       71
  SINCE MAR 1     44                        93    -49       87
  SINCE JAN 1     44                        93    -49       87
..................................................................


WIND (MPH)
  HIGHEST WIND SPEED    26   HIGHEST WIND DIRECTION    SE (120)
  HIGHEST GUST SPEED    32   HIGHEST GUST DIRECTION     E (110)
  AVERAGE WIND SPEED     6.5


SKY COVER
  AVERAGE SKY COVER 0.2


WEATHER CONDITIONS
 THE FOLLOWING WEATHER WAS RECORDED YESTERDAY.
  THUNDERSTORM
  RAIN
  LIGHT RAIN
  FOG


RELATIVE HUMIDITY (PERCENT)
 HIGHEST    97           600 AM
 LOWEST     64           300 PM
 AVERAGE    81

..........................................................


THE WEST PLAINS MO CLIMATE NORMALS FOR TODAY
                         NORMAL    RECORD    YEAR
 MAXIMUM TEMPERATURE (F)   79        95      2012
                                             1953
 MINIMUM TEMPERATURE (F)   57        38      1988


SUNRISE AND SUNSET
MAY 26 2016...........SUNRISE   552 AM CDT   SUNSET   818 PM CDT
MAY 27 2016...........SUNRISE   552 AM CDT   SUNSET   818 PM CDT


-  INDICATES NEGATIVE NUMBERS.
R  INDICATES RECORD WAS SET OR TIED.
MM INDICATES DATA IS MISSING.
T  INDICATES TRACE AMOUNT.




$$
