000
CDUS43 KSGF 290626
CLIUNO


CLIMATE REPORT
NATIONAL WEATHER SERVICE SPRINGFIELD MO
126 AM CDT MON SEP 29 2014


...................................

...THE WEST PLAINS MO CLIMATE SUMMARY FOR SEPTEMBER 28 2014...

CLIMATE NORMAL PERIOD 1981 TO 2010
CLIMATE RECORD PERIOD 1947 TO 2014


WEATHER ITEM   OBSERVED TIME   RECORD YEAR NORMAL DEPARTURE LAST
                VALUE   (LST)  VALUE       VALUE  FROM      YEAR
                                                  NORMAL
..................................................................
TEMPERATURE (F)
 YESTERDAY
  MAXIMUM         83    307 PM 100    1953  76      7       81
  MINIMUM         55    618 AM  34    1991  51      4       63
  AVERAGE         69                        64      5       72

PRECIPITATION (IN)
  YESTERDAY        0.00          0.86 1974   0.14  -0.14     0.19
  MONTH TO DATE    2.20                      3.81  -1.61     1.60
  SINCE SEP 1      2.20                      3.81  -1.61     1.60
  SINCE JAN 1     23.82                     33.88 -10.06    43.83

DEGREE DAYS
 HEATING
  YESTERDAY        0                         4     -4        0
  MONTH TO DATE   44                        31     13       16
  SINCE SEP 1     44                        31     13       16
  SINCE JUL 1     46                        32     14       20

 COOLING
  YESTERDAY        4                         2      2        7
  MONTH TO DATE  130                       152    -22      194
  SINCE SEP 1    130                       152    -22      194
  SINCE JAN 1   1185                      1324   -139     1036
..................................................................


WIND (MPH)
  HIGHEST WIND SPEED     9   HIGHEST WIND DIRECTION    SE (120)
  HIGHEST GUST SPEED    13   HIGHEST GUST DIRECTION     E (110)
  AVERAGE WIND SPEED     1.8


SKY COVER
  AVERAGE SKY COVER 0.1


WEATHER CONDITIONS
 THE FOLLOWING WEATHER WAS RECORDED YESTERDAY.
  FOG


RELATIVE HUMIDITY (PERCENT)
 HIGHEST    93           200 AM
 LOWEST     39           400 PM
 AVERAGE    66

..........................................................


THE WEST PLAINS MO CLIMATE NORMALS FOR TODAY
                         NORMAL    RECORD    YEAR
 MAXIMUM TEMPERATURE (F)   76       101      1953
 MINIMUM TEMPERATURE (F)   51        33      1967


SUNRISE AND SUNSET
SEPTEMBER 29 2014.....SUNRISE   701 AM CDT   SUNSET   654 PM CDT
SEPTEMBER 30 2014.....SUNRISE   702 AM CDT   SUNSET   652 PM CDT


-  INDICATES NEGATIVE NUMBERS.
R  INDICATES RECORD WAS SET OR TIED.
MM INDICATES DATA IS MISSING.
T  INDICATES TRACE AMOUNT.




$$
