000
CDUS43 KSGF 150627
CLIUNO


CLIMATE REPORT
NATIONAL WEATHER SERVICE SPRINGFIELD MO
1225 AM CST WED NOV 15 2017


...................................

...THE WEST PLAINS MO CLIMATE SUMMARY FOR NOVEMBER 14 2017...

CLIMATE NORMAL PERIOD 1981 TO 2010
CLIMATE RECORD PERIOD 1947 TO 2017


WEATHER ITEM   OBSERVED TIME   RECORD YEAR NORMAL DEPARTURE LAST
                VALUE   (LST)  VALUE       VALUE  FROM      YEAR
                                                  NORMAL
..................................................................
TEMPERATURE (F)
 YESTERDAY
  MAXIMUM         54    405 PM  79    1999  58     -4       67
  MINIMUM         40    102 AM  12    1986  37      3       33
  AVERAGE         47                        48     -1       50

PRECIPITATION (IN)
  YESTERDAY        T             3.85 1958   0.16  -0.16     0.00
  MONTH TO DATE    0.29                      2.04  -1.75     0.02
  SINCE SEP 1      2.50                      9.97  -7.47     3.43
  SINCE JAN 1     44.69                     40.04   4.65    35.55

DEGREE DAYS
 HEATING
  YESTERDAY       18                        18      0       15
  MONTH TO DATE  196                       211    -15      137
  SINCE SEP 1    423                       513    -90      249
  SINCE JUL 1    424                       514    -90      249

 COOLING
  YESTERDAY        0                         0      0        0
  MONTH TO DATE    6                         0      6       11
  SINCE SEP 1    288                       180    108      310
  SINCE JAN 1   1389                      1352     37     1599
..................................................................


WIND (MPH)
  HIGHEST WIND SPEED    14   HIGHEST WIND DIRECTION     S (180)
  HIGHEST GUST SPEED    17   HIGHEST GUST DIRECTION     S (170)
  AVERAGE WIND SPEED     6.3


SKY COVER
  AVERAGE SKY COVER 1.0


WEATHER CONDITIONS
 THE FOLLOWING WEATHER WAS RECORDED YESTERDAY.
  LIGHT RAIN


RELATIVE HUMIDITY (PERCENT)
 HIGHEST    79           100 AM
 LOWEST     54           400 PM
 AVERAGE    67

..........................................................


THE WEST PLAINS MO CLIMATE NORMALS FOR TODAY
                         NORMAL    RECORD    YEAR
 MAXIMUM TEMPERATURE (F)   57        81      1955
 MINIMUM TEMPERATURE (F)   37        17      1982


SUNRISE AND SUNSET
NOVEMBER 15 2017......SUNRISE   646 AM CST   SUNSET   458 PM CST
NOVEMBER 16 2017......SUNRISE   647 AM CST   SUNSET   457 PM CST


-  INDICATES NEGATIVE NUMBERS.
R  INDICATES RECORD WAS SET OR TIED.
MM INDICATES DATA IS MISSING.
T  INDICATES TRACE AMOUNT.




$$
