000
CDUS43 KSGF 230634
CLIUNO


CLIMATE REPORT
NATIONAL WEATHER SERVICE SPRINGFIELD MO
1234 AM CST THU FEB 23 2017


...................................

...THE WEST PLAINS MO CLIMATE SUMMARY FOR FEBRUARY 22 2017...

CLIMATE NORMAL PERIOD 1981 TO 2010
CLIMATE RECORD PERIOD 1947 TO 2017


WEATHER ITEM   OBSERVED TIME   RECORD YEAR NORMAL DEPARTURE LAST
                VALUE   (LST)  VALUE       VALUE  FROM      YEAR
                                                  NORMAL
..................................................................
TEMPERATURE (F)
 YESTERDAY
  MAXIMUM         68    349 PM  74    1988  51     17       55
  MINIMUM         53   1159 PM   0    1963  28     25       36
  AVERAGE         61                        40     21       46

PRECIPITATION (IN)
  YESTERDAY        0.00          2.73 1975   0.10  -0.10     0.00
  MONTH TO DATE    2.58                      2.22   0.36     0.81
  SINCE DEC 1      5.64                      8.58  -2.94    10.78
  SINCE JAN 1      4.62                      4.94  -0.32     1.74

DEGREE DAYS
 HEATING
  YESTERDAY        4                        25    -21       19
  MONTH TO DATE  379                       615   -236      518
  SINCE DEC 1   2038                      2467   -429     2052
  SINCE JUL 1   2558                      3319   -761     2687

 COOLING
  YESTERDAY        0                         0      0        0
  MONTH TO DATE    0                         0      0        0
  SINCE DEC 1      0                         0      0        0
  SINCE JAN 1      0                         0      0        0
..................................................................


WIND (MPH)
  HIGHEST WIND SPEED    14   HIGHEST WIND DIRECTION     S (160)
  HIGHEST GUST SPEED    19   HIGHEST GUST DIRECTION    SW (230)
  AVERAGE WIND SPEED     4.6


SKY COVER
  AVERAGE SKY COVER 0.5


WEATHER CONDITIONS
 THE FOLLOWING WEATHER WAS RECORDED YESTERDAY.
  FOG
  FOG W/VISIBILITY <= 1/4 MILE


RELATIVE HUMIDITY (PERCENT)
 HIGHEST   100           500 AM
 LOWEST     68           100 PM
 AVERAGE    84

..........................................................


THE WEST PLAINS MO CLIMATE NORMALS FOR TODAY
                         NORMAL    RECORD    YEAR
 MAXIMUM TEMPERATURE (F)   52        82      1982
 MINIMUM TEMPERATURE (F)   28         6      1989


SUNRISE AND SUNSET
FEBRUARY 23 2017......SUNRISE   646 AM CST   SUNSET   556 PM CST
FEBRUARY 24 2017......SUNRISE   645 AM CST   SUNSET   557 PM CST


-  INDICATES NEGATIVE NUMBERS.
R  INDICATES RECORD WAS SET OR TIED.
MM INDICATES DATA IS MISSING.
T  INDICATES TRACE AMOUNT.




$$
