000
CDUS43 KSGF 160631
CLIUNO


CLIMATE REPORT
NATIONAL WEATHER SERVICE SPRINGFIELD MO
130 AM CDT TUE SEP 16 2014


...................................

...THE WEST PLAINS MO CLIMATE SUMMARY FOR SEPTEMBER 15 2014...

CLIMATE NORMAL PERIOD 1981 TO 2010
CLIMATE RECORD PERIOD 1947 TO 2014


WEATHER ITEM   OBSERVED TIME   RECORD YEAR NORMAL DEPARTURE LAST
                VALUE   (LST)  VALUE       VALUE  FROM      YEAR
                                                  NORMAL
..................................................................
TEMPERATURE (F)
 YESTERDAY
  MAXIMUM         80    409 PM  98    1954  81     -1       83
  MINIMUM         59    704 AM  41    1961  57      2       50
  AVERAGE         70                        69      1       67

PRECIPITATION (IN)
  YESTERDAY        0.12          2.85 1996   0.13  -0.01     0.00
  MONTH TO DATE    1.28                      2.18  -0.90     0.08
  SINCE SEP 1      1.28                      2.18  -0.90     0.08
  SINCE JAN 1     22.90                     32.25  -9.35    42.31

DEGREE DAYS
 HEATING
  YESTERDAY        0                         1     -1        0
  MONTH TO DATE   24                         3     21        4
  SINCE SEP 1     24                         3     21        4
  SINCE JUL 1     26                         4     22        8

 COOLING
  YESTERDAY        5                         5      0        2
  MONTH TO DATE  106                       110     -4      140
  SINCE SEP 1    106                       110     -4      140
  SINCE JAN 1   1161                      1282   -121      982
..................................................................


WIND (MPH)
  HIGHEST WIND SPEED    16   HIGHEST WIND DIRECTION    SW (220)
  HIGHEST GUST SPEED    21   HIGHEST GUST DIRECTION    SW (220)
  AVERAGE WIND SPEED     6.9


SKY COVER
  AVERAGE SKY COVER 0.4


WEATHER CONDITIONS
 THE FOLLOWING WEATHER WAS RECORDED YESTERDAY.
  THUNDERSTORM
  RAIN
  LIGHT RAIN
  FOG
  HAZE


RELATIVE HUMIDITY (PERCENT)
 HIGHEST    90           800 AM
 LOWEST     62           300 PM
 AVERAGE    76

..........................................................


THE WEST PLAINS MO CLIMATE NORMALS FOR TODAY
                         NORMAL    RECORD    YEAR
 MAXIMUM TEMPERATURE (F)   81        99      1980
 MINIMUM TEMPERATURE (F)   57        39      1961


SUNRISE AND SUNSET
SEPTEMBER 16 2014.....SUNRISE   651 AM CDT   SUNSET   714 PM CDT
SEPTEMBER 17 2014.....SUNRISE   651 AM CDT   SUNSET   712 PM CDT


-  INDICATES NEGATIVE NUMBERS.
R  INDICATES RECORD WAS SET OR TIED.
MM INDICATES DATA IS MISSING.
T  INDICATES TRACE AMOUNT.




$$
