000
CDUS43 KSGF 260627
CLIUNO


CLIMATE REPORT
NATIONAL WEATHER SERVICE SPRINGFIELD MO
126 AM CDT SUN OCT 26 2014


...................................

...THE WEST PLAINS MO CLIMATE SUMMARY FOR OCTOBER 25 2014...

CLIMATE NORMAL PERIOD 1981 TO 2010
CLIMATE RECORD PERIOD 1947 TO 2014


WEATHER ITEM   OBSERVED TIME   RECORD YEAR NORMAL DEPARTURE LAST
                VALUE   (LST)  VALUE       VALUE  FROM      YEAR
                                                  NORMAL
..................................................................
TEMPERATURE (F)
 YESTERDAY
  MAXIMUM         82    426 PM  83    1952  67     15       53
  MINIMUM         58    658 AM  26    2013  43     15       26
                                      1965
  AVERAGE         70                        55     15       40

PRECIPITATION (IN)
  YESTERDAY        0.00          1.61 1954   0.12  -0.12     0.00
  MONTH TO DATE    7.08                      3.18   3.90     1.82
  SINCE SEP 1      9.28                      7.27   2.01     3.47
  SINCE JAN 1     30.90                     37.34  -6.44    45.70

DEGREE DAYS
 HEATING
  YESTERDAY        0                        11    -11       25
  MONTH TO DATE  165                       192    -27      197
  SINCE SEP 1    209                       233    -24      213
  SINCE JUL 1    211                       234    -23      217

 COOLING
  YESTERDAY        5                         0      5        0
  MONTH TO DATE   29                        20      9       34
  SINCE SEP 1    169                       176     -7      230
  SINCE JAN 1   1224                      1348   -124     1072
..................................................................


WIND (MPH)
  HIGHEST WIND SPEED    10   HIGHEST WIND DIRECTION     W (270)
  HIGHEST GUST SPEED    15   HIGHEST GUST DIRECTION     W (250)
  AVERAGE WIND SPEED     4.1


SKY COVER
  AVERAGE SKY COVER 0.0


WEATHER CONDITIONS
 THE FOLLOWING WEATHER WAS RECORDED YESTERDAY.
  FOG
  HAZE


RELATIVE HUMIDITY (PERCENT)
 HIGHEST    93           200 AM
 LOWEST     47           400 PM
 AVERAGE    70

..........................................................


THE WEST PLAINS MO CLIMATE NORMALS FOR TODAY
                         NORMAL    RECORD    YEAR
 MAXIMUM TEMPERATURE (F)   66        84      1950
 MINIMUM TEMPERATURE (F)   43        25      1972


SUNRISE AND SUNSET
OCTOBER 26 2014.......SUNRISE   726 AM CDT   SUNSET   617 PM CDT
OCTOBER 27 2014.......SUNRISE   727 AM CDT   SUNSET   616 PM CDT


-  INDICATES NEGATIVE NUMBERS.
R  INDICATES RECORD WAS SET OR TIED.
MM INDICATES DATA IS MISSING.
T  INDICATES TRACE AMOUNT.




$$
