000
CDUS43 KSGF 130631
CLIUNO


CLIMATE REPORT
NATIONAL WEATHER SERVICE SPRINGFIELD MO
130 AM CDT FRI OCT 13 2017


...................................

...THE WEST PLAINS MO CLIMATE SUMMARY FOR OCTOBER 12 2017...

CLIMATE NORMAL PERIOD 1981 TO 2010
CLIMATE RECORD PERIOD 1947 TO 2017


WEATHER ITEM   OBSERVED TIME   RECORD YEAR NORMAL DEPARTURE LAST
                VALUE   (LST)  VALUE       VALUE  FROM      YEAR
                                                  NORMAL
..................................................................
TEMPERATURE (F)
 YESTERDAY
  MAXIMUM         75    255 PM  87    1975  71      4       69
  MINIMUM         41    141 AM  28    1987  46     -5       52
  AVERAGE         58                        58      0       61

PRECIPITATION (IN)
  YESTERDAY        0.00          1.01 1959   0.11  -0.11     0.81
  MONTH TO DATE    0.57                      1.42  -0.85     1.34
  SINCE SEP 1      1.08                      5.51  -4.43     2.69
  SINCE JAN 1     43.27                     35.58   7.69    34.81

DEGREE DAYS
 HEATING
  YESTERDAY        7                         7      0        4
  MONTH TO DATE   18                        72    -54       40
  SINCE SEP 1     23                       113    -90       50
  SINCE JUL 1     24                       114    -90       50

 COOLING
  YESTERDAY        0                         1     -1        0
  MONTH TO DATE   57                        16     41       13
  SINCE SEP 1    266                       172     94      239
  SINCE JAN 1   1367                      1344     23     1528
..................................................................


WIND (MPH)
  HIGHEST WIND SPEED    10   HIGHEST WIND DIRECTION     S (170)
  HIGHEST GUST SPEED    14   HIGHEST GUST DIRECTION     S (170)
  AVERAGE WIND SPEED     3.3


SKY COVER
  AVERAGE SKY COVER 0.4


WEATHER CONDITIONS
 THE FOLLOWING WEATHER WAS RECORDED YESTERDAY.
  FOG
  FOG W/VISIBILITY <= 1/4 MILE
  HAZE


RELATIVE HUMIDITY (PERCENT)
 HIGHEST   100           200 AM
 LOWEST     43           300 PM
 AVERAGE    72

..........................................................


THE WEST PLAINS MO CLIMATE NORMALS FOR TODAY
                         NORMAL    RECORD    YEAR
 MAXIMUM TEMPERATURE (F)   71        93      1989
 MINIMUM TEMPERATURE (F)   46        29      1987


SUNRISE AND SUNSET
OCTOBER 13 2017.......SUNRISE   714 AM CDT   SUNSET   633 PM CDT
OCTOBER 14 2017.......SUNRISE   715 AM CDT   SUNSET   632 PM CDT


-  INDICATES NEGATIVE NUMBERS.
R  INDICATES RECORD WAS SET OR TIED.
MM INDICATES DATA IS MISSING.
T  INDICATES TRACE AMOUNT.




$$
