000
CDUS43 KSGF 170645
CLIUNO


CLIMATE REPORT
NATIONAL WEATHER SERVICE SPRINGFIELD MO
145 AM CDT WED SEP 17 2014


...................................

...THE WEST PLAINS MO CLIMATE SUMMARY FOR SEPTEMBER 16 2014...

CLIMATE NORMAL PERIOD 1981 TO 2010
CLIMATE RECORD PERIOD 1947 TO 2014


WEATHER ITEM   OBSERVED TIME   RECORD YEAR NORMAL DEPARTURE LAST
                VALUE   (LST)  VALUE       VALUE  FROM      YEAR
                                                  NORMAL
..................................................................
TEMPERATURE (F)
 YESTERDAY
  MAXIMUM         69    330 PM  99    1980  81    -12       75
  MINIMUM         61    736 PM  39    1961  57      4       63
  AVERAGE         65                        69     -4       69

PRECIPITATION (IN)
  YESTERDAY        0.00          1.68 1968   0.12  -0.12     0.05
                                      1995
  MONTH TO DATE    1.28                      2.30  -1.02     0.13
  SINCE SEP 1      1.28                      2.30  -1.02     0.13
  SINCE JAN 1     22.90                     32.37  -9.47    42.36

DEGREE DAYS
 HEATING
  YESTERDAY        0                         1     -1        0
  MONTH TO DATE   24                         4     20        4
  SINCE SEP 1     24                         4     20        4
  SINCE JUL 1     26                         5     21        8

 COOLING
  YESTERDAY        0                         5     -5        4
  MONTH TO DATE  106                       115     -9      144
  SINCE SEP 1    106                       115     -9      144
  SINCE JAN 1   1161                      1287   -126      986
..................................................................


WIND (MPH)
  HIGHEST WIND SPEED    12   HIGHEST WIND DIRECTION    NE (30)
  HIGHEST GUST SPEED    14   HIGHEST GUST DIRECTION     N (20)
  AVERAGE WIND SPEED     5.5


SKY COVER
  AVERAGE SKY COVER 1.0


WEATHER CONDITIONS
 THE FOLLOWING WEATHER WAS RECORDED YESTERDAY.
  FOG


RELATIVE HUMIDITY (PERCENT)
 HIGHEST    93           100 AM
 LOWEST     68           200 PM
 AVERAGE    81

..........................................................


THE WEST PLAINS MO CLIMATE NORMALS FOR TODAY
                         NORMAL    RECORD    YEAR
 MAXIMUM TEMPERATURE (F)   80        97      1953
 MINIMUM TEMPERATURE (F)   56        39      1993


SUNRISE AND SUNSET
SEPTEMBER 17 2014.....SUNRISE   651 AM CDT   SUNSET   712 PM CDT
SEPTEMBER 18 2014.....SUNRISE   652 AM CDT   SUNSET   711 PM CDT


-  INDICATES NEGATIVE NUMBERS.
R  INDICATES RECORD WAS SET OR TIED.
MM INDICATES DATA IS MISSING.
T  INDICATES TRACE AMOUNT.




$$
