000
CDUS43 KSGF 230651
CLIUNO


CLIMATE REPORT
NATIONAL WEATHER SERVICE SPRINGFIELD MO
148 AM CDT SAT MAY 23 2015


...................................

...THE WEST PLAINS MO CLIMATE SUMMARY FOR MAY 22 2015...

CLIMATE NORMAL PERIOD 1981 TO 2010
CLIMATE RECORD PERIOD 1947 TO 2015


WEATHER ITEM   OBSERVED TIME   RECORD YEAR NORMAL DEPARTURE LAST
                VALUE   (LST)  VALUE       VALUE  FROM      YEAR
                                                  NORMAL
..................................................................
TEMPERATURE (F)
 YESTERDAY
  MAXIMUM         66    412 PM  92    1998  78    -12       84
  MINIMUM         39    450 AM  37    1993  56    -17       62
  AVERAGE         53                        67    -14       73

PRECIPITATION (IN)
  YESTERDAY        0.00          4.12 1989   0.14  -0.14     0.00
  MONTH TO DATE    4.72                      3.79   0.93     2.68
  SINCE MAR 1     10.08                     12.56  -2.48    10.00
  SINCE JAN 1     14.76                     18.12  -3.36    11.85

DEGREE DAYS
 HEATING
  YESTERDAY       12                         2     10        0
  MONTH TO DATE   71                        70      1      105
  SINCE MAR 1    839                       868    -29     1059
  SINCE JUL 1   4636                      4332    304     4857

 COOLING
  YESTERDAY        0                         4     -4        8
  MONTH TO DATE   57                        53      4       79
  SINCE MAR 1     73                        81     -8       88
  SINCE JAN 1     73                        81     -8       88
..................................................................


WIND (MPH)
  HIGHEST WIND SPEED    10   HIGHEST WIND DIRECTION     S (160)
  HIGHEST GUST SPEED    14   HIGHEST GUST DIRECTION    SE (120)
  AVERAGE WIND SPEED     3.2


SKY COVER
  AVERAGE SKY COVER 0.2


WEATHER CONDITIONS
 THE FOLLOWING WEATHER WAS RECORDED YESTERDAY.
  NO SIGNIFICANT WEATHER WAS OBSERVED.


RELATIVE HUMIDITY (PERCENT)
 HIGHEST    92           400 AM
 LOWEST     48           100 PM
 AVERAGE    70

..........................................................


THE WEST PLAINS MO CLIMATE NORMALS FOR TODAY
                         NORMAL    RECORD    YEAR
 MAXIMUM TEMPERATURE (F)   78        95      2000
 MINIMUM TEMPERATURE (F)   56        36      1963


SUNRISE AND SUNSET
MAY 23 2015...........SUNRISE   554 AM CDT   SUNSET   815 PM CDT
MAY 24 2015...........SUNRISE   554 AM CDT   SUNSET   816 PM CDT


-  INDICATES NEGATIVE NUMBERS.
R  INDICATES RECORD WAS SET OR TIED.
MM INDICATES DATA IS MISSING.
T  INDICATES TRACE AMOUNT.




$$
