000
CDUS43 KSGF 240628
CLIUNO


CLIMATE REPORT
NATIONAL WEATHER SERVICE SPRINGFIELD MO
1227 AM CST MON NOV 24 2014


...................................

...THE WEST PLAINS MO CLIMATE SUMMARY FOR NOVEMBER 23 2014...

CLIMATE NORMAL PERIOD 1981 TO 2010
CLIMATE RECORD PERIOD 1947 TO 2014


WEATHER ITEM   OBSERVED TIME   RECORD YEAR NORMAL DEPARTURE LAST
                VALUE   (LST)  VALUE       VALUE  FROM      YEAR
                                                  NORMAL
..................................................................
TEMPERATURE (F)
 YESTERDAY
  MAXIMUM         57    927 PM  70    1965  53      4       42
  MINIMUM         50    136 AM  12    1950  34     16       19
  AVERAGE         54                        44     10       31

PRECIPITATION (IN)
  YESTERDAY        1.04          2.42 1951   0.15   0.89     0.00
  MONTH TO DATE    2.23                      3.47  -1.24     4.49
  SINCE SEP 1     11.72                     11.40   0.32     9.65
  SINCE JAN 1     33.34                     41.47  -8.13    51.88

DEGREE DAYS
 HEATING
  YESTERDAY       11                        21    -10       34
  MONTH TO DATE  590                       388    202      417
  SINCE SEP 1    860                       690    170      686
  SINCE JUL 1    862                       691    171      690

 COOLING
  YESTERDAY        0                         0      0        0
  MONTH TO DATE    0                         0      0        0
  SINCE SEP 1    176                       180     -4      231
  SINCE JAN 1   1231                      1352   -121     1073
..................................................................


WIND (MPH)
  HIGHEST WIND SPEED    18   HIGHEST WIND DIRECTION     W (270)
  HIGHEST GUST SPEED    24   HIGHEST GUST DIRECTION    SE (150)
  AVERAGE WIND SPEED     8.3


SKY COVER
  AVERAGE SKY COVER 0.9


WEATHER CONDITIONS
 THE FOLLOWING WEATHER WAS RECORDED YESTERDAY.
  THUNDERSTORM
  HEAVY RAIN
  RAIN
  LIGHT RAIN
  FOG


RELATIVE HUMIDITY (PERCENT)
 HIGHEST   100           700 PM
 LOWEST     80           100 AM
 AVERAGE    90

..........................................................


THE WEST PLAINS MO CLIMATE NORMALS FOR TODAY
                         NORMAL    RECORD    YEAR
 MAXIMUM TEMPERATURE (F)   53        73      1966
 MINIMUM TEMPERATURE (F)   33         6      1950


SUNRISE AND SUNSET
NOVEMBER 24 2014......SUNRISE   655 AM CST   SUNSET   453 PM CST
NOVEMBER 25 2014......SUNRISE   656 AM CST   SUNSET   453 PM CST


-  INDICATES NEGATIVE NUMBERS.
R  INDICATES RECORD WAS SET OR TIED.
MM INDICATES DATA IS MISSING.
T  INDICATES TRACE AMOUNT.




$$
