000
CDUS43 KSGF 300626
CLIUNO


CLIMATE REPORT
NATIONAL WEATHER SERVICE SPRINGFIELD MO
126 AM CDT SAT APR 30 2016


...................................

...THE WEST PLAINS MO CLIMATE SUMMARY FOR APRIL 29 2016...

CLIMATE NORMAL PERIOD 1981 TO 2010
CLIMATE RECORD PERIOD 1947 TO 2016


WEATHER ITEM   OBSERVED TIME   RECORD YEAR NORMAL DEPARTURE LAST
                VALUE   (LST)  VALUE       VALUE  FROM      YEAR
                                                  NORMAL
..................................................................
TEMPERATURE (F)
 YESTERDAY
  MAXIMUM         60   1159 PM  90    1952  73    -13       74
  MINIMUM         52    449 AM  27    1992  49      3       40
  AVERAGE         56                        61     -5       57

PRECIPITATION (IN)
  YESTERDAY       MM             2.04 1991   0.17  MM        0.00
  MONTH TO DATE    1.30                      4.32  -3.02     1.33
  SINCE MAR 1      5.23                      8.61  -3.38     5.36
  SINCE JAN 1      7.87                     14.17  -6.30    10.04

DEGREE DAYS
 HEATING
  YESTERDAY        9                         5      4        8
  MONTH TO DATE  186                       247    -61      204
  SINCE MAR 1    580                       793   -213      763
  SINCE JUL 1   3413                      4257   -844     4560

 COOLING
  YESTERDAY        0                         1     -1        0
  MONTH TO DATE   10                        24    -14       16
  SINCE MAR 1     14                        28    -14       16
  SINCE JAN 1     14                        28    -14       16
..................................................................


WIND (MPH)
  HIGHEST WIND SPEED    21   HIGHEST WIND DIRECTION     E (100)
  HIGHEST GUST SPEED    29   HIGHEST GUST DIRECTION     E (100)
  AVERAGE WIND SPEED     8.8


SKY COVER
  AVERAGE SKY COVER 0.6


WEATHER CONDITIONS
 THE FOLLOWING WEATHER WAS RECORDED YESTERDAY.
  THUNDERSTORM
  RAIN
  LIGHT RAIN
  FOG


RELATIVE HUMIDITY (PERCENT)
 HIGHEST    90           800 PM
 LOWEST     66          1200 AM
 AVERAGE    78

..........................................................


THE WEST PLAINS MO CLIMATE NORMALS FOR TODAY
                         NORMAL    RECORD    YEAR
 MAXIMUM TEMPERATURE (F)   73        90      1987
 MINIMUM TEMPERATURE (F)   49        35      1963


SUNRISE AND SUNSET
APRIL 30 2016.........SUNRISE   614 AM CDT   SUNSET   756 PM CDT
MAY  1 2016...........SUNRISE   613 AM CDT   SUNSET   757 PM CDT


-  INDICATES NEGATIVE NUMBERS.
R  INDICATES RECORD WAS SET OR TIED.
MM INDICATES DATA IS MISSING.
T  INDICATES TRACE AMOUNT.




$$
