000
CDUS43 KSGF 210626
CLIUNO


CLIMATE REPORT
NATIONAL WEATHER SERVICE SPRINGFIELD MO
126 AM CDT MON APR 21 2014


...................................

...THE WEST PLAINS MO CLIMATE SUMMARY FOR APRIL 20 2014...

CLIMATE NORMAL PERIOD 1981 TO 2010
CLIMATE RECORD PERIOD 1947 TO 2014


WEATHER ITEM   OBSERVED TIME   RECORD YEAR NORMAL DEPARTURE LAST
                VALUE   (LST)  VALUE       VALUE  FROM      YEAR
                                                  NORMAL
..................................................................
TEMPERATURE (F)
 YESTERDAY
  MAXIMUM         77    231 PM  91    1987  71      6       64
  MINIMUM         47    143 AM  30    2013  46      1       30
                                      1953
  AVERAGE         62                        59      3       47

PRECIPITATION (IN)
  YESTERDAY        0.00          2.84 1992   0.16  -0.16     0.00
  MONTH TO DATE    3.35                      2.85   0.50     2.92
  SINCE MAR 1      6.57                      7.14  -0.57     6.67
  SINCE JAN 1      8.42                     12.70  -4.28    13.99

DEGREE DAYS
 HEATING
  YESTERDAY        3                         7     -4       18
  MONTH TO DATE  208                       194     14      209
  SINCE MAR 1    910                       740    170      943
  SINCE JUL 1   4708                      4204    504     4255

 COOLING
  YESTERDAY        0                         1     -1        0
  MONTH TO DATE    7                        15     -8       15
  SINCE MAR 1      7                        19    -12       15
  SINCE JAN 1      7                        19    -12       15
..................................................................


WIND (MPH)
  HIGHEST WIND SPEED    13   HIGHEST WIND DIRECTION     S (180)
  HIGHEST GUST SPEED    20   HIGHEST GUST DIRECTION     S (200)
  AVERAGE WIND SPEED     3.9


SKY COVER
  AVERAGE SKY COVER 0.0


WEATHER CONDITIONS
 THE FOLLOWING WEATHER WAS RECORDED YESTERDAY.
  NO SIGNIFICANT WEATHER WAS OBSERVED.


RELATIVE HUMIDITY (PERCENT)
 HIGHEST    80           400 AM
 LOWEST     35           600 PM
 AVERAGE    58

..........................................................


THE WEST PLAINS MO CLIMATE NORMALS FOR TODAY
                         NORMAL    RECORD    YEAR
 MAXIMUM TEMPERATURE (F)   71        91      1963
 MINIMUM TEMPERATURE (F)   47        29      1953


SUNRISE AND SUNSET
APRIL 21 2014.........SUNRISE   626 AM CDT   SUNSET   748 PM CDT
APRIL 22 2014.........SUNRISE   624 AM CDT   SUNSET   748 PM CDT


-  INDICATES NEGATIVE NUMBERS.
R  INDICATES RECORD WAS SET OR TIED.
MM INDICATES DATA IS MISSING.
T  INDICATES TRACE AMOUNT.




$$
