000
CDUS43 KSGF 252126
CLIUNO


CLIMATE REPORT
NATIONAL WEATHER SERVICE SPRINGFIELD MO
426 PM CDT TUE APR 25 2017


...................................

...THE WEST PLAINS MO CLIMATE SUMMARY FOR APRIL 25 2017...
VALID AS OF 0400 PM LOCAL TIME.

CLIMATE NORMAL PERIOD 1981 TO 2010
CLIMATE RECORD PERIOD 1947 TO 2017


WEATHER ITEM   OBSERVED TIME   RECORD YEAR NORMAL DEPARTURE LAST
                VALUE   (LST)  VALUE       VALUE  FROM      YEAR
                                                  NORMAL
..................................................................
TEMPERATURE (F)
 TODAY
  MAXIMUM         78    259 PM  88    2012  72      6       79
  MINIMUM         50    543 AM  31    2013  48      2       57
                                      1968
  AVERAGE         64                        60      4       68

PRECIPITATION (IN)
  TODAY            0.00          3.49 2011   0.17  -0.17     0.00
  MONTH TO DATE    6.57                      3.67   2.90     0.99
  SINCE MAR 1     12.86                      7.96   4.90     4.92
  SINCE JAN 1     17.49                     13.52   3.97     7.56

DEGREE DAYS
 HEATING
  TODAY            1                         6     -5        0
  MONTH TO DATE  135                       226    -91      176
  SINCE MAR 1    564                       772   -208      570
  SINCE JUL 1   3213                      4236  -1023     3403

 COOLING
  TODAY            0                         1     -1        3
  MONTH TO DATE   20                        20      0        3
  SINCE MAR 1     24                        24      0        7
  SINCE JAN 1     25                        24      1        7
..................................................................


WIND (MPH)
  HIGHEST WIND SPEED    23   HIGHEST WIND DIRECTION     S (170)
  HIGHEST GUST SPEED    32   HIGHEST GUST DIRECTION    SE (150)


SKY COVER
  AVERAGE SKY COVER 0.0


WEATHER CONDITIONS
 THE FOLLOWING WEATHER WAS RECORDED TODAY.
  NO SIGNIFICANT WEATHER WAS OBSERVED.


RELATIVE HUMIDITY (PERCENT)
 HIGHEST    77           500 AM
 LOWEST     39           300 PM
 AVERAGE    58

..........................................................


THE WEST PLAINS MO CLIMATE NORMALS FOR TOMORROW
                         NORMAL    RECORD    YEAR
 MAXIMUM TEMPERATURE (F)   72        89      1987
 MINIMUM TEMPERATURE (F)   48        30      1976


SUNRISE AND SUNSET
APRIL 25 2017.........SUNRISE   620 AM CDT   SUNSET   751 PM CDT
APRIL 26 2017.........SUNRISE   619 AM CDT   SUNSET   752 PM CDT


-  INDICATES NEGATIVE NUMBERS.
R  INDICATES RECORD WAS SET OR TIED.
MM INDICATES DATA IS MISSING.
T  INDICATES TRACE AMOUNT.




$$
