000
CDUS43 KSGF 190659
CLIUNO


CLIMATE REPORT
NATIONAL WEATHER SERVICE SPRINGFIELD MO
1259 AM CST SUN FEB 19 2017


...................................

...THE WEST PLAINS MO CLIMATE SUMMARY FOR FEBRUARY 18 2017...

CLIMATE NORMAL PERIOD 1981 TO 2010
CLIMATE RECORD PERIOD 1947 TO 2017


WEATHER ITEM   OBSERVED TIME   RECORD YEAR NORMAL DEPARTURE LAST
                VALUE   (LST)  VALUE       VALUE  FROM      YEAR
                                                  NORMAL
..................................................................
TEMPERATURE (F)
 YESTERDAY
  MAXIMUM         61    321 PM  77    1986  50     11       68
  MINIMUM         47   1159 PM  -2    1993  27     20       38
  AVERAGE         54                        38     16       53

PRECIPITATION (IN)
  YESTERDAY        0.12          2.21 1951   0.11   0.01     0.00
  MONTH TO DATE    0.61                      1.80  -1.19     0.72
  SINCE DEC 1      3.67                      8.16  -4.49    10.69
  SINCE JAN 1      2.65                      4.52  -1.87     1.65

DEGREE DAYS
 HEATING
  YESTERDAY       11                        26    -15       12
  MONTH TO DATE  355                       512   -157      486
  SINCE DEC 1   2014                      2364   -350     2020
  SINCE JUL 1   2534                      3216   -682     2655

 COOLING
  YESTERDAY        0                         0      0        0
  MONTH TO DATE    0                         0      0        0
  SINCE DEC 1      0                         0      0        0
  SINCE JAN 1      0                         0      0        0
..................................................................


WIND (MPH)
  HIGHEST WIND SPEED     8   HIGHEST WIND DIRECTION     S (180)
  HIGHEST GUST SPEED    11   HIGHEST GUST DIRECTION     S (190)
  AVERAGE WIND SPEED     3.2


SKY COVER
  AVERAGE SKY COVER 0.7


WEATHER CONDITIONS
 THE FOLLOWING WEATHER WAS RECORDED YESTERDAY.
  LIGHT RAIN
  FOG
  FOG W/VISIBILITY <= 1/4 MILE


RELATIVE HUMIDITY (PERCENT)
 HIGHEST   100           800 PM
 LOWEST     51          1200 AM
 AVERAGE    76

..........................................................


THE WEST PLAINS MO CLIMATE NORMALS FOR TODAY
                         NORMAL    RECORD    YEAR
 MAXIMUM TEMPERATURE (F)   50        73      1981
 MINIMUM TEMPERATURE (F)   27        -6      1993


SUNRISE AND SUNSET
FEBRUARY 19 2017......SUNRISE   651 AM CST   SUNSET   552 PM CST
FEBRUARY 20 2017......SUNRISE   650 AM CST   SUNSET   553 PM CST


-  INDICATES NEGATIVE NUMBERS.
R  INDICATES RECORD WAS SET OR TIED.
MM INDICATES DATA IS MISSING.
T  INDICATES TRACE AMOUNT.




$$
