000
CDUS43 KSGF 190633
CLIUNO


CLIMATE REPORT
NATIONAL WEATHER SERVICE SPRINGFIELD MO
129 AM CDT TUE AUG 19 2014


...................................

...THE WEST PLAINS MO CLIMATE SUMMARY FOR AUGUST 18 2014...

CLIMATE NORMAL PERIOD 1981 TO 2010
CLIMATE RECORD PERIOD 1947 TO 2014


WEATHER ITEM   OBSERVED TIME   RECORD YEAR NORMAL DEPARTURE LAST
                VALUE   (LST)  VALUE       VALUE  FROM      YEAR
                                                  NORMAL
..................................................................
TEMPERATURE (F)
 YESTERDAY
  MAXIMUM         89    343 PM 103    2000  90     -1       80
  MINIMUM         66    446 AM  52    2012  65      1       59
                                      1994
  AVERAGE         78                        77      1       70

PRECIPITATION (IN)
  YESTERDAY        0.00          3.02 1991   0.11  -0.11     0.00
  MONTH TO DATE    2.75                      1.83   0.92    10.62
  SINCE JUN 1      9.61                      9.40   0.21    20.41
  SINCE JAN 1     21.59                     28.67  -7.08    42.23

DEGREE DAYS
 HEATING
  YESTERDAY        0                         0      0        0
  MONTH TO DATE    0                         0      0        4
  SINCE JUN 1      4                         5     -1       13
  SINCE JUL 1      2                         0      2        4

 COOLING
  YESTERDAY       13                        12      1        5
  MONTH TO DATE  192                       233    -41      135
  SINCE JUN 1    691                       904   -213      557
  SINCE JAN 1    841                      1026   -185      669
..................................................................


WIND (MPH)
  HIGHEST WIND SPEED    10   HIGHEST WIND DIRECTION    SE (120)
  HIGHEST GUST SPEED    12   HIGHEST GUST DIRECTION     E (110)
  AVERAGE WIND SPEED     2.4


SKY COVER
  AVERAGE SKY COVER 0.2


WEATHER CONDITIONS
 THE FOLLOWING WEATHER WAS RECORDED YESTERDAY.
  FOG


RELATIVE HUMIDITY (PERCENT)
 HIGHEST    93           300 AM
 LOWEST     50           300 PM
 AVERAGE    72

..........................................................


THE WEST PLAINS MO CLIMATE NORMALS FOR TODAY
                         NORMAL    RECORD    YEAR
 MAXIMUM TEMPERATURE (F)   89       103      1962
 MINIMUM TEMPERATURE (F)   65        53      2012


SUNRISE AND SUNSET
AUGUST 19 2014........SUNRISE   628 AM CDT   SUNSET   754 PM CDT
AUGUST 20 2014........SUNRISE   629 AM CDT   SUNSET   753 PM CDT


-  INDICATES NEGATIVE NUMBERS.
R  INDICATES RECORD WAS SET OR TIED.
MM INDICATES DATA IS MISSING.
T  INDICATES TRACE AMOUNT.




$$
