448
CDUS43 KSGF 260643
CLIUNO


CLIMATE REPORT
NATIONAL WEATHER SERVICE SPRINGFIELD MO
1243 AM CST SUN FEB 26 2017


...................................

...THE WEST PLAINS MO CLIMATE SUMMARY FOR FEBRUARY 25 2017...

CLIMATE NORMAL PERIOD 1981 TO 2010
CLIMATE RECORD PERIOD 1947 TO 2017


WEATHER ITEM   OBSERVED TIME   RECORD YEAR NORMAL DEPARTURE LAST
                VALUE   (LST)  VALUE       VALUE  FROM      YEAR
                                                  NORMAL
..................................................................
TEMPERATURE (F)
 YESTERDAY
  MAXIMUM         46    349 PM  78    1981  52     -6       45
  MINIMUM         25   1140 PM   5    1967  29     -4       28
  AVERAGE         36                        41     -5       37

PRECIPITATION (IN)
  YESTERDAY        0.00          1.43 2013   0.11  -0.11     0.00
  MONTH TO DATE    2.58                      2.54   0.04     1.71
  SINCE DEC 1      5.64                      8.90  -3.26    11.68
  SINCE JAN 1      4.62                      5.26  -0.64     2.64

DEGREE DAYS
 HEATING
  YESTERDAY       29                        24      5       28
  MONTH TO DATE  425                       689   -264      597
  SINCE DEC 1   2084                      2541   -457     2131
  SINCE JUL 1   2604                      3393   -789     2766

 COOLING
  YESTERDAY        0                         0      0        0
  MONTH TO DATE    0                         0      0        0
  SINCE DEC 1      0                         0      0        0
  SINCE JAN 1      0                         0      0        0
..................................................................


WIND (MPH)
  HIGHEST WIND SPEED    23   HIGHEST WIND DIRECTION    NW (310)
  HIGHEST GUST SPEED    34   HIGHEST GUST DIRECTION    NW (310)
  AVERAGE WIND SPEED     9.3


SKY COVER
  AVERAGE SKY COVER 0.2


WEATHER CONDITIONS
 THE FOLLOWING WEATHER WAS RECORDED YESTERDAY.
  NO SIGNIFICANT WEATHER WAS OBSERVED.


RELATIVE HUMIDITY (PERCENT)
 HIGHEST    68           700 AM
 LOWEST     25           300 PM
 AVERAGE    47

..........................................................


THE WEST PLAINS MO CLIMATE NORMALS FOR TODAY
                         NORMAL    RECORD    YEAR
 MAXIMUM TEMPERATURE (F)   53        76      1961
 MINIMUM TEMPERATURE (F)   29        10      1980


SUNRISE AND SUNSET
FEBRUARY 26 2017......SUNRISE   642 AM CST   SUNSET   559 PM CST
FEBRUARY 27 2017......SUNRISE   641 AM CST   SUNSET   600 PM CST


-  INDICATES NEGATIVE NUMBERS.
R  INDICATES RECORD WAS SET OR TIED.
MM INDICATES DATA IS MISSING.
T  INDICATES TRACE AMOUNT.




$$
