000
CDUS43 KSGF 032226
CLIUNO


CLIMATE REPORT
NATIONAL WEATHER SERVICE SPRINGFIELD MO
526 PM CDT WED JUN 3 2015


...................................

...THE WEST PLAINS MO CLIMATE SUMMARY FOR JUNE 3 2015...
VALID TODAY AS OF 0500 PM LOCAL TIME.

CLIMATE NORMAL PERIOD 1981 TO 2010
CLIMATE RECORD PERIOD 1947 TO 2015


WEATHER ITEM   OBSERVED TIME   RECORD YEAR NORMAL DEPARTURE LAST
                VALUE   (LST)  VALUE       VALUE  FROM      YEAR
                                                  NORMAL
..................................................................
TEMPERATURE (F)
 TODAY
  MAXIMUM         72    358 PM  93    1952  81     -9       87
  MINIMUM         54    230 AM  42    1969  60     -6       66
  AVERAGE         63                        70     -7       77

PRECIPITATION (IN)
  TODAY            0.00          1.16 2001   0.13  -0.13     0.00
  MONTH TO DATE    0.00                      0.40  -0.40     0.03
  SINCE JUN 1      0.00                      0.40  -0.40     0.03
  SINCE JAN 1     17.61                     19.67  -2.06    12.01

DEGREE DAYS
 COOLING
  TODAY            0                         6     -6       12
  MONTH TO DATE    0                        18    -18       28
  SINCE JUN 1      0                        18    -18       28
  SINCE JAN 1    122                       140    -18      178
..................................................................


WIND (MPH)
  HIGHEST WIND SPEED     8   HIGHEST WIND DIRECTION    SE (130)
  HIGHEST GUST SPEED    14   HIGHEST GUST DIRECTION    SE (130)


SKY COVER
  AVERAGE SKY COVER 0.9


WEATHER CONDITIONS
 THE FOLLOWING WEATHER WAS RECORDED TODAY.
  FOG
  HAZE


RELATIVE HUMIDITY (PERCENT)
 HIGHEST    93           100 AM
 LOWEST     73           300 PM
 AVERAGE    83

..........................................................


THE WEST PLAINS MO CLIMATE NORMALS FOR TOMORROW
                         NORMAL    RECORD    YEAR
 MAXIMUM TEMPERATURE (F)   81        95      1977
 MINIMUM TEMPERATURE (F)   60        40      2003


SUNRISE AND SUNSET
JUNE  3 2015..........SUNRISE   549 AM CDT   SUNSET   823 PM CDT
JUNE  4 2015..........SUNRISE   549 AM CDT   SUNSET   823 PM CDT


-  INDICATES NEGATIVE NUMBERS.
R  INDICATES RECORD WAS SET OR TIED.
MM INDICATES DATA IS MISSING.
T  INDICATES TRACE AMOUNT.




$$
