000
CDUS43 KSGF 250629
CLIUNO


CLIMATE REPORT
NATIONAL WEATHER SERVICE SPRINGFIELD MO
1229 AM CST WED FEB 25 2015


...................................

...THE WEST PLAINS MO CLIMATE SUMMARY FOR FEBRUARY 24 2015...

CLIMATE NORMAL PERIOD 1981 TO 2010
CLIMATE RECORD PERIOD 1947 TO 2015


WEATHER ITEM   OBSERVED TIME   RECORD YEAR NORMAL DEPARTURE LAST
                VALUE   (LST)  VALUE       VALUE  FROM      YEAR
                                                  NORMAL
..................................................................
TEMPERATURE (F)
 YESTERDAY
  MAXIMUM         39    455 PM  82    1996  52    -13       45
  MINIMUM         20    732 AM  10    1964  29     -9       20
                                      1989
  AVERAGE         30                        40    -10       33

PRECIPITATION (IN)
  YESTERDAY        0.00          1.77 2011   0.10  -0.10     0.00
  MONTH TO DATE    2.36                      2.43  -0.07     0.25
  SINCE DEC 1      7.35                      8.79  -1.44     4.16
  SINCE JAN 1      4.38                      5.15  -0.77     1.85

DEGREE DAYS
 HEATING
  YESTERDAY       35                        25     10       32
  MONTH TO DATE  846                       665    181      799
  SINCE DEC 1   2616                      2517     99     2747
  SINCE JUL 1   3628                      3369    259     3659

 COOLING
  YESTERDAY        0                         0      0        0
  MONTH TO DATE    0                         0      0        0
  SINCE DEC 1      0                         0      0        0
  SINCE JAN 1      0                         0      0        0
..................................................................


WIND (MPH)
  HIGHEST WIND SPEED    15   HIGHEST WIND DIRECTION     W (260)
  HIGHEST GUST SPEED    20   HIGHEST GUST DIRECTION     W (270)
  AVERAGE WIND SPEED     7.2


SKY COVER
  AVERAGE SKY COVER 0.5


WEATHER CONDITIONS
 THE FOLLOWING WEATHER WAS RECORDED YESTERDAY.
  NO SIGNIFICANT WEATHER WAS OBSERVED.


RELATIVE HUMIDITY (PERCENT)
 HIGHEST    68          1000 PM
 LOWEST     40           500 PM
 AVERAGE    54

..........................................................


THE WEST PLAINS MO CLIMATE NORMALS FOR TODAY
                         NORMAL    RECORD    YEAR
 MAXIMUM TEMPERATURE (F)   52        78      1981
 MINIMUM TEMPERATURE (F)   29         5      1967


SUNRISE AND SUNSET
FEBRUARY 25 2015......SUNRISE   644 AM CST   SUNSET   558 PM CST
FEBRUARY 26 2015......SUNRISE   643 AM CST   SUNSET   559 PM CST


-  INDICATES NEGATIVE NUMBERS.
R  INDICATES RECORD WAS SET OR TIED.
MM INDICATES DATA IS MISSING.
T  INDICATES TRACE AMOUNT.




$$
