000
CDUS43 KSGF 190626
CLIUNO


CLIMATE REPORT
NATIONAL WEATHER SERVICE SPRINGFIELD MO
126 AM CDT SUN OCT 19 2014


...................................

...THE WEST PLAINS MO CLIMATE SUMMARY FOR OCTOBER 18 2014...

CLIMATE NORMAL PERIOD 1981 TO 2010
CLIMATE RECORD PERIOD 1947 TO 2014


WEATHER ITEM   OBSERVED TIME   RECORD YEAR NORMAL DEPARTURE LAST
                VALUE   (LST)  VALUE       VALUE  FROM      YEAR
                                                  NORMAL
..................................................................
TEMPERATURE (F)
 YESTERDAY
  MAXIMUM         65    325 PM  89    1953  69     -4       65
  MINIMUM         41   1137 PM  24    1948  44     -3       42
                                      1976
  AVERAGE         53                        57     -4       54

PRECIPITATION (IN)
  YESTERDAY        0.00          1.36 1984   0.14  -0.14     0.11
  MONTH TO DATE    7.08                      2.19   4.89     1.71
  SINCE SEP 1      9.28                      6.28   3.00     3.36
  SINCE JAN 1     30.90                     36.35  -5.45    45.59

DEGREE DAYS
 HEATING
  YESTERDAY       12                         9      3       11
  MONTH TO DATE  105                       122    -17       91
  SINCE SEP 1    149                       163    -14      107
  SINCE JUL 1    151                       164    -13      111

 COOLING
  YESTERDAY        0                         0      0        0
  MONTH TO DATE   24                        20      4       34
  SINCE SEP 1    164                       176    -12      230
  SINCE JAN 1   1219                      1348   -129     1072
..................................................................


WIND (MPH)
  HIGHEST WIND SPEED    15   HIGHEST WIND DIRECTION     N (340)
  HIGHEST GUST SPEED    20   HIGHEST GUST DIRECTION     N (340)
  AVERAGE WIND SPEED     5.3


SKY COVER
  AVERAGE SKY COVER 0.0


WEATHER CONDITIONS
 THE FOLLOWING WEATHER WAS RECORDED YESTERDAY.
  NO SIGNIFICANT WEATHER WAS OBSERVED.


RELATIVE HUMIDITY (PERCENT)
 HIGHEST    89           900 PM
 LOWEST     44           400 PM
 AVERAGE    67

..........................................................


THE WEST PLAINS MO CLIMATE NORMALS FOR TODAY
                         NORMAL    RECORD    YEAR
 MAXIMUM TEMPERATURE (F)   69        87      1963
 MINIMUM TEMPERATURE (F)   44        29      1996


SUNRISE AND SUNSET
OCTOBER 19 2014.......SUNRISE   719 AM CDT   SUNSET   626 PM CDT
OCTOBER 20 2014.......SUNRISE   720 AM CDT   SUNSET   624 PM CDT


-  INDICATES NEGATIVE NUMBERS.
R  INDICATES RECORD WAS SET OR TIED.
MM INDICATES DATA IS MISSING.
T  INDICATES TRACE AMOUNT.




$$
