000
CDUS43 KSGF 170635
CLIUNO


CLIMATE REPORT
NATIONAL WEATHER SERVICE SPRINGFIELD MO
1226 AM CST WED JAN 17 2018


...................................

...THE WEST PLAINS MO CLIMATE SUMMARY FOR JANUARY 16 2018...

CLIMATE NORMAL PERIOD 1981 TO 2010
CLIMATE RECORD PERIOD 1947 TO 2018


WEATHER ITEM   OBSERVED TIME   RECORD YEAR NORMAL DEPARTURE LAST
                VALUE   (LST)  VALUE       VALUE  FROM      YEAR
                                                  NORMAL
..................................................................
TEMPERATURE (F)
 YESTERDAY
  MAXIMUM         13    301 PM  72    1952  44    -31       60
  MINIMUM         -3    735 AM -10    1977  23    -26       40
  AVERAGE          5                        34    -29       50

PRECIPITATION (IN)
  YESTERDAY        T             1.13 1978   0.07  -0.07     0.10
  MONTH TO DATE    0.83                      1.02  -0.19     1.46
  SINCE DEC 1      2.86                      4.66  -1.80     2.48
  SINCE JAN 1      0.83                      1.02  -0.19     1.46

DEGREE DAYS
 HEATING
  YESTERDAY       60                        31     29       15
  MONTH TO DATE  649                       496    153      471
  SINCE DEC 1   1507                      1389    118     1341
  SINCE JUL 1   2170                      2241    -71     1861

 COOLING
  YESTERDAY        0                         0      0        0
  MONTH TO DATE    0                         0      0        0
  SINCE DEC 1      0                         0      0        0
  SINCE JAN 1      0                         0      0        0
..................................................................


WIND (MPH)
  HIGHEST WIND SPEED    17   HIGHEST WIND DIRECTION    NW (320)
  HIGHEST GUST SPEED    26   HIGHEST GUST DIRECTION    NW (320)
  AVERAGE WIND SPEED     8.2


SKY COVER
  AVERAGE SKY COVER 0.1


WEATHER CONDITIONS
 THE FOLLOWING WEATHER WAS RECORDED YESTERDAY.
 LIGHT SNOW
 HAZE


RELATIVE HUMIDITY (PERCENT)
 HIGHEST    79           900 PM
 LOWEST     57          1200 PM
 AVERAGE    68

..........................................................


THE WEST PLAINS MO CLIMATE NORMALS FOR TODAY
                         NORMAL    RECORD    YEAR
 MAXIMUM TEMPERATURE (F)   44        74      1952
 MINIMUM TEMPERATURE (F)   23       -12      1977


SUNRISE AND SUNSET
JANUARY 17 2018.......SUNRISE   719 AM CST   SUNSET   517 PM CST
JANUARY 18 2018.......SUNRISE   718 AM CST   SUNSET   518 PM CST


-  INDICATES NEGATIVE NUMBERS.
R  INDICATES RECORD WAS SET OR TIED.
MM INDICATES DATA IS MISSING.
T  INDICATES TRACE AMOUNT.




$$
