000
CDUS43 KSGF 160630
CLIUNO


CLIMATE REPORT
NATIONAL WEATHER SERVICE SPRINGFIELD MO
130 AM CDT MON OCT 16 2017


...................................

...THE WEST PLAINS MO CLIMATE SUMMARY FOR OCTOBER 15 2017...

CLIMATE NORMAL PERIOD 1981 TO 2010
CLIMATE RECORD PERIOD 1947 TO 2017


WEATHER ITEM   OBSERVED TIME   RECORD YEAR NORMAL DEPARTURE LAST
                VALUE   (LST)  VALUE       VALUE  FROM      YEAR
                                                  NORMAL
..................................................................
TEMPERATURE (F)
 YESTERDAY
  MAXIMUM         75    221 AM  90    1963  70      5       77
  MINIMUM         46   1159 PM  29    1961  45      1       60
  AVERAGE         61                        58      3       69

PRECIPITATION (IN)
  YESTERDAY        0.29          0.70 1967   0.13   0.16     0.00
                                      1984
  MONTH TO DATE    0.86                      1.79  -0.93     1.72
  SINCE SEP 1      1.37                      5.88  -4.51     3.07
  SINCE JAN 1     43.56                     35.95   7.61    35.19

DEGREE DAYS
 HEATING
  YESTERDAY        4                         8     -4        0
  MONTH TO DATE   22                        96    -74       60
  SINCE SEP 1     27                       137   -110       70
  SINCE JUL 1     28                       138   -110       70

 COOLING
  YESTERDAY        0                         1     -1        4
  MONTH TO DATE   70                        19     51       17
  SINCE SEP 1    279                       175    104      243
  SINCE JAN 1   1380                      1347     33     1532
..................................................................


WIND (MPH)
  HIGHEST WIND SPEED    21   HIGHEST WIND DIRECTION    NW (320)
  HIGHEST GUST SPEED    28   HIGHEST GUST DIRECTION    NW (320)
  AVERAGE WIND SPEED     8.8


SKY COVER
  AVERAGE SKY COVER 0.4


WEATHER CONDITIONS
 THE FOLLOWING WEATHER WAS RECORDED YESTERDAY.
  HEAVY RAIN
  RAIN
  LIGHT RAIN
  FOG


RELATIVE HUMIDITY (PERCENT)
 HIGHEST    93           500 AM
 LOWEST     37           300 PM
 AVERAGE    65

..........................................................


THE WEST PLAINS MO CLIMATE NORMALS FOR TODAY
                         NORMAL    RECORD    YEAR
 MAXIMUM TEMPERATURE (F)   70        88      1950
 MINIMUM TEMPERATURE (F)   45        27      1952


SUNRISE AND SUNSET
OCTOBER 16 2017.......SUNRISE   716 AM CDT   SUNSET   629 PM CDT
OCTOBER 17 2017.......SUNRISE   717 AM CDT   SUNSET   628 PM CDT


-  INDICATES NEGATIVE NUMBERS.
R  INDICATES RECORD WAS SET OR TIED.
MM INDICATES DATA IS MISSING.
T  INDICATES TRACE AMOUNT.




$$
