802
CDUS43 KSGF 190627
CLIUNO


CLIMATE REPORT
NATIONAL WEATHER SERVICE SPRINGFIELD MO
127 AM CDT MON JUN 19 2017


...................................

...THE WEST PLAINS MO CLIMATE SUMMARY FOR JUNE 18 2017...

CLIMATE NORMAL PERIOD 1981 TO 2010
CLIMATE RECORD PERIOD 1947 TO 2017


WEATHER ITEM   OBSERVED TIME   RECORD YEAR NORMAL DEPARTURE LAST
                VALUE   (LST)  VALUE       VALUE  FROM      YEAR
                                                  NORMAL
..................................................................
TEMPERATURE (F)
 YESTERDAY
  MAXIMUM         80    328 PM 101    1953  85     -5       87
  MINIMUM         62   1159 PM  49    1999  64     -2       65
  AVERAGE         71                        74     -3       76

PRECIPITATION (IN)
  YESTERDAY        0.05          2.58 2000   0.14  -0.09     0.00
  MONTH TO DATE    0.71                      2.39  -1.68     3.70
  SINCE JUN 1      0.71                      2.39  -1.68     3.70
  SINCE JAN 1     36.12                     21.66  14.46    18.44

DEGREE DAYS
 HEATING
  YESTERDAY        0                         0      0        0
  MONTH TO DATE    0                         4     -4        0
  SINCE JUN 1      0                         4     -4        0
  SINCE JUL 1   3324                      4346  -1022     3525

 COOLING
  YESTERDAY        6                        10     -4       11
  MONTH TO DATE  144                       136      8      180
  SINCE JUN 1    144                       136      8      180
  SINCE JAN 1    266                       258      8      273
..................................................................


WIND (MPH)
  HIGHEST WIND SPEED    14   HIGHEST WIND DIRECTION    NW (310)
  HIGHEST GUST SPEED    21   HIGHEST GUST DIRECTION    NW (330)
  AVERAGE WIND SPEED     5.0


SKY COVER
  AVERAGE SKY COVER 0.4


WEATHER CONDITIONS
 THE FOLLOWING WEATHER WAS RECORDED YESTERDAY.
  LIGHT RAIN
  FOG


RELATIVE HUMIDITY (PERCENT)
 HIGHEST    94          1200 AM
 LOWEST     52           300 PM
 AVERAGE    73

..........................................................


THE WEST PLAINS MO CLIMATE NORMALS FOR TODAY
                         NORMAL    RECORD    YEAR
 MAXIMUM TEMPERATURE (F)   85       102      1953
 MINIMUM TEMPERATURE (F)   64        50      1965


SUNRISE AND SUNSET
JUNE 19 2017..........SUNRISE   548 AM CDT   SUNSET   830 PM CDT
JUNE 20 2017..........SUNRISE   549 AM CDT   SUNSET   830 PM CDT


-  INDICATES NEGATIVE NUMBERS.
R  INDICATES RECORD WAS SET OR TIED.
MM INDICATES DATA IS MISSING.
T  INDICATES TRACE AMOUNT.




$$
