000
CDUS43 KSGF 172233
CLIUNO


CLIMATE REPORT
NATIONAL WEATHER SERVICE SPRINGFIELD MO
533 PM CDT SAT JUN 17 2017


...................................

...THE WEST PLAINS MO CLIMATE SUMMARY FOR JUNE 17 2017...
VALID TODAY AS OF 0500 PM LOCAL TIME.

CLIMATE NORMAL PERIOD 1981 TO 2010
CLIMATE RECORD PERIOD 1947 TO 2017


WEATHER ITEM   OBSERVED TIME   RECORD YEAR NORMAL DEPARTURE LAST
                VALUE   (LST)  VALUE       VALUE  FROM      YEAR
                                                  NORMAL
..................................................................
TEMPERATURE (F)
 TODAY
  MAXIMUM         86    359 PM  96    1953  85      1       92
  MINIMUM         67    716 AM  45    1961  64      3       71
  AVERAGE         77                        74      3       82

PRECIPITATION (IN)
  TODAY            0.07          1.17 2006   0.14  -0.07     0.00
  MONTH TO DATE    0.66                      2.25  -1.59     3.70
  SINCE JUN 1      0.66                      2.25  -1.59     3.70
  SINCE JAN 1     36.07                     21.52  14.55    18.44

DEGREE DAYS
 COOLING
  TODAY           12                         9      3       17
  MONTH TO DATE  138                       126     12      169
  SINCE JUN 1    138                       126     12      169
  SINCE JAN 1    260                       248     12      262
..................................................................


WIND (MPH)
  HIGHEST WIND SPEED    17   HIGHEST WIND DIRECTION    NW (320)
  HIGHEST GUST SPEED    28   HIGHEST GUST DIRECTION    NW (300)


SKY COVER
  AVERAGE SKY COVER 0.1


WEATHER CONDITIONS
 THE FOLLOWING WEATHER WAS RECORDED TODAY.
  LIGHT RAIN
  FOG


RELATIVE HUMIDITY (PERCENT)
 HIGHEST    93           700 AM
 LOWEST     55           200 PM
 AVERAGE    74

..........................................................


THE WEST PLAINS MO CLIMATE NORMALS FOR TOMORROW
                         NORMAL    RECORD    YEAR
 MAXIMUM TEMPERATURE (F)   85       101      1953
 MINIMUM TEMPERATURE (F)   64        49      1999


SUNRISE AND SUNSET
JUNE 17 2017..........SUNRISE   548 AM CDT   SUNSET   829 PM CDT
JUNE 18 2017..........SUNRISE   548 AM CDT   SUNSET   830 PM CDT


-  INDICATES NEGATIVE NUMBERS.
R  INDICATES RECORD WAS SET OR TIED.
MM INDICATES DATA IS MISSING.
T  INDICATES TRACE AMOUNT.




$$
