000
CDUS43 KSGF 130627
CLIUNO


CLIMATE REPORT
NATIONAL WEATHER SERVICE SPRINGFIELD MO
126 AM CDT SUN AUG 13 2017


...................................

...THE WEST PLAINS MO CLIMATE SUMMARY FOR AUGUST 12 2017...

CLIMATE NORMAL PERIOD 1981 TO 2010
CLIMATE RECORD PERIOD 1947 TO 2017


WEATHER ITEM   OBSERVED TIME   RECORD YEAR NORMAL DEPARTURE LAST
                VALUE   (LST)  VALUE       VALUE  FROM      YEAR
                                                  NORMAL
..................................................................
TEMPERATURE (F)
 YESTERDAY
  MAXIMUM         81    212 PM 105    1999  90     -9       92
  MINIMUM         66   1002 PM  48    1967  66      0       73
                                      2004
  AVERAGE         74                        78     -4       83

PRECIPITATION (IN)
  YESTERDAY        0.00          1.98 1968   0.09  -0.09     0.29
  MONTH TO DATE    1.56                      1.22   0.34     1.42
  SINCE JUN 1      5.56                      8.79  -3.23    15.17
  SINCE JAN 1     40.97                     28.06  12.91    29.91

DEGREE DAYS
 HEATING
  YESTERDAY        0                         0      0        0
  MONTH TO DATE    1                         0      1        0
  SINCE JUN 1      1                         5     -4        0
  SINCE JUL 1      1                         0      1        0

 COOLING
  YESTERDAY        9                        13     -4       18
  MONTH TO DATE  104                       156    -52      187
  SINCE JUN 1    805                       827    -22      992
  SINCE JAN 1    927                       949    -22     1085
..................................................................


WIND (MPH)
  HIGHEST WIND SPEED    13   HIGHEST WIND DIRECTION    NE (30)
  HIGHEST GUST SPEED    18   HIGHEST GUST DIRECTION     N (20)
  AVERAGE WIND SPEED     5.8


SKY COVER
  AVERAGE SKY COVER 0.2


WEATHER CONDITIONS
 THE FOLLOWING WEATHER WAS RECORDED YESTERDAY.
  FOG


RELATIVE HUMIDITY (PERCENT)
 HIGHEST    97           100 AM
 LOWEST     45           200 PM
 AVERAGE    71

..........................................................


THE WEST PLAINS MO CLIMATE NORMALS FOR TODAY
                         NORMAL    RECORD    YEAR
 MAXIMUM TEMPERATURE (F)   90       101      2007
                                             1954
 MINIMUM TEMPERATURE (F)   66        46      2004


SUNRISE AND SUNSET
AUGUST 13 2017........SUNRISE   623 AM CDT   SUNSET   801 PM CDT
AUGUST 14 2017........SUNRISE   624 AM CDT   SUNSET   800 PM CDT


-  INDICATES NEGATIVE NUMBERS.
R  INDICATES RECORD WAS SET OR TIED.
MM INDICATES DATA IS MISSING.
T  INDICATES TRACE AMOUNT.




$$
