000
CDUS43 KSGF 210634
CLIUNO


CLIMATE REPORT
NATIONAL WEATHER SERVICE SPRINGFIELD MO
134 AM CDT SUN AUG 21 2016


...................................

...THE WEST PLAINS MO CLIMATE SUMMARY FOR AUGUST 20 2016...

CLIMATE NORMAL PERIOD 1981 TO 2010
CLIMATE RECORD PERIOD 1947 TO 2016


WEATHER ITEM   OBSERVED TIME   RECORD YEAR NORMAL DEPARTURE LAST
                VALUE   (LST)  VALUE       VALUE  FROM      YEAR
                                                  NORMAL
..................................................................
TEMPERATURE (F)
 YESTERDAY
  MAXIMUM         80    148 PM 102    1962  89     -9       79
  MINIMUM         67   1159 PM  49    1967  65      2       53
  AVERAGE         74                        77     -3       66

PRECIPITATION (IN)
  YESTERDAY        0.00          1.88 1959   0.11  -0.11     0.00
  MONTH TO DATE    3.36                      2.06   1.30     3.68
  SINCE JUN 1     17.11                      9.63   7.48    17.26
  SINCE JAN 1     31.85                     28.90   2.95    34.87

DEGREE DAYS
 HEATING
  YESTERDAY        0                         0      0        0
  MONTH TO DATE    0                         0      0        0
  SINCE JUN 1      0                         5     -5        5
  SINCE JUL 1      0                         0      0        0

 COOLING
  YESTERDAY        9                        12     -3        1
  MONTH TO DATE  257                       257      0      212
  SINCE JUN 1   1062                       928    134      971
  SINCE JAN 1   1155                      1050    105     1093
..................................................................


WIND (MPH)
  HIGHEST WIND SPEED    14   HIGHEST WIND DIRECTION    NW (320)
  HIGHEST GUST SPEED    18   HIGHEST GUST DIRECTION    NW (320)
  AVERAGE WIND SPEED     6.3


SKY COVER
  AVERAGE SKY COVER 0.7


WEATHER CONDITIONS
 THE FOLLOWING WEATHER WAS RECORDED YESTERDAY.
  NO SIGNIFICANT WEATHER WAS OBSERVED.


RELATIVE HUMIDITY (PERCENT)
 HIGHEST    93          1200 AM
 LOWEST     69           900 AM
 AVERAGE    81

..........................................................


THE WEST PLAINS MO CLIMATE NORMALS FOR TODAY
                         NORMAL    RECORD    YEAR
 MAXIMUM TEMPERATURE (F)   89       101      2010
 MINIMUM TEMPERATURE (F)   65        47      1950


SUNRISE AND SUNSET
AUGUST 21 2016........SUNRISE   630 AM CDT   SUNSET   751 PM CDT
AUGUST 22 2016........SUNRISE   631 AM CDT   SUNSET   749 PM CDT


-  INDICATES NEGATIVE NUMBERS.
R  INDICATES RECORD WAS SET OR TIED.
MM INDICATES DATA IS MISSING.
T  INDICATES TRACE AMOUNT.




$$
