000
CDUS43 KSGF 070626
CLIUNO


CLIMATE REPORT
NATIONAL WEATHER SERVICE SPRINGFIELD MO
1225 AM CST SUN FEB 7 2016


...................................

...THE WEST PLAINS MO CLIMATE SUMMARY FOR FEBRUARY 6 2016...

CLIMATE NORMAL PERIOD 1981 TO 2010
CLIMATE RECORD PERIOD 1947 TO 2016


WEATHER ITEM   OBSERVED TIME   RECORD YEAR NORMAL DEPARTURE LAST
                VALUE   (LST)  VALUE       VALUE  FROM      YEAR
                                                  NORMAL
..................................................................
TEMPERATURE (F)
 YESTERDAY
  MAXIMUM         54    200 PM  66    2007  47      7       52
  MINIMUM         31    700 AM  -3    1959  25      6       21
  AVERAGE         43                        36      7       37

PRECIPITATION (IN)
  YESTERDAY        0.00          0.98 1951   0.10  -0.10     0.00
  MONTH TO DATE    0.42                      0.54  -0.12     0.50
  SINCE DEC 1     10.39                      6.90   3.49     5.49
  SINCE JAN 1      1.35                      3.26  -1.91     2.52

DEGREE DAYS
 HEATING
  YESTERDAY       22                        29     -7       28
  MONTH TO DATE  136                       178    -42      199
  SINCE DEC 1   1670                      2030   -360     1969
  SINCE JUL 1   2305                      2882   -577     2981

 COOLING
  YESTERDAY        0                         0      0        0
  MONTH TO DATE    0                         0      0        0
  SINCE DEC 1      0                         0      0        0
  SINCE JAN 1      0                         0      0        0
..................................................................


WIND (MPH)
  HIGHEST WIND SPEED    13   HIGHEST WIND DIRECTION    SW (210)
  HIGHEST GUST SPEED    17   HIGHEST GUST DIRECTION     S (200)
  AVERAGE WIND SPEED     5.9


SKY COVER
  AVERAGE SKY COVER 0.2


WEATHER CONDITIONS
 THE FOLLOWING WEATHER WAS RECORDED YESTERDAY.
  NO SIGNIFICANT WEATHER WAS OBSERVED.


RELATIVE HUMIDITY (PERCENT)
 HIGHEST    49           600 AM
 LOWEST     24           100 PM
 AVERAGE    37

..........................................................


THE WEST PLAINS MO CLIMATE NORMALS FOR TODAY
                         NORMAL    RECORD    YEAR
 MAXIMUM TEMPERATURE (F)   47        68      2015
 MINIMUM TEMPERATURE (F)   25         1      1982


SUNRISE AND SUNSET
FEBRUARY  7 2016......SUNRISE   705 AM CST   SUNSET   539 PM CST
FEBRUARY  8 2016......SUNRISE   704 AM CST   SUNSET   540 PM CST


-  INDICATES NEGATIVE NUMBERS.
R  INDICATES RECORD WAS SET OR TIED.
MM INDICATES DATA IS MISSING.
T  INDICATES TRACE AMOUNT.




$$
