000
CDUS43 KSGF 010638
CLIUNO


CLIMATE REPORT
NATIONAL WEATHER SERVICE SPRINGFIELD MO
135 AM CDT TUE SEP 1 2015


...................................

...THE WEST PLAINS MO CLIMATE SUMMARY FOR AUGUST 31 2015...

CLIMATE NORMAL PERIOD 1981 TO 2010
CLIMATE RECORD PERIOD 1947 TO 2015


WEATHER ITEM   OBSERVED TIME   RECORD YEAR NORMAL DEPARTURE LAST
                VALUE   (LST)  VALUE       VALUE  FROM      YEAR
                                                  NORMAL
..................................................................
TEMPERATURE (F)
 YESTERDAY
  MAXIMUM         88    356 PM 104    2000  87      1       90
  MINIMUM         68    321 AM  50    2009  63      5       67
                                      1988
  AVERAGE         78                        75      3       79

PRECIPITATION (IN)
  YESTERDAY        0.00          2.12 2012   0.12  -0.12     0.00
  MONTH TO DATE    4.52                      3.23   1.29     2.78
  SINCE JUN 1     18.10                     10.80   7.30     9.64
  SINCE JAN 1     35.71                     30.07   5.64    21.62

DEGREE DAYS
 HEATING
  YESTERDAY        0                         0      0        0
  MONTH TO DATE    0                         0      0        0
  SINCE JUN 1      5                         6     -1        4
  SINCE JUL 1      0                         1     -1        2

 COOLING
  YESTERDAY       13                        10      3       14
  MONTH TO DATE  276                       379   -103      406
  SINCE JUN 1   1035                      1050    -15      905
  SINCE JAN 1   1157                      1172    -15     1055
..................................................................


WIND (MPH)
  HIGHEST WIND SPEED     9   HIGHEST WIND DIRECTION     S (170)
  HIGHEST GUST SPEED    13   HIGHEST GUST DIRECTION    SW (210)
  AVERAGE WIND SPEED     3.9


SKY COVER
  AVERAGE SKY COVER 0.3


WEATHER CONDITIONS
 THE FOLLOWING WEATHER WAS RECORDED YESTERDAY.
  FOG


RELATIVE HUMIDITY (PERCENT)
 HIGHEST    97           700 AM
 LOWEST     50           300 PM
 AVERAGE    74

..........................................................


THE WEST PLAINS MO CLIMATE NORMALS FOR TODAY
                         NORMAL    RECORD    YEAR
 MAXIMUM TEMPERATURE (F)   86       101      2000
 MINIMUM TEMPERATURE (F)   63        42      1949


SUNRISE AND SUNSET
SEPTEMBER  1 2015.....SUNRISE   638 AM CDT   SUNSET   736 PM CDT
SEPTEMBER  2 2015.....SUNRISE   639 AM CDT   SUNSET   735 PM CDT


-  INDICATES NEGATIVE NUMBERS.
R  INDICATES RECORD WAS SET OR TIED.
MM INDICATES DATA IS MISSING.
T  INDICATES TRACE AMOUNT.




$$
