000
CDUS43 KSGF 210629
CLIUNO


CLIMATE REPORT
NATIONAL WEATHER SERVICE SPRINGFIELD MO
1228 AM CST WED JAN 21 2015


...................................

...THE WEST PLAINS MO CLIMATE SUMMARY FOR JANUARY 20 2015...

CLIMATE NORMAL PERIOD 1981 TO 2010
CLIMATE RECORD PERIOD 1947 TO 2015


WEATHER ITEM   OBSERVED TIME   RECORD YEAR NORMAL DEPARTURE LAST
                VALUE   (LST)  VALUE       VALUE  FROM      YEAR
                                                  NORMAL
..................................................................
TEMPERATURE (F)
 YESTERDAY
  MAXIMUM         55    102 PM  72    1972  45     10       64
  MINIMUM         35   1159 PM -18    1985  24     11       34
  AVERAGE         45                        34     11       49

PRECIPITATION (IN)
  YESTERDAY        0.08          1.96 1990   0.10  -0.02     0.00
  MONTH TO DATE    1.96                      1.40   0.56     1.57
  SINCE DEC 1      4.93                      5.04  -0.11     3.88
  SINCE JAN 1      1.96                      1.40   0.56     1.57

DEGREE DAYS
 HEATING
  YESTERDAY       20                        31    -11       16
  MONTH TO DATE  674                       620     54      680
  SINCE DEC 1   1504                      1513     -9     1525
  SINCE JUL 1   2516                      2365    151     2437

 COOLING
  YESTERDAY        0                         0      0        0
  MONTH TO DATE    0                         0      0        0
  SINCE DEC 1      0                         0      0        0
  SINCE JAN 1      0                         0      0        0
..................................................................


WIND (MPH)
  HIGHEST WIND SPEED    22   HIGHEST WIND DIRECTION     N (340)
  HIGHEST GUST SPEED    31   HIGHEST GUST DIRECTION    NW (330)
  AVERAGE WIND SPEED     6.9


SKY COVER
  AVERAGE SKY COVER 0.3


WEATHER CONDITIONS
 THE FOLLOWING WEATHER WAS RECORDED YESTERDAY.
  LIGHT RAIN
  FOG


RELATIVE HUMIDITY (PERCENT)
 HIGHEST   100          1100 PM
 LOWEST     35           100 PM
 AVERAGE    68

..........................................................


THE WEST PLAINS MO CLIMATE NORMALS FOR TODAY
                         NORMAL    RECORD    YEAR
 MAXIMUM TEMPERATURE (F)   45        76      1986
 MINIMUM TEMPERATURE (F)   24       -11      1985


SUNRISE AND SUNSET
JANUARY 21 2015.......SUNRISE   717 AM CST   SUNSET   521 PM CST
JANUARY 22 2015.......SUNRISE   717 AM CST   SUNSET   522 PM CST


-  INDICATES NEGATIVE NUMBERS.
R  INDICATES RECORD WAS SET OR TIED.
MM INDICATES DATA IS MISSING.
T  INDICATES TRACE AMOUNT.




$$
