000
CDUS43 KSGF 170629
CLIUNO


CLIMATE REPORT
NATIONAL WEATHER SERVICE SPRINGFIELD MO
1229 AM CST WED DEC 17 2014


...................................

...THE WEST PLAINS MO CLIMATE SUMMARY FOR DECEMBER 16 2014...

CLIMATE NORMAL PERIOD 1981 TO 2010
CLIMATE RECORD PERIOD 1947 TO 2014


WEATHER ITEM   OBSERVED TIME   RECORD YEAR NORMAL DEPARTURE LAST
                VALUE   (LST)  VALUE       VALUE  FROM      YEAR
                                                  NORMAL
..................................................................
TEMPERATURE (F)
 YESTERDAY
  MAXIMUM         40   1201 AM  68    1984  46     -6       58
  MINIMUM         28   1159 PM  -5    1989  25      3       39
  AVERAGE         34                        36     -2       49

PRECIPITATION (IN)
  YESTERDAY        0.00          1.51 1992   0.11  -0.11     0.00
  MONTH TO DATE    1.94                      2.26  -0.32     0.70
  SINCE DEC 1      1.94                      2.26  -0.32     0.70
  SINCE JAN 1     35.37                     44.84  -9.47    52.59

DEGREE DAYS
 HEATING
  YESTERDAY       31                        29      2       16
  MONTH TO DATE  396                       437    -41      405
  SINCE DEC 1    396                       437    -41      405
  SINCE JUL 1   1408                      1289    119     1317

 COOLING
  YESTERDAY        0                         0      0        0
  MONTH TO DATE    0                         0      0        0
  SINCE DEC 1      0                         0      0        0
  SINCE JAN 1   1231                      1354   -123     1073
..................................................................


WIND (MPH)
  HIGHEST WIND SPEED    23   HIGHEST WIND DIRECTION     W (270)
  HIGHEST GUST SPEED    35   HIGHEST GUST DIRECTION    NW (300)
  AVERAGE WIND SPEED    11.6


SKY COVER
  AVERAGE SKY COVER 1.0


WEATHER CONDITIONS
 THE FOLLOWING WEATHER WAS RECORDED YESTERDAY.
  NO SIGNIFICANT WEATHER WAS OBSERVED.


RELATIVE HUMIDITY (PERCENT)
 HIGHEST    82           600 AM
 LOWEST     64           100 AM
 AVERAGE    73

..........................................................


THE WEST PLAINS MO CLIMATE NORMALS FOR TODAY
                         NORMAL    RECORD    YEAR
 MAXIMUM TEMPERATURE (F)   46        70      1962
 MINIMUM TEMPERATURE (F)   25        -5      1989


SUNRISE AND SUNSET
DECEMBER 17 2014......SUNRISE   715 AM CST   SUNSET   453 PM CST
DECEMBER 18 2014......SUNRISE   715 AM CST   SUNSET   453 PM CST


-  INDICATES NEGATIVE NUMBERS.
R  INDICATES RECORD WAS SET OR TIED.
MM INDICATES DATA IS MISSING.
T  INDICATES TRACE AMOUNT.




$$
