748
CDUS43 KSGF 150630
CLIUNO


CLIMATE REPORT
NATIONAL WEATHER SERVICE SPRINGFIELD MO
130 AM CDT TUE AUG 15 2017


...................................

...THE WEST PLAINS MO CLIMATE SUMMARY FOR AUGUST 14 2017...

CLIMATE NORMAL PERIOD 1981 TO 2010
CLIMATE RECORD PERIOD 1947 TO 2017


WEATHER ITEM   OBSERVED TIME   RECORD YEAR NORMAL DEPARTURE LAST
                VALUE   (LST)  VALUE       VALUE  FROM      YEAR
                                                  NORMAL
..................................................................
TEMPERATURE (F)
 YESTERDAY
  MAXIMUM         79    245 PM 103    1954  90    -11       70
  MINIMUM         67    619 AM  48    2004  65      2       65
  AVERAGE         73                        78     -5       68

PRECIPITATION (IN)
  YESTERDAY        0.02          2.36 1968   0.09  -0.07     1.17
  MONTH TO DATE    1.60                      1.40   0.20     2.79
  SINCE JUN 1      5.60                      8.97  -3.37    16.54
  SINCE JAN 1     41.01                     28.24  12.77    31.28

DEGREE DAYS
 HEATING
  YESTERDAY        0                         0      0        0
  MONTH TO DATE    1                         0      1        0
  SINCE JUN 1      1                         5     -4        0
  SINCE JUL 1      1                         0      1        0

 COOLING
  YESTERDAY        8                        13     -5        3
  MONTH TO DATE  117                       182    -65      199
  SINCE JUN 1    818                       853    -35     1004
  SINCE JAN 1    940                       975    -35     1097
..................................................................


WIND (MPH)
  HIGHEST WIND SPEED     8   HIGHEST WIND DIRECTION    SW (210)
  HIGHEST GUST SPEED    11   HIGHEST GUST DIRECTION    SW (230)
  AVERAGE WIND SPEED     2.9


SKY COVER
  AVERAGE SKY COVER 0.7


WEATHER CONDITIONS
 THE FOLLOWING WEATHER WAS RECORDED YESTERDAY.
  LIGHT RAIN
  FOG
  FOG W/VISIBILITY <= 1/4 MILE


RELATIVE HUMIDITY (PERCENT)
 HIGHEST    97           900 PM
 LOWEST     74          1100 AM
 AVERAGE    86

..........................................................


THE WEST PLAINS MO CLIMATE NORMALS FOR TODAY
                         NORMAL    RECORD    YEAR
 MAXIMUM TEMPERATURE (F)   90       105      1954
 MINIMUM TEMPERATURE (F)   65        50      2013


SUNRISE AND SUNSET
AUGUST 15 2017........SUNRISE   625 AM CDT   SUNSET   759 PM CDT
AUGUST 16 2017........SUNRISE   626 AM CDT   SUNSET   757 PM CDT


-  INDICATES NEGATIVE NUMBERS.
R  INDICATES RECORD WAS SET OR TIED.
MM INDICATES DATA IS MISSING.
T  INDICATES TRACE AMOUNT.




$$
