000
CDUS43 KSGF 110636
CLIUNO


CLIMATE REPORT
NATIONAL WEATHER SERVICE SPRINGFIELD MO
135 AM CDT WED OCT 11 2017


...................................

...THE WEST PLAINS MO CLIMATE SUMMARY FOR OCTOBER 10 2017...

CLIMATE NORMAL PERIOD 1981 TO 2010
CLIMATE RECORD PERIOD 1947 TO 2017


WEATHER ITEM   OBSERVED TIME   RECORD YEAR NORMAL DEPARTURE LAST
                VALUE   (LST)  VALUE       VALUE  FROM      YEAR
                                                  NORMAL
..................................................................
TEMPERATURE (F)
 YESTERDAY
  MAXIMUM         80   1156 AM  92    1963  72      8       72
  MINIMUM         49   1159 PM  27    2000  47      2       44
  AVERAGE         65                        59      6       58

PRECIPITATION (IN)
  YESTERDAY        T             3.50 1999   0.11  -0.11     0.00
  MONTH TO DATE    0.57                      1.19  -0.62     0.53
  SINCE SEP 1      1.08                      5.28  -4.20     1.88
  SINCE JAN 1     43.27                     35.35   7.92    34.00

DEGREE DAYS
 HEATING
  YESTERDAY        0                         7     -7        7
  MONTH TO DATE    0                        58    -58       33
  SINCE SEP 1      5                        99    -94       43
  SINCE JUL 1      6                       100    -94       43

 COOLING
  YESTERDAY        0                         1     -1        0
  MONTH TO DATE   57                        14     43       13
  SINCE SEP 1    266                       170     96      239
  SINCE JAN 1   1367                      1342     25     1528
..................................................................


WIND (MPH)
  HIGHEST WIND SPEED    22   HIGHEST WIND DIRECTION     W (280)
  HIGHEST GUST SPEED    31   HIGHEST GUST DIRECTION     W (250)
  AVERAGE WIND SPEED     8.5


SKY COVER
  AVERAGE SKY COVER 0.8


WEATHER CONDITIONS
 THE FOLLOWING WEATHER WAS RECORDED YESTERDAY.
  FOG
  FOG W/VISIBILITY <= 1/4 MILE


RELATIVE HUMIDITY (PERCENT)
 HIGHEST   100          1200 AM
 LOWEST     58           100 PM
 AVERAGE    79

..........................................................


THE WEST PLAINS MO CLIMATE NORMALS FOR TODAY
                         NORMAL    RECORD    YEAR
 MAXIMUM TEMPERATURE (F)   71        93      1963
 MINIMUM TEMPERATURE (F)   46        29      1964


SUNRISE AND SUNSET
OCTOBER 11 2017.......SUNRISE   712 AM CDT   SUNSET   636 PM CDT
OCTOBER 12 2017.......SUNRISE   713 AM CDT   SUNSET   635 PM CDT


-  INDICATES NEGATIVE NUMBERS.
R  INDICATES RECORD WAS SET OR TIED.
MM INDICATES DATA IS MISSING.
T  INDICATES TRACE AMOUNT.




$$
