000
CDUS43 KSGF 230637
CLIUNO


CLIMATE REPORT
NATIONAL WEATHER SERVICE SPRINGFIELD MO
1237 AM CST MON FEB 23 2015


...................................

...THE WEST PLAINS MO CLIMATE SUMMARY FOR FEBRUARY 22 2015...

CLIMATE NORMAL PERIOD 1981 TO 2010
CLIMATE RECORD PERIOD 1947 TO 2015


WEATHER ITEM   OBSERVED TIME   RECORD YEAR NORMAL DEPARTURE LAST
                VALUE   (LST)  VALUE       VALUE  FROM      YEAR
                                                  NORMAL
..................................................................
TEMPERATURE (F)
 YESTERDAY
  MAXIMUM         34    135 AM  74    1988  51    -17       67
  MINIMUM         19   1159 PM   0    1963  28     -9       27
  AVERAGE         27                        40    -13       47

PRECIPITATION (IN)
  YESTERDAY        0.00          2.73 1975   0.10  -0.10     0.00
  MONTH TO DATE    2.36                      2.22   0.14     0.25
  SINCE DEC 1      7.35                      8.58  -1.23     4.16
  SINCE JAN 1      4.38                      4.94  -0.56     1.85

DEGREE DAYS
 HEATING
  YESTERDAY       38                        25     13       18
  MONTH TO DATE  763                       615    148      742
  SINCE DEC 1   2533                      2467     66     2690
  SINCE JUL 1   3545                      3319    226     3602

 COOLING
  YESTERDAY        0                         0      0        0
  MONTH TO DATE    0                         0      0        0
  SINCE DEC 1      0                         0      0        0
  SINCE JAN 1      0                         0      0        0
..................................................................


WIND (MPH)
  HIGHEST WIND SPEED    18   HIGHEST WIND DIRECTION     N (20)
  HIGHEST GUST SPEED    27   HIGHEST GUST DIRECTION     N (20)
  AVERAGE WIND SPEED    11.1


SKY COVER
  AVERAGE SKY COVER 0.8


WEATHER CONDITIONS
 THE FOLLOWING WEATHER WAS RECORDED YESTERDAY.
  FOG
  HAZE


RELATIVE HUMIDITY (PERCENT)
 HIGHEST    96          1200 AM
 LOWEST     46           500 PM
 AVERAGE    71

..........................................................


THE WEST PLAINS MO CLIMATE NORMALS FOR TODAY
                         NORMAL    RECORD    YEAR
 MAXIMUM TEMPERATURE (F)   52        82      1982
 MINIMUM TEMPERATURE (F)   28         6      1989


SUNRISE AND SUNSET
FEBRUARY 23 2015......SUNRISE   647 AM CST   SUNSET   556 PM CST
FEBRUARY 24 2015......SUNRISE   645 AM CST   SUNSET   557 PM CST


-  INDICATES NEGATIVE NUMBERS.
R  INDICATES RECORD WAS SET OR TIED.
MM INDICATES DATA IS MISSING.
T  INDICATES TRACE AMOUNT.




$$
