000
CDUS43 KSGF 210628
CLIUNO


CLIMATE REPORT
NATIONAL WEATHER SERVICE SPRINGFIELD MO
1228 AM CST FRI NOV 21 2014


...................................

...THE WEST PLAINS MO CLIMATE SUMMARY FOR NOVEMBER 20 2014...

CLIMATE NORMAL PERIOD 1981 TO 2010
CLIMATE RECORD PERIOD 1947 TO 2014


WEATHER ITEM   OBSERVED TIME   RECORD YEAR NORMAL DEPARTURE LAST
                VALUE   (LST)  VALUE       VALUE  FROM      YEAR
                                                  NORMAL
..................................................................
TEMPERATURE (F)
 YESTERDAY
  MAXIMUM         50    236 PM  75    1982  55     -5       56
  MINIMUM         19    706 AM  16    1951  35    -16       35
  AVERAGE         35                        45    -10       46

PRECIPITATION (IN)
  YESTERDAY        0.00          1.90 1956   0.16  -0.16      T
  MONTH TO DATE    0.76                      3.01  -2.25     1.48
  SINCE SEP 1     10.25                     10.94  -0.69     6.64
  SINCE JAN 1     31.87                     41.01  -9.14    48.87

DEGREE DAYS
 HEATING
  YESTERDAY       30                        20     10       19
  MONTH TO DATE  532                       325    207      344
  SINCE SEP 1    802                       627    175      613
  SINCE JUL 1    804                       628    176      617

 COOLING
  YESTERDAY        0                         0      0        0
  MONTH TO DATE    0                         0      0        0
  SINCE SEP 1    176                       180     -4      231
  SINCE JAN 1   1231                      1352   -121     1073
..................................................................


WIND (MPH)
  HIGHEST WIND SPEED     8   HIGHEST WIND DIRECTION    SE (120)
  HIGHEST GUST SPEED    12   HIGHEST GUST DIRECTION    SE (120)
  AVERAGE WIND SPEED     2.8


SKY COVER
  AVERAGE SKY COVER 0.1


WEATHER CONDITIONS
 THE FOLLOWING WEATHER WAS RECORDED YESTERDAY.
  NO SIGNIFICANT WEATHER WAS OBSERVED.


RELATIVE HUMIDITY (PERCENT)
 HIGHEST    84           500 AM
 LOWEST     31           200 PM
 AVERAGE    58

..........................................................


THE WEST PLAINS MO CLIMATE NORMALS FOR TODAY
                         NORMAL    RECORD    YEAR
 MAXIMUM TEMPERATURE (F)   54        77      1989
 MINIMUM TEMPERATURE (F)   35        10      1964


SUNRISE AND SUNSET
NOVEMBER 21 2014......SUNRISE   652 AM CST   SUNSET   455 PM CST
NOVEMBER 22 2014......SUNRISE   653 AM CST   SUNSET   454 PM CST


-  INDICATES NEGATIVE NUMBERS.
R  INDICATES RECORD WAS SET OR TIED.
MM INDICATES DATA IS MISSING.
T  INDICATES TRACE AMOUNT.




$$
