000
CDUS43 KSGF 022328
CLIUNO


CLIMATE REPORT
NATIONAL WEATHER SERVICE SPRINGFIELD MO
527 PM CST FRI DEC 2 2016


...................................

...THE WEST PLAINS MO CLIMATE SUMMARY FOR DECEMBER 2 2016...
VALID TODAY AS OF 0500 PM LOCAL TIME.

CLIMATE NORMAL PERIOD 1981 TO 2010
CLIMATE RECORD PERIOD 1947 TO 2016


WEATHER ITEM   OBSERVED TIME   RECORD YEAR NORMAL DEPARTURE LAST
                VALUE   (LST)  VALUE       VALUE  FROM      YEAR
                                                  NORMAL
..................................................................
TEMPERATURE (F)
 TODAY
  MAXIMUM         57    214 PM  73    2012  50      7       46
  MINIMUM         28    647 AM   6    1985  30     -2       33
  AVERAGE         43                        40      3       40

PRECIPITATION (IN)
  TODAY            0.00          2.81 1982   0.16  -0.16     0.00
  MONTH TO DATE    0.00                      0.33  -0.33     0.00
  SINCE DEC 1      0.00                      0.33  -0.33     0.00
  SINCE JAN 1     36.24                     42.91  -6.67    48.81

DEGREE DAYS
 HEATING
  TODAY           22                        25     -3       25
  MONTH TO DATE   47                        50     -3       48
  SINCE DEC 1     47                        50     -3       48
  SINCE JUL 1    567                       902   -335      683

 COOLING
  TODAY            0                         0      0        0
  MONTH TO DATE    0                         0      0        0
  SINCE DEC 1      0                         0      0        0
  SINCE JAN 1   1604                      1354    250     1366
..................................................................


WIND (MPH)
  HIGHEST WIND SPEED     8   HIGHEST WIND DIRECTION    NE (50)
  HIGHEST GUST SPEED    10   HIGHEST GUST DIRECTION    NE (50)


SKY COVER
  AVERAGE SKY COVER 0.2


WEATHER CONDITIONS
 THE FOLLOWING WEATHER WAS RECORDED TODAY.
  NO SIGNIFICANT WEATHER WAS OBSERVED.


RELATIVE HUMIDITY (PERCENT)
 HIGHEST    85           500 AM
 LOWEST     32           200 PM
 AVERAGE    59

..........................................................


THE WEST PLAINS MO CLIMATE NORMALS FOR TOMORROW
                         NORMAL    RECORD    YEAR
 MAXIMUM TEMPERATURE (F)   49        77      1970
 MINIMUM TEMPERATURE (F)   30        13      1985


SUNRISE AND SUNSET
DECEMBER  2 2016......SUNRISE   703 AM CST   SUNSET   451 PM CST
DECEMBER  3 2016......SUNRISE   704 AM CST   SUNSET   451 PM CST


-  INDICATES NEGATIVE NUMBERS.
R  INDICATES RECORD WAS SET OR TIED.
MM INDICATES DATA IS MISSING.
T  INDICATES TRACE AMOUNT.




$$
