000
CDUS43 KSGF 130628
CLIUNO


CLIMATE REPORT
NATIONAL WEATHER SERVICE SPRINGFIELD MO
1227 AM CST WED DEC 13 2017


...................................

...THE WEST PLAINS MO CLIMATE SUMMARY FOR DECEMBER 12 2017...

CLIMATE NORMAL PERIOD 1981 TO 2010
CLIMATE RECORD PERIOD 1947 TO 2017


WEATHER ITEM   OBSERVED TIME   RECORD YEAR NORMAL DEPARTURE LAST
                VALUE   (LST)  VALUE       VALUE  FROM      YEAR
                                                  NORMAL
..................................................................
TEMPERATURE (F)
 YESTERDAY
  MAXIMUM         46   1236 AM  71    2015  47     -1       46
  MINIMUM         25    949 PM  -3    1962  27     -2       31
  AVERAGE         36                        37     -1       39

PRECIPITATION (IN)
  YESTERDAY        0.00          0.95 2001   0.13  -0.13     0.00
  MONTH TO DATE    0.37                      1.80  -1.43     0.30
  SINCE DEC 1      0.37                      1.80  -1.43     0.30
  SINCE JAN 1     45.22                     44.38   0.84    36.54

DEGREE DAYS
 HEATING
  YESTERDAY       29                        28      1       26
  MONTH TO DATE  281                       321    -40      354
  SINCE DEC 1    281                       321    -40      354
  SINCE JUL 1    944                      1173   -229      874

 COOLING
  YESTERDAY        0                         0      0        0
  MONTH TO DATE    0                         0      0        0
  SINCE DEC 1      0                         0      0        0
  SINCE JAN 1   1389                      1354     35     1604
..................................................................


WIND (MPH)
  HIGHEST WIND SPEED    22   HIGHEST WIND DIRECTION    NW (320)
  HIGHEST GUST SPEED    33   HIGHEST GUST DIRECTION    NW (310)
  AVERAGE WIND SPEED    10.0


SKY COVER
  AVERAGE SKY COVER 0.2


WEATHER CONDITIONS
 THE FOLLOWING WEATHER WAS RECORDED YESTERDAY.
  NO SIGNIFICANT WEATHER WAS OBSERVED.


RELATIVE HUMIDITY (PERCENT)
 HIGHEST    69           600 AM
 LOWEST     21           400 PM
 AVERAGE    45

..........................................................


THE WEST PLAINS MO CLIMATE NORMALS FOR TODAY
                         NORMAL    RECORD    YEAR
 MAXIMUM TEMPERATURE (F)   47        72      1948
 MINIMUM TEMPERATURE (F)   26         5      1961
                                             1962


SUNRISE AND SUNSET
DECEMBER 13 2017......SUNRISE   712 AM CST   SUNSET   452 PM CST
DECEMBER 14 2017......SUNRISE   713 AM CST   SUNSET   452 PM CST


-  INDICATES NEGATIVE NUMBERS.
R  INDICATES RECORD WAS SET OR TIED.
MM INDICATES DATA IS MISSING.
T  INDICATES TRACE AMOUNT.




$$
