000
CDUS43 KSGF 180629
CLIUNO


CLIMATE REPORT
NATIONAL WEATHER SERVICE SPRINGFIELD MO
129 AM CDT MON AUG 18 2014


...................................

...THE WEST PLAINS MO CLIMATE SUMMARY FOR AUGUST 17 2014...

CLIMATE NORMAL PERIOD 1981 TO 2010
CLIMATE RECORD PERIOD 1947 TO 2014


WEATHER ITEM   OBSERVED TIME   RECORD YEAR NORMAL DEPARTURE LAST
                VALUE   (LST)  VALUE       VALUE  FROM      YEAR
                                                  NORMAL
..................................................................
TEMPERATURE (F)
 YESTERDAY
  MAXIMUM         89    213 PM 105    1954  90     -1       78
  MINIMUM         68   1159 PM  52    1994  65      3       58
                                      2004
  AVERAGE         79                        78      1       68

PRECIPITATION (IN)
  YESTERDAY        0.00          3.45 1950   0.12  -0.12     0.01
  MONTH TO DATE    2.75                      1.72   1.03    10.62
  SINCE JUN 1      9.61                      9.29   0.32    20.41
  SINCE JAN 1     21.59                     28.56  -6.97    42.23

DEGREE DAYS
 HEATING
  YESTERDAY        0                         0      0        0
  MONTH TO DATE    0                         0      0        4
  SINCE JUN 1      4                         5     -1       13
  SINCE JUL 1      2                         0      2        4

 COOLING
  YESTERDAY       14                        13      1        3
  MONTH TO DATE  179                       221    -42      130
  SINCE JUN 1    678                       892   -214      552
  SINCE JAN 1    828                      1014   -186      664
..................................................................


WIND (MPH)
  HIGHEST WIND SPEED    13   HIGHEST WIND DIRECTION     N (10)
  HIGHEST GUST SPEED    17   HIGHEST GUST DIRECTION    NW (320)
  AVERAGE WIND SPEED     6.0


SKY COVER
  AVERAGE SKY COVER 0.1


WEATHER CONDITIONS
 THE FOLLOWING WEATHER WAS RECORDED YESTERDAY.
  FOG


RELATIVE HUMIDITY (PERCENT)
 HIGHEST    93           400 AM
 LOWEST     53           100 PM
 AVERAGE    73

..........................................................


THE WEST PLAINS MO CLIMATE NORMALS FOR TODAY
                         NORMAL    RECORD    YEAR
 MAXIMUM TEMPERATURE (F)   90       103      2000
 MINIMUM TEMPERATURE (F)   65        52      2012
                                             1994


SUNRISE AND SUNSET
AUGUST 18 2014........SUNRISE   627 AM CDT   SUNSET   755 PM CDT
AUGUST 19 2014........SUNRISE   628 AM CDT   SUNSET   754 PM CDT


-  INDICATES NEGATIVE NUMBERS.
R  INDICATES RECORD WAS SET OR TIED.
MM INDICATES DATA IS MISSING.
T  INDICATES TRACE AMOUNT.




$$
