000
CDUS43 KSGF 240625
CLIUNO


CLIMATE REPORT
NATIONAL WEATHER SERVICE SPRINGFIELD MO
125 AM CDT TUE MAR 24 2015


...................................

...THE WEST PLAINS MO CLIMATE SUMMARY FOR MARCH 23 2015...

CLIMATE NORMAL PERIOD 1981 TO 2010
CLIMATE RECORD PERIOD 1947 TO 2015


WEATHER ITEM   OBSERVED TIME   RECORD YEAR NORMAL DEPARTURE LAST
                VALUE   (LST)  VALUE       VALUE  FROM      YEAR
                                                  NORMAL
..................................................................
TEMPERATURE (F)
 YESTERDAY
  MAXIMUM         73    407 PM  80    1967  62     11       50
  MINIMUM         39    444 AM  16    1974  38      1       29
  AVERAGE         56                        50      6       40

PRECIPITATION (IN)
  YESTERDAY        0.00          2.81 1969   0.14  -0.14     0.00
  MONTH TO DATE    2.29                      3.01  -0.72     2.68
  SINCE MAR 1      2.29                      3.01  -0.72     2.68
  SINCE JAN 1      6.97                      8.57  -1.60     4.53

DEGREE DAYS
 HEATING
  YESTERDAY        9                        15     -6       25
  MONTH TO DATE  443                       437      6      539
  SINCE MAR 1    443                       437      6      539
  SINCE JUL 1   4240                      3901    339     4337

 COOLING
  YESTERDAY        0                         0      0        0
  MONTH TO DATE    0                         0      0        0
  SINCE MAR 1      0                         0      0        0
  SINCE JAN 1      0                         0      0        0
..................................................................


WIND (MPH)
  HIGHEST WIND SPEED    20   HIGHEST WIND DIRECTION    SW (230)
  HIGHEST GUST SPEED    25   HIGHEST GUST DIRECTION    SW (230)
  AVERAGE WIND SPEED     6.3


SKY COVER
  AVERAGE SKY COVER 0.1


WEATHER CONDITIONS
 THE FOLLOWING WEATHER WAS RECORDED YESTERDAY.
  NO SIGNIFICANT WEATHER WAS OBSERVED.


RELATIVE HUMIDITY (PERCENT)
 HIGHEST    83           300 AM
 LOWEST     33          1200 PM
 AVERAGE    58

..........................................................


THE WEST PLAINS MO CLIMATE NORMALS FOR TODAY
                         NORMAL    RECORD    YEAR
 MAXIMUM TEMPERATURE (F)   63        82      1967
 MINIMUM TEMPERATURE (F)   38        14      1974


SUNRISE AND SUNSET
MARCH 24 2015.........SUNRISE   706 AM CDT   SUNSET   723 PM CDT
MARCH 25 2015.........SUNRISE   704 AM CDT   SUNSET   724 PM CDT


-  INDICATES NEGATIVE NUMBERS.
R  INDICATES RECORD WAS SET OR TIED.
MM INDICATES DATA IS MISSING.
T  INDICATES TRACE AMOUNT.




$$
