000
CDUS43 KSGF 142231
CLIUNO


CLIMATE REPORT
NATIONAL WEATHER SERVICE SPRINGFIELD MO
531 PM CDT THU SEP 14 2017


...................................

...THE WEST PLAINS MO CLIMATE SUMMARY FOR SEPTEMBER 14 2017...
VALID TODAY AS OF 0500 PM LOCAL TIME.

CLIMATE NORMAL PERIOD 1981 TO 2010
CLIMATE RECORD PERIOD 1947 TO 2017


WEATHER ITEM   OBSERVED TIME   RECORD YEAR NORMAL DEPARTURE LAST
                VALUE   (LST)  VALUE       VALUE  FROM      YEAR
                                                  NORMAL
..................................................................
TEMPERATURE (F)
 TODAY
  MAXIMUM         88    251 PM  99    1954  81      7       84
  MINIMUM         53    525 AM  45    2014  58     -5       66
                                      1999
  AVERAGE         71                        70      1       75

PRECIPITATION (IN)
  TODAY            0.00          1.95 2008   0.13  -0.13     0.00
  MONTH TO DATE    0.06                      2.05  -1.99     1.26
  SINCE SEP 1      0.06                      2.05  -1.99     1.26
  SINCE JAN 1     42.25                     32.12  10.13    33.38

DEGREE DAYS
 HEATING
  TODAY            0                         1     -1        0
  MONTH TO DATE    5                         2      3        0
  SINCE SEP 1      5                         2      3        0
  SINCE JUL 1      6                         3      3        0

 COOLING
  TODAY            6                         5      1       10
  MONTH TO DATE   61                       105    -44      122
  SINCE SEP 1     61                       105    -44      122
  SINCE JAN 1   1162                      1277   -115     1411
..................................................................


WIND (MPH)
  HIGHEST WIND SPEED    10   HIGHEST WIND DIRECTION    SW (220)
  HIGHEST GUST SPEED    14   HIGHEST GUST DIRECTION    SW (220)


SKY COVER
  AVERAGE SKY COVER 0.1


WEATHER CONDITIONS
 THE FOLLOWING WEATHER WAS RECORDED TODAY.
  FOG
  HAZE


RELATIVE HUMIDITY (PERCENT)
 HIGHEST   100           300 AM
 LOWEST     22           200 PM
 AVERAGE    61

..........................................................


THE WEST PLAINS MO CLIMATE NORMALS FOR TOMORROW
                         NORMAL    RECORD    YEAR
 MAXIMUM TEMPERATURE (F)   81        98      1954
 MINIMUM TEMPERATURE (F)   57        41      1961


SUNRISE AND SUNSET
SEPTEMBER 14 2017.....SUNRISE   649 AM CDT   SUNSET   716 PM CDT
SEPTEMBER 15 2017.....SUNRISE   650 AM CDT   SUNSET   715 PM CDT


-  INDICATES NEGATIVE NUMBERS.
R  INDICATES RECORD WAS SET OR TIED.
MM INDICATES DATA IS MISSING.
T  INDICATES TRACE AMOUNT.




$$
