000
CDUS43 KSGF 190806
CLIUNO


CLIMATE REPORT
NATIONAL WEATHER SERVICE SPRINGFIELD MO
306 AM CDT SUN MAR 19 2017


...................................

...THE WEST PLAINS MO CLIMATE SUMMARY FOR MARCH 18 2017...

CLIMATE NORMAL PERIOD 1981 TO 2010
CLIMATE RECORD PERIOD 1947 TO 2017


WEATHER ITEM   OBSERVED TIME   RECORD YEAR NORMAL DEPARTURE LAST
                VALUE   (LST)  VALUE       VALUE  FROM      YEAR
                                                  NORMAL
..................................................................
TEMPERATURE (F)
 YESTERDAY
  MAXIMUM         71    356 PM  82    1982  60     11       56
  MINIMUM         43   1045 PM  12    1958  36      7       34
  AVERAGE         57                        48      9       45

PRECIPITATION (IN)
  YESTERDAY        0.00          5.69 2008   0.13  -0.13     0.01
  MONTH TO DATE    2.56                      2.32   0.24     2.38
  SINCE MAR 1      2.56                      2.32   0.24     2.38
  SINCE JAN 1      7.19                      7.88  -0.69     5.02

DEGREE DAYS
 HEATING
  YESTERDAY        8                        17     -9       20
  MONTH TO DATE  342                       359    -17      209
  SINCE MAR 1    342                       359    -17      209
  SINCE JUL 1   2991                      3823   -832     3042

 COOLING
  YESTERDAY        0                         0      0        0
  MONTH TO DATE    0                         0      0        4
  SINCE MAR 1      0                         0      0        4
  SINCE JAN 1      1                         0      1        4
..................................................................


WIND (MPH)
  HIGHEST WIND SPEED    20   HIGHEST WIND DIRECTION    NW (320)
  HIGHEST GUST SPEED    26   HIGHEST GUST DIRECTION    NW (320)
  AVERAGE WIND SPEED     7.9


SKY COVER
  AVERAGE SKY COVER 0.0


WEATHER CONDITIONS
 THE FOLLOWING WEATHER WAS RECORDED YESTERDAY.
  FOG
  FOG W/VISIBILITY <= 1/4 MILE


RELATIVE HUMIDITY (PERCENT)
 HIGHEST   100          1200 AM
 LOWEST     14           100 PM
 AVERAGE    57

..........................................................


THE WEST PLAINS MO CLIMATE NORMALS FOR TODAY
                         NORMAL    RECORD    YEAR
 MAXIMUM TEMPERATURE (F)   61        81      1969
 MINIMUM TEMPERATURE (F)   37        12      1965


SUNRISE AND SUNSET
MARCH 19 2017.........SUNRISE   712 AM CDT   SUNSET   719 PM CDT
MARCH 20 2017.........SUNRISE   711 AM CDT   SUNSET   720 PM CDT


-  INDICATES NEGATIVE NUMBERS.
R  INDICATES RECORD WAS SET OR TIED.
MM INDICATES DATA IS MISSING.
T  INDICATES TRACE AMOUNT.




$$
