000
CDUS43 KSGF 020626
CLIUNO


CLIMATE REPORT
NATIONAL WEATHER SERVICE SPRINGFIELD MO
126 AM CDT THU JUL 2 2015


...................................

...THE WEST PLAINS MO CLIMATE SUMMARY FOR JULY 1 2015...

CLIMATE NORMAL PERIOD 1981 TO 2010
CLIMATE RECORD PERIOD 1947 TO 2015


WEATHER ITEM   OBSERVED TIME   RECORD YEAR NORMAL DEPARTURE LAST
                VALUE   (LST)  VALUE       VALUE  FROM      YEAR
                                                  NORMAL
..................................................................
TEMPERATURE (F)
 YESTERDAY
  MAXIMUM         80    544 PM 100    2012  88     -8       86
  MINIMUM         68   1103 AM  53    1976  66      2       70
  AVERAGE         74                        77     -3       78

PRECIPITATION (IN)
  YESTERDAY        0.68          1.98 1988   0.09   0.59     0.28
  MONTH TO DATE    0.68                      0.09   0.59     0.28
  SINCE JUN 1      6.40                      4.11   2.29     5.51
  SINCE JAN 1     24.01                     23.38   0.63    17.49

DEGREE DAYS
 HEATING
  YESTERDAY        0                         0      0        0
  MONTH TO DATE    0                         0      0        0
  SINCE JUN 1      5                         5      0        2
  SINCE JUL 1      0                         0      0        0

 COOLING
  YESTERDAY        9                        12     -3       13
  MONTH TO DATE    9                        12     -3       13
  SINCE JUN 1    324                       278     46      278
  SINCE JAN 1    446                       400     46      428
..................................................................


WIND (MPH)
  HIGHEST WIND SPEED    16   HIGHEST WIND DIRECTION     N (10)
  HIGHEST GUST SPEED    21   HIGHEST GUST DIRECTION     N (10)
  AVERAGE WIND SPEED     6.4


SKY COVER
  AVERAGE SKY COVER 0.4


WEATHER CONDITIONS
 THE FOLLOWING WEATHER WAS RECORDED YESTERDAY.
  THUNDERSTORM
  RAIN
  LIGHT RAIN
  FOG


RELATIVE HUMIDITY (PERCENT)
 HIGHEST    94           800 PM
 LOWEST     74          1200 AM
 AVERAGE    84

..........................................................


THE WEST PLAINS MO CLIMATE NORMALS FOR TODAY
                         NORMAL    RECORD    YEAR
 MAXIMUM TEMPERATURE (F)   88       101      1952
 MINIMUM TEMPERATURE (F)   67        51      1948


SUNRISE AND SUNSET
JULY  2 2015..........SUNRISE   552 AM CDT   SUNSET   831 PM CDT
JULY  3 2015..........SUNRISE   553 AM CDT   SUNSET   831 PM CDT


-  INDICATES NEGATIVE NUMBERS.
R  INDICATES RECORD WAS SET OR TIED.
MM INDICATES DATA IS MISSING.
T  INDICATES TRACE AMOUNT.




$$
