000
CDUS43 KSGF 130626
CLIUNO


CLIMATE REPORT
NATIONAL WEATHER SERVICE SPRINGFIELD MO
126 AM CDT SAT SEP 13 2014


...................................

...THE WEST PLAINS MO CLIMATE SUMMARY FOR SEPTEMBER 12 2014...

CLIMATE NORMAL PERIOD 1981 TO 2010
CLIMATE RECORD PERIOD 1947 TO 2014


WEATHER ITEM   OBSERVED TIME   RECORD YEAR NORMAL DEPARTURE LAST
                VALUE   (LST)  VALUE       VALUE  FROM      YEAR
                                                  NORMAL
..................................................................
TEMPERATURE (F)
 YESTERDAY
  MAXIMUM         61    120 PM  96    1980  82    -21       93
  MINIMUM         51    923 PM  45    1959  59     -8       69
  AVERAGE         56                        70    -14       81

PRECIPITATION (IN)
  YESTERDAY        T             0.98 1951   0.16  -0.16     0.00
  MONTH TO DATE    1.16                      1.78  -0.62     0.08
  SINCE SEP 1      1.16                      1.78  -0.62     0.08
  SINCE JAN 1     22.78                     31.85  -9.07    42.31

DEGREE DAYS
 HEATING
  YESTERDAY        9                         0      9        0
  MONTH TO DATE   10                         0     10        0
  SINCE SEP 1     10                         0     10        0
  SINCE JUL 1     12                         1     11        4

 COOLING
  YESTERDAY        0                         6     -6       16
  MONTH TO DATE  101                        94      7      136
  SINCE SEP 1    101                        94      7      136
  SINCE JAN 1   1156                      1266   -110      978
..................................................................


WIND (MPH)
  HIGHEST WIND SPEED    16   HIGHEST WIND DIRECTION     N (20)
  HIGHEST GUST SPEED    22   HIGHEST GUST DIRECTION     N (20)
  AVERAGE WIND SPEED     8.8


SKY COVER
  AVERAGE SKY COVER 1.0


WEATHER CONDITIONS
 THE FOLLOWING WEATHER WAS RECORDED YESTERDAY.
  FOG


RELATIVE HUMIDITY (PERCENT)
 HIGHEST    93           500 AM
 LOWEST     72           200 PM
 AVERAGE    83

..........................................................


THE WEST PLAINS MO CLIMATE NORMALS FOR TODAY
                         NORMAL    RECORD    YEAR
 MAXIMUM TEMPERATURE (F)   82        96      1980
 MINIMUM TEMPERATURE (F)   58        42      1955
                                             1960
                                             1964


SUNRISE AND SUNSET
SEPTEMBER 13 2014.....SUNRISE   648 AM CDT   SUNSET   718 PM CDT
SEPTEMBER 14 2014.....SUNRISE   649 AM CDT   SUNSET   717 PM CDT


-  INDICATES NEGATIVE NUMBERS.
R  INDICATES RECORD WAS SET OR TIED.
MM INDICATES DATA IS MISSING.
T  INDICATES TRACE AMOUNT.




$$
