363
CDUS43 KSGF 070718
CLIUNO


CLIMATE REPORT
NATIONAL WEATHER SERVICE SPRINGFIELD MO
118 AM CST WED DEC 7 2016


...................................

...THE WEST PLAINS MO CLIMATE SUMMARY FOR DECEMBER 6 2016...

CLIMATE NORMAL PERIOD 1981 TO 2010
CLIMATE RECORD PERIOD 1947 TO 2016


WEATHER ITEM   OBSERVED TIME   RECORD YEAR NORMAL DEPARTURE LAST
                VALUE   (LST)  VALUE       VALUE  FROM      YEAR
                                                  NORMAL
..................................................................
TEMPERATURE (F)
 YESTERDAY
  MAXIMUM         45   1018 AM  73    1998  48     -3       54
  MINIMUM         34   1159 PM   5    1984  28      6       32
  AVERAGE         40                        38      2       43

PRECIPITATION (IN)
  YESTERDAY        0.05          1.63 1971   0.16  -0.11     0.00
  MONTH TO DATE    0.24                      0.95  -0.71     0.00
  SINCE DEC 1      0.24                      0.95  -0.71     0.00
  SINCE JAN 1     36.48                     43.53  -7.05    48.81

DEGREE DAYS
 HEATING
  YESTERDAY       25                        27     -2       22
  MONTH TO DATE  152                       155     -3      149
  SINCE DEC 1    152                       155     -3      149
  SINCE JUL 1    672                      1007   -335      784

 COOLING
  YESTERDAY        0                         0      0        0
  MONTH TO DATE    0                         0      0        0
  SINCE DEC 1      0                         0      0        0
  SINCE JAN 1   1604                      1354    250     1366
..................................................................


WIND (MPH)
  HIGHEST WIND SPEED    18   HIGHEST WIND DIRECTION     N (340)
  HIGHEST GUST SPEED    26   HIGHEST GUST DIRECTION     N (360)
  AVERAGE WIND SPEED     7.4


SKY COVER
  AVERAGE SKY COVER 0.6


WEATHER CONDITIONS
 THE FOLLOWING WEATHER WAS RECORDED YESTERDAY.
  LIGHT RAIN
  FOG


RELATIVE HUMIDITY (PERCENT)
 HIGHEST    92           100 AM
 LOWEST     52          1100 PM
 AVERAGE    72

..........................................................


THE WEST PLAINS MO CLIMATE NORMALS FOR TODAY
                         NORMAL    RECORD    YEAR
 MAXIMUM TEMPERATURE (F)   48        73      1966
 MINIMUM TEMPERATURE (F)   28         0      1950


SUNRISE AND SUNSET
DECEMBER  7 2016......SUNRISE   708 AM CST   SUNSET   451 PM CST
DECEMBER  8 2016......SUNRISE   708 AM CST   SUNSET   451 PM CST


-  INDICATES NEGATIVE NUMBERS.
R  INDICATES RECORD WAS SET OR TIED.
MM INDICATES DATA IS MISSING.
T  INDICATES TRACE AMOUNT.




$$
