000
CDUS43 KSGF 170626
CLIUNO


CLIMATE REPORT
NATIONAL WEATHER SERVICE SPRINGFIELD MO
1226 AM CST SAT FEB 17 2018


...................................

...THE WEST PLAINS MO CLIMATE SUMMARY FOR FEBRUARY 16 2018...

CLIMATE NORMAL PERIOD 1981 TO 2010
CLIMATE RECORD PERIOD 1947 TO 2018


WEATHER ITEM   OBSERVED TIME   RECORD YEAR NORMAL DEPARTURE LAST
                VALUE   (LST)  VALUE       VALUE  FROM      YEAR
                                                  NORMAL
..................................................................
TEMPERATURE (F)
 YESTERDAY
  MAXIMUM         66   1255 AM  75    1976  49     17       64
  MINIMUM         31   1001 PM  -2    1958  27      4       29
  AVERAGE         49                        38     11       47

PRECIPITATION (IN)
  YESTERDAY        0.56          1.87 1990   0.09   0.47     0.00
  MONTH TO DATE    0.65                      1.59  -0.94     0.49
  SINCE DEC 1      4.70                      7.95  -3.25     3.55
  SINCE JAN 1      2.67                      4.31  -1.64     2.53

DEGREE DAYS
 HEATING
  YESTERDAY       16                        27    -11       18
  MONTH TO DATE  462                       459      3      333
  SINCE DEC 1   2352                      2311     41     1992
  SINCE JUL 1   3015                      3163   -148     2512

 COOLING
  YESTERDAY        0                         0      0        0
  MONTH TO DATE    6                         0      6        0
  SINCE DEC 1      6                         0      6        0
  SINCE JAN 1      6                         0      6        0
..................................................................


WIND (MPH)
  HIGHEST WIND SPEED    24   HIGHEST WIND DIRECTION     N (360)
  HIGHEST GUST SPEED    37   HIGHEST GUST DIRECTION     N (350)
  AVERAGE WIND SPEED     9.1


SKY COVER
  AVERAGE SKY COVER 0.5


WEATHER CONDITIONS
 THE FOLLOWING WEATHER WAS RECORDED YESTERDAY.
  HEAVY RAIN
  RAIN
  LIGHT RAIN
  FOG


RELATIVE HUMIDITY (PERCENT)
 HIGHEST    96           300 AM
 LOWEST     53           300 PM
 AVERAGE    75

..........................................................


THE WEST PLAINS MO CLIMATE NORMALS FOR TODAY
                         NORMAL    RECORD    YEAR
 MAXIMUM TEMPERATURE (F)   50        77      1986
 MINIMUM TEMPERATURE (F)   27        -2      1958


SUNRISE AND SUNSET
FEBRUARY 17 2018......SUNRISE   654 AM CST   SUNSET   550 PM CST
FEBRUARY 18 2018......SUNRISE   652 AM CST   SUNSET   551 PM CST


-  INDICATES NEGATIVE NUMBERS.
R  INDICATES RECORD WAS SET OR TIED.
MM INDICATES DATA IS MISSING.
T  INDICATES TRACE AMOUNT.




$$
