000
CDUS43 KSGF 280628
CLIUNO


CLIMATE REPORT
NATIONAL WEATHER SERVICE SPRINGFIELD MO
1228 AM CST SAT FEB 28 2015


...................................

...THE WEST PLAINS MO CLIMATE SUMMARY FOR FEBRUARY 27 2015...

CLIMATE NORMAL PERIOD 1981 TO 2010
CLIMATE RECORD PERIOD 1947 TO 2015


WEATHER ITEM   OBSERVED TIME   RECORD YEAR NORMAL DEPARTURE LAST
                VALUE   (LST)  VALUE       VALUE  FROM      YEAR
                                                  NORMAL
..................................................................
TEMPERATURE (F)
 YESTERDAY
  MAXIMUM         21    756 PM  77    1976  53    -32       46
  MINIMUM          5R   652 AM  12    2002  30    -25       18
  AVERAGE         13                        41    -28       32

PRECIPITATION (IN)
  YESTERDAY        0.00          1.71 1997   0.10  -0.10     0.00
  MONTH TO DATE    2.36                      2.74  -0.38     0.25
  SINCE DEC 1      7.35                      9.10  -1.75     4.16
  SINCE JAN 1      4.38                      5.46  -1.08     1.85

DEGREE DAYS
 HEATING
  YESTERDAY       52                        24     28       33
  MONTH TO DATE  973                       737    236      907
  SINCE DEC 1   2743                      2589    154     2855
  SINCE JUL 1   3755                      3441    314     3767

 COOLING
  YESTERDAY        0                         0      0        0
  MONTH TO DATE    0                         0      0        0
  SINCE DEC 1      0                         0      0        0
  SINCE JAN 1      0                         0      0        0
..................................................................


WIND (MPH)
  HIGHEST WIND SPEED    13   HIGHEST WIND DIRECTION     N (20)
  HIGHEST GUST SPEED    17   HIGHEST GUST DIRECTION    NE (30)
  AVERAGE WIND SPEED     6.6


SKY COVER
  AVERAGE SKY COVER 0.4


WEATHER CONDITIONS
 THE FOLLOWING WEATHER WAS RECORDED YESTERDAY.
  NO SIGNIFICANT WEATHER WAS OBSERVED.


RELATIVE HUMIDITY (PERCENT)
 HIGHEST    69           400 AM
 LOWEST     39           300 PM
 AVERAGE    54

..........................................................


THE WEST PLAINS MO CLIMATE NORMALS FOR TODAY
                         NORMAL    RECORD    YEAR
 MAXIMUM TEMPERATURE (F)   53        77      1955
 MINIMUM TEMPERATURE (F)   30        12      2002


SUNRISE AND SUNSET
FEBRUARY 28 2015......SUNRISE   640 AM CST   SUNSET   601 PM CST
MARCH  1 2015.........SUNRISE   639 AM CST   SUNSET   602 PM CST


-  INDICATES NEGATIVE NUMBERS.
R  INDICATES RECORD WAS SET OR TIED.
MM INDICATES DATA IS MISSING.
T  INDICATES TRACE AMOUNT.




$$
