000
CDUS43 KSGF 252227
CLIUNO


CLIMATE REPORT
NATIONAL WEATHER SERVICE SPRINGFIELD MO
426 PM CST FRI NOV 25 2016


...................................

...THE WEST PLAINS MO CLIMATE SUMMARY FOR NOVEMBER 25 2016...
VALID AS OF 0400 PM LOCAL TIME.

CLIMATE NORMAL PERIOD 1981 TO 2010
CLIMATE RECORD PERIOD 1947 TO 2016


WEATHER ITEM   OBSERVED TIME   RECORD YEAR NORMAL DEPARTURE LAST
                VALUE   (LST)  VALUE       VALUE  FROM      YEAR
                                                  NORMAL
..................................................................
TEMPERATURE (F)
 TODAY
  MAXIMUM         58    223 PM  75    1990  53      5       55
  MINIMUM         42    812 AM   5    1950  33      9       43
  AVERAGE         50                        43      7       49

PRECIPITATION (IN)
  TODAY            0.00          2.46 1952   0.17  -0.17      T
  MONTH TO DATE    0.71                      3.80  -3.09     8.32
  SINCE SEP 1      4.12                     11.73  -7.61    10.54
  SINCE JAN 1     36.24                     41.80  -5.56    46.25

DEGREE DAYS
 HEATING
  TODAY           15                        22     -7       16
  MONTH TO DATE  299                       432   -133      348
  SINCE SEP 1    411                       734   -323      546
  SINCE JUL 1    411                       735   -324      546

 COOLING
  TODAY            0                         0      0        0
  MONTH TO DATE   16                         0     16        0
  SINCE SEP 1    315                       180    135      209
  SINCE JAN 1   1604                      1352    252     1366
..................................................................


WIND (MPH)
  HIGHEST WIND SPEED    13   HIGHEST WIND DIRECTION     N (360)
  HIGHEST GUST SPEED    19   HIGHEST GUST DIRECTION    NW (300)


SKY COVER
  AVERAGE SKY COVER 0.6


WEATHER CONDITIONS
 THE FOLLOWING WEATHER WAS RECORDED TODAY.
  FOG
  FOG W/VISIBILITY <= 1/4 MILE


RELATIVE HUMIDITY (PERCENT)
 HIGHEST   100           300 AM
 LOWEST     51           200 PM
 AVERAGE    76

..........................................................


THE WEST PLAINS MO CLIMATE NORMALS FOR TOMORROW
                         NORMAL    RECORD    YEAR
 MAXIMUM TEMPERATURE (F)   52        77      1965
 MINIMUM TEMPERATURE (F)   33        11      1977


SUNRISE AND SUNSET
NOVEMBER 25 2016......SUNRISE   657 AM CST   SUNSET   453 PM CST
NOVEMBER 26 2016......SUNRISE   658 AM CST   SUNSET   452 PM CST


-  INDICATES NEGATIVE NUMBERS.
R  INDICATES RECORD WAS SET OR TIED.
MM INDICATES DATA IS MISSING.
T  INDICATES TRACE AMOUNT.




$$
