000
CDUS43 KSGF 170639
CLIUNO


CLIMATE REPORT
NATIONAL WEATHER SERVICE SPRINGFIELD MO
138 AM CDT TUE OCT 17 2017


...................................

...THE WEST PLAINS MO CLIMATE SUMMARY FOR OCTOBER 16 2017...

CLIMATE NORMAL PERIOD 1981 TO 2010
CLIMATE RECORD PERIOD 1947 TO 2017


WEATHER ITEM   OBSERVED TIME   RECORD YEAR NORMAL DEPARTURE LAST
                VALUE   (LST)  VALUE       VALUE  FROM      YEAR
                                                  NORMAL
..................................................................
TEMPERATURE (F)
 YESTERDAY
  MAXIMUM         69    307 PM  88    1950  70     -1       82
  MINIMUM         40   1152 PM  27    1952  45     -5       64
  AVERAGE         55                        57     -2       73

PRECIPITATION (IN)
  YESTERDAY        0.00          3.74 2006   0.13  -0.13     0.00
  MONTH TO DATE    0.86                      1.92  -1.06     1.72
  SINCE SEP 1      1.37                      6.01  -4.64     3.07
  SINCE JAN 1     43.56                     36.08   7.48    35.19

DEGREE DAYS
 HEATING
  YESTERDAY       10                         8      2        0
  MONTH TO DATE   32                       104    -72       60
  SINCE SEP 1     37                       145   -108       70
  SINCE JUL 1     38                       146   -108       70

 COOLING
  YESTERDAY        0                         1     -1        8
  MONTH TO DATE   70                        20     50       25
  SINCE SEP 1    279                       176    103      251
  SINCE JAN 1   1380                      1348     32     1540
..................................................................


WIND (MPH)
  HIGHEST WIND SPEED    13   HIGHEST WIND DIRECTION     N (20)
  HIGHEST GUST SPEED    19   HIGHEST GUST DIRECTION     N (20)
  AVERAGE WIND SPEED     3.2


SKY COVER
  AVERAGE SKY COVER 0.0


WEATHER CONDITIONS
 THE FOLLOWING WEATHER WAS RECORDED YESTERDAY.
  NO SIGNIFICANT WEATHER WAS OBSERVED.


RELATIVE HUMIDITY (PERCENT)
 HIGHEST    89           500 AM
 LOWEST     26           200 PM
 AVERAGE    58

..........................................................


THE WEST PLAINS MO CLIMATE NORMALS FOR TODAY
                         NORMAL    RECORD    YEAR
 MAXIMUM TEMPERATURE (F)   69        88      1953
 MINIMUM TEMPERATURE (F)   45        29      1948
                                             1991
                                             2001


SUNRISE AND SUNSET
OCTOBER 17 2017.......SUNRISE   717 AM CDT   SUNSET   628 PM CDT
OCTOBER 18 2017.......SUNRISE   718 AM CDT   SUNSET   627 PM CDT


-  INDICATES NEGATIVE NUMBERS.
R  INDICATES RECORD WAS SET OR TIED.
MM INDICATES DATA IS MISSING.
T  INDICATES TRACE AMOUNT.




$$
