000
CDUS43 KSGF 292129
CLIUNO


CLIMATE REPORT
NATIONAL WEATHER SERVICE SPRINGFIELD MO
428 PM CDT FRI JUL 29 2016


...................................

...THE WEST PLAINS MO CLIMATE SUMMARY FOR JULY 29 2016...
VALID AS OF 0400 PM LOCAL TIME.

CLIMATE NORMAL PERIOD 1981 TO 2010
CLIMATE RECORD PERIOD 1947 TO 2016


WEATHER ITEM   OBSERVED TIME   RECORD YEAR NORMAL DEPARTURE LAST
                VALUE   (LST)  VALUE       VALUE  FROM      YEAR
                                                  NORMAL
..................................................................
TEMPERATURE (F)
 TODAY
  MAXIMUM         88   1231 PM 104    1999  91     -3       94
  MINIMUM         67    528 AM  55    1994  66      1       73
  AVERAGE         78                        78      0       84

PRECIPITATION (IN)
  TODAY            0.11          1.82 1963   0.10   0.01     0.00
  MONTH TO DATE    6.41                      3.36   3.05     7.86
  SINCE JUN 1     10.82                      7.38   3.44    13.58
  SINCE JAN 1     25.56                     26.65  -1.09    31.19

DEGREE DAYS
 HEATING
  TODAY            0                         0      0        0
  MONTH TO DATE    0                         0      0        0
  SINCE JUN 1      0                         5     -5        5
  SINCE JUL 1      0                         0      0        0

 COOLING
  TODAY           13                        13      0       19
  MONTH TO DATE  430                       373     57      421
  SINCE JUN 1    780                       639    141      736
  SINCE JAN 1    873                       761    112      858
..................................................................


WIND (MPH)
  HIGHEST WIND SPEED    17   HIGHEST WIND DIRECTION    SW (240)
  HIGHEST GUST SPEED    28   HIGHEST GUST DIRECTION     W (280)


SKY COVER
  AVERAGE SKY COVER 0.1


WEATHER CONDITIONS
 THE FOLLOWING WEATHER WAS RECORDED TODAY.
  THUNDERSTORM
  RAIN
  LIGHT RAIN
  FOG


RELATIVE HUMIDITY (PERCENT)
 HIGHEST    93           400 AM
 LOWEST     61          1100 AM
 AVERAGE    77

..........................................................


THE WEST PLAINS MO CLIMATE NORMALS FOR TOMORROW
                         NORMAL    RECORD    YEAR
 MAXIMUM TEMPERATURE (F)   91       107      2012
 MINIMUM TEMPERATURE (F)   66        53      1971
                                             1991


SUNRISE AND SUNSET
JULY 29 2016..........SUNRISE   611 AM CDT   SUNSET   817 PM CDT
JULY 30 2016..........SUNRISE   612 AM CDT   SUNSET   816 PM CDT


-  INDICATES NEGATIVE NUMBERS.
R  INDICATES RECORD WAS SET OR TIED.
MM INDICATES DATA IS MISSING.
T  INDICATES TRACE AMOUNT.




$$
