000
CDUS43 KSGF 180645
CLIUNO


CLIMATE REPORT
NATIONAL WEATHER SERVICE SPRINGFIELD MO
145 AM CDT THU SEP 18 2014


...................................

...THE WEST PLAINS MO CLIMATE SUMMARY FOR SEPTEMBER 17 2014...

CLIMATE NORMAL PERIOD 1981 TO 2010
CLIMATE RECORD PERIOD 1947 TO 2014


WEATHER ITEM   OBSERVED TIME   RECORD YEAR NORMAL DEPARTURE LAST
                VALUE   (LST)  VALUE       VALUE  FROM      YEAR
                                                  NORMAL
..................................................................
TEMPERATURE (F)
 YESTERDAY
  MAXIMUM         66    429 PM  97    1953  80    -14       80
  MINIMUM         59   1203 PM  39    1993  56      3       62
  AVERAGE         63                        68     -5       71

PRECIPITATION (IN)
  YESTERDAY        0.84          1.13 2011   0.11   0.73     0.16
  MONTH TO DATE    2.12                      2.41  -0.29     0.29
  SINCE SEP 1      2.12                      2.41  -0.29     0.29
  SINCE JAN 1     23.74                     32.48  -8.74    42.52

DEGREE DAYS
 HEATING
  YESTERDAY        2                         1      1        0
  MONTH TO DATE   26                         5     21        4
  SINCE SEP 1     26                         5     21        4
  SINCE JUL 1     28                         6     22        8

 COOLING
  YESTERDAY        0                         4     -4        6
  MONTH TO DATE  106                       119    -13      150
  SINCE SEP 1    106                       119    -13      150
  SINCE JAN 1   1161                      1291   -130      992
..................................................................


WIND (MPH)
  HIGHEST WIND SPEED    16   HIGHEST WIND DIRECTION     S (190)
  HIGHEST GUST SPEED    22   HIGHEST GUST DIRECTION    SW (230)
  AVERAGE WIND SPEED     6.2


SKY COVER
  AVERAGE SKY COVER 0.9


WEATHER CONDITIONS
 THE FOLLOWING WEATHER WAS RECORDED YESTERDAY.
  THUNDERSTORM
  HEAVY RAIN
  RAIN
  LIGHT RAIN
  FOG
  FOG W/VISIBILITY <= 1/4 MILE


RELATIVE HUMIDITY (PERCENT)
 HIGHEST    97          1100 PM
 LOWEST     84          1200 AM
 AVERAGE    91

..........................................................


THE WEST PLAINS MO CLIMATE NORMALS FOR TODAY
                         NORMAL    RECORD    YEAR
 MAXIMUM TEMPERATURE (F)   80        96      1972
 MINIMUM TEMPERATURE (F)   56        41      1981


SUNRISE AND SUNSET
SEPTEMBER 18 2014.....SUNRISE   652 AM CDT   SUNSET   711 PM CDT
SEPTEMBER 19 2014.....SUNRISE   653 AM CDT   SUNSET   709 PM CDT


-  INDICATES NEGATIVE NUMBERS.
R  INDICATES RECORD WAS SET OR TIED.
MM INDICATES DATA IS MISSING.
T  INDICATES TRACE AMOUNT.




$$
