000
CDUS43 KSGF 102227
CLIUNO


CLIMATE REPORT
NATIONAL WEATHER SERVICE SPRINGFIELD MO
427 PM CST FRI NOV 10 2017


...................................

...THE WEST PLAINS MO CLIMATE SUMMARY FOR NOVEMBER 10 2017...
VALID AS OF 0400 PM LOCAL TIME.

CLIMATE NORMAL PERIOD 1981 TO 2010
CLIMATE RECORD PERIOD 1947 TO 2017


WEATHER ITEM   OBSERVED TIME   RECORD YEAR NORMAL DEPARTURE LAST
                VALUE   (LST)  VALUE       VALUE  FROM      YEAR
                                                  NORMAL
..................................................................
TEMPERATURE (F)
 TODAY
  MAXIMUM         50    340 PM  76    1949  60    -10       68
  MINIMUM         30    711 AM   8    1991  39     -9       34
  AVERAGE         40                        49     -9       51

PRECIPITATION (IN)
  TODAY            0.00          1.74 1974   0.16  -0.16     0.00
  MONTH TO DATE    0.29                      1.41  -1.12     0.02
  SINCE SEP 1      2.50                      9.34  -6.84     3.43
  SINCE JAN 1     44.69                     39.41   5.28    35.55

DEGREE DAYS
 HEATING
  TODAY           25                        16      9       14
  MONTH TO DATE  124                       143    -19       71
  SINCE SEP 1    351                       445    -94      183
  SINCE JUL 1    352                       446    -94      183

 COOLING
  TODAY            0                         0      0        0
  MONTH TO DATE    6                         0      6       11
  SINCE SEP 1    288                       180    108      310
  SINCE JAN 1   1389                      1352     37     1599
..................................................................


WIND (MPH)
  HIGHEST WIND SPEED    14   HIGHEST WIND DIRECTION     E (80)
  HIGHEST GUST SPEED    18   HIGHEST GUST DIRECTION    NE (30)


SKY COVER
  AVERAGE SKY COVER 0.0


WEATHER CONDITIONS
 THE FOLLOWING WEATHER WAS RECORDED TODAY.
  NO SIGNIFICANT WEATHER WAS OBSERVED.


RELATIVE HUMIDITY (PERCENT)
 HIGHEST    70           100 AM
 LOWEST     31           200 PM
 AVERAGE    51

..........................................................


THE WEST PLAINS MO CLIMATE NORMALS FOR TOMORROW
                         NORMAL    RECORD    YEAR
 MAXIMUM TEMPERATURE (F)   59        81      1956
 MINIMUM TEMPERATURE (F)   38        12      1950


SUNRISE AND SUNSET
NOVEMBER 10 2017......SUNRISE   641 AM CST   SUNSET   502 PM CST
NOVEMBER 11 2017......SUNRISE   642 AM CST   SUNSET   501 PM CST


-  INDICATES NEGATIVE NUMBERS.
R  INDICATES RECORD WAS SET OR TIED.
MM INDICATES DATA IS MISSING.
T  INDICATES TRACE AMOUNT.




$$
