286
CDUS43 KSGF 240639
CLIUNO


CLIMATE REPORT
NATIONAL WEATHER SERVICE SPRINGFIELD MO
137 AM CDT MON APR 24 2017


...................................

...THE WEST PLAINS MO CLIMATE SUMMARY FOR APRIL 23 2017...

CLIMATE NORMAL PERIOD 1981 TO 2010
CLIMATE RECORD PERIOD 1947 TO 2017


WEATHER ITEM   OBSERVED TIME   RECORD YEAR NORMAL DEPARTURE LAST
                VALUE   (LST)  VALUE       VALUE  FROM      YEAR
                                                  NORMAL
..................................................................
TEMPERATURE (F)
 YESTERDAY
  MAXIMUM         71    244 PM  90    1965  72     -1       78
  MINIMUM         43   1029 PM  28    1993  47     -4       50
  AVERAGE         57                        60     -3       64

PRECIPITATION (IN)
  YESTERDAY        0.00          3.47 1970   0.16  -0.16     0.00
  MONTH TO DATE    6.57                      3.33   3.24     0.99
  SINCE MAR 1     12.86                      7.62   5.24     4.92
  SINCE JAN 1     17.49                     13.18   4.31     7.56

DEGREE DAYS
 HEATING
  YESTERDAY        8                         6      2        1
  MONTH TO DATE  126                       214    -88      174
  SINCE MAR 1    555                       760   -205      568
  SINCE JUL 1   3204                      4224  -1020     3401

 COOLING
  YESTERDAY        0                         1     -1        0
  MONTH TO DATE   20                        18      2        0
  SINCE MAR 1     24                        22      2        4
  SINCE JAN 1     25                        22      3        4
..................................................................


WIND (MPH)
  HIGHEST WIND SPEED    23   HIGHEST WIND DIRECTION    NE (30)
  HIGHEST GUST SPEED    29   HIGHEST GUST DIRECTION    NE (40)
  AVERAGE WIND SPEED     9.5


SKY COVER
  AVERAGE SKY COVER 0.1


WEATHER CONDITIONS
 THE FOLLOWING WEATHER WAS RECORDED YESTERDAY.
  NO SIGNIFICANT WEATHER WAS OBSERVED.


RELATIVE HUMIDITY (PERCENT)
 HIGHEST    77          1200 AM
 LOWEST     24           600 PM
 AVERAGE    51

..........................................................


THE WEST PLAINS MO CLIMATE NORMALS FOR TODAY
                         NORMAL    RECORD    YEAR
 MAXIMUM TEMPERATURE (F)   72        87      1965
 MINIMUM TEMPERATURE (F)   48        30      2005


SUNRISE AND SUNSET
APRIL 24 2017.........SUNRISE   621 AM CDT   SUNSET   751 PM CDT
APRIL 25 2017.........SUNRISE   620 AM CDT   SUNSET   751 PM CDT


-  INDICATES NEGATIVE NUMBERS.
R  INDICATES RECORD WAS SET OR TIED.
MM INDICATES DATA IS MISSING.
T  INDICATES TRACE AMOUNT.




$$
