000
CDUS43 KSGF 210627
CLIUNO


CLIMATE REPORT
NATIONAL WEATHER SERVICE SPRINGFIELD MO
127 AM CDT THU APR 21 2016


...................................

...THE WEST PLAINS MO CLIMATE SUMMARY FOR APRIL 20 2016...

CLIMATE NORMAL PERIOD 1981 TO 2010
CLIMATE RECORD PERIOD 1947 TO 2016


WEATHER ITEM   OBSERVED TIME   RECORD YEAR NORMAL DEPARTURE LAST
                VALUE   (LST)  VALUE       VALUE  FROM      YEAR
                                                  NORMAL
..................................................................
TEMPERATURE (F)
 YESTERDAY
  MAXIMUM         65    610 PM  91    1987  71     -6       62
  MINIMUM         53   1145 PM  30    2013  46      7       43
                                      1953
  AVERAGE         59                        59      0       53

PRECIPITATION (IN)
  YESTERDAY        0.04          2.84 1992   0.16  -0.12      T
  MONTH TO DATE    0.99                      2.85  -1.86     0.64
  SINCE MAR 1      4.92                      7.14  -2.22     4.67
  SINCE JAN 1      7.56                     12.70  -5.14     9.35

DEGREE DAYS
 HEATING
  YESTERDAY        6                         7     -1       12
  MONTH TO DATE  171                       194    -23      114
  SINCE MAR 1    565                       740   -175      673
  SINCE JUL 1   3398                      4204   -806     4470

 COOLING
  YESTERDAY        0                         1     -1        0
  MONTH TO DATE    0                        15    -15       15
  SINCE MAR 1      4                        19    -15       15
  SINCE JAN 1      4                        19    -15       15
..................................................................


WIND (MPH)
  HIGHEST WIND SPEED    12   HIGHEST WIND DIRECTION    SE (150)
  HIGHEST GUST SPEED    14   HIGHEST GUST DIRECTION    SE (150)
  AVERAGE WIND SPEED     4.3


SKY COVER
  AVERAGE SKY COVER 0.9


WEATHER CONDITIONS
 THE FOLLOWING WEATHER WAS RECORDED YESTERDAY.
  RAIN
  LIGHT RAIN
  FOG
  FOG W/VISIBILITY <= 1/4 MILE


RELATIVE HUMIDITY (PERCENT)
 HIGHEST    93           600 AM
 LOWEST     77          1200 AM
 AVERAGE    85

..........................................................


THE WEST PLAINS MO CLIMATE NORMALS FOR TODAY
                         NORMAL    RECORD    YEAR
 MAXIMUM TEMPERATURE (F)   71        91      1963
 MINIMUM TEMPERATURE (F)   47        29      1953


SUNRISE AND SUNSET
APRIL 21 2016.........SUNRISE   625 AM CDT   SUNSET   748 PM CDT
APRIL 22 2016.........SUNRISE   624 AM CDT   SUNSET   749 PM CDT


-  INDICATES NEGATIVE NUMBERS.
R  INDICATES RECORD WAS SET OR TIED.
MM INDICATES DATA IS MISSING.
T  INDICATES TRACE AMOUNT.




$$
