000
CDUS43 KSGF 072127
CLIUNO


CLIMATE REPORT
NATIONAL WEATHER SERVICE SPRINGFIELD MO
427 PM CDT MON JUL 7 2014


...................................

...THE WEST PLAINS MO CLIMATE SUMMARY FOR JULY 7 2014...
VALID AS OF 0400 PM LOCAL TIME.

CLIMATE NORMAL PERIOD 1981 TO 2010
CLIMATE RECORD PERIOD 1947 TO 2014


WEATHER ITEM   OBSERVED TIME   RECORD YEAR NORMAL DEPARTURE LAST
                VALUE   (LST)  VALUE       VALUE  FROM      YEAR
                                                  NORMAL
..................................................................
TEMPERATURE (F)
 TODAY
  MAXIMUM         87    200 PM 102    2012  89     -2       90
  MINIMUM         72    515 AM  49    1972  67      5       61
  AVERAGE         80                        78      2       76

PRECIPITATION (IN)
  TODAY            0.02          3.85 1949   0.12  -0.10     0.00
  MONTH TO DATE    0.33                      0.78  -0.45     0.00
  SINCE JUN 1      5.56                      4.80   0.76     3.67
  SINCE JAN 1     17.54                     24.07  -6.53    25.49

DEGREE DAYS
 HEATING
  TODAY            0                         0      0        0
  MONTH TO DATE    0                         0      0        0
  SINCE JUN 1      2                         5     -3        9
  SINCE JUL 1      0                         0      0        0

 COOLING
  TODAY           15                        13      2       11
  MONTH TO DATE   50                        87    -37       38
  SINCE JUN 1    315                       353    -38      186
  SINCE JAN 1    465                       475    -10      298
..................................................................


WIND (MPH)
  HIGHEST WIND SPEED    18   HIGHEST WIND DIRECTION     W (260)
  HIGHEST GUST SPEED    25   HIGHEST GUST DIRECTION     W (270)


SKY COVER
  AVERAGE SKY COVER 0.2


WEATHER CONDITIONS
 THE FOLLOWING WEATHER WAS RECORDED TODAY.
  THUNDERSTORM
  LIGHT RAIN
  FOG


RELATIVE HUMIDITY (PERCENT)
 HIGHEST    87          1200 AM
 LOWEST     61           200 PM
 AVERAGE    74

..........................................................


THE WEST PLAINS MO CLIMATE NORMALS FOR TOMORROW
                         NORMAL    RECORD    YEAR
 MAXIMUM TEMPERATURE (F)   89       102      2012
 MINIMUM TEMPERATURE (F)   67        52      1983


SUNRISE AND SUNSET
JULY  7 2014..........SUNRISE   555 AM CDT   SUNSET   830 PM CDT
JULY  8 2014..........SUNRISE   556 AM CDT   SUNSET   830 PM CDT


-  INDICATES NEGATIVE NUMBERS.
R  INDICATES RECORD WAS SET OR TIED.
MM INDICATES DATA IS MISSING.
T  INDICATES TRACE AMOUNT.




$$
