909
CDUS43 KSGF 292227
CLIUNO


CLIMATE REPORT
NATIONAL WEATHER SERVICE SPRINGFIELD MO
427 PM CST TUE NOV 29 2016


...................................

...THE WEST PLAINS MO CLIMATE SUMMARY FOR NOVEMBER 29 2016...
VALID AS OF 0400 PM LOCAL TIME.

CLIMATE NORMAL PERIOD 1981 TO 2010
CLIMATE RECORD PERIOD 1947 TO 2016


WEATHER ITEM   OBSERVED TIME   RECORD YEAR NORMAL DEPARTURE LAST
                VALUE   (LST)  VALUE       VALUE  FROM      YEAR
                                                  NORMAL
..................................................................
TEMPERATURE (F)
 TODAY
  MAXIMUM         63    359 PM  73    1970  51     12       42
  MINIMUM         42    241 AM   6    1976  31     11       38
  AVERAGE         53                        41     12       40

PRECIPITATION (IN)
  TODAY           MM             1.43 2004   0.16  MM        0.14
  MONTH TO DATE    0.71                      4.44  -3.73    10.87
  SINCE SEP 1      4.12                     12.37  -8.25    13.09
  SINCE JAN 1     36.24                     42.44  -6.20    48.80

DEGREE DAYS
 HEATING
  TODAY           12                        24    -12       25
  MONTH TO DATE  384                       526   -142      417
  SINCE SEP 1    496                       828   -332      615
  SINCE JUL 1    496                       829   -333      615

 COOLING
  TODAY            0                         0      0        0
  MONTH TO DATE   16                         0     16        0
  SINCE SEP 1    315                       180    135      209
  SINCE JAN 1   1604                      1352    252     1366
..................................................................


WIND (MPH)
  HIGHEST WIND SPEED    18   HIGHEST WIND DIRECTION    SW (220)
  HIGHEST GUST SPEED    24   HIGHEST GUST DIRECTION    SW (220)


SKY COVER
  AVERAGE SKY COVER 0.3


WEATHER CONDITIONS
 THE FOLLOWING WEATHER WAS RECORDED TODAY.
  FOG


RELATIVE HUMIDITY (PERCENT)
 HIGHEST   100           200 AM
 LOWEST     46           400 PM
 AVERAGE    73

..........................................................


THE WEST PLAINS MO CLIMATE NORMALS FOR TOMORROW
                         NORMAL    RECORD    YEAR
 MAXIMUM TEMPERATURE (F)   51        73      2014
 MINIMUM TEMPERATURE (F)   31         5      1976


SUNRISE AND SUNSET
NOVEMBER 29 2016......SUNRISE   701 AM CST   SUNSET   452 PM CST
NOVEMBER 30 2016......SUNRISE   701 AM CST   SUNSET   451 PM CST


-  INDICATES NEGATIVE NUMBERS.
R  INDICATES RECORD WAS SET OR TIED.
MM INDICATES DATA IS MISSING.
T  INDICATES TRACE AMOUNT.




$$
