281
CDUS43 KSGF 050645
CLIUNO


CLIMATE REPORT
NATIONAL WEATHER SERVICE SPRINGFIELD MO
1245 AM CST MON DEC 5 2016


...................................

...THE WEST PLAINS MO CLIMATE SUMMARY FOR DECEMBER 4 2016...

CLIMATE NORMAL PERIOD 1981 TO 2010
CLIMATE RECORD PERIOD 1947 TO 2016


WEATHER ITEM   OBSERVED TIME   RECORD YEAR NORMAL DEPARTURE LAST
                VALUE   (LST)  VALUE       VALUE  FROM      YEAR
                                                  NORMAL
..................................................................
TEMPERATURE (F)
 YESTERDAY
  MAXIMUM         44    502 PM  73    1998  49     -5       52
  MINIMUM         29   1144 PM  13    1991  29      0       23
                                      2006
  AVERAGE         37                        39     -2       38

PRECIPITATION (IN)
  YESTERDAY        0.07          1.48 1977   0.16  -0.09     0.00
  MONTH TO DATE    0.16                      0.64  -0.48     0.00
  SINCE DEC 1      0.16                      0.64  -0.48     0.00
  SINCE JAN 1     36.40                     43.22  -6.82    48.81

DEGREE DAYS
 HEATING
  YESTERDAY       28                        26      2       27
  MONTH TO DATE   99                       102     -3      101
  SINCE DEC 1     99                       102     -3      101
  SINCE JUL 1    619                       954   -335      736

 COOLING
  YESTERDAY        0                         0      0        0
  MONTH TO DATE    0                         0      0        0
  SINCE DEC 1      0                         0      0        0
  SINCE JAN 1   1604                      1354    250     1366
..................................................................


WIND (MPH)
  HIGHEST WIND SPEED    13   HIGHEST WIND DIRECTION     E (100)
  HIGHEST GUST SPEED    16   HIGHEST GUST DIRECTION     E (100)
  AVERAGE WIND SPEED     4.5


SKY COVER
  AVERAGE SKY COVER 0.8


WEATHER CONDITIONS
 THE FOLLOWING WEATHER WAS RECORDED YESTERDAY.
  LIGHT RAIN
  FOG


RELATIVE HUMIDITY (PERCENT)
 HIGHEST   100           900 AM
 LOWEST     83           500 PM
 AVERAGE    92

..........................................................


THE WEST PLAINS MO CLIMATE NORMALS FOR TODAY
                         NORMAL    RECORD    YEAR
 MAXIMUM TEMPERATURE (F)   49        77      1956
 MINIMUM TEMPERATURE (F)   29        13      1991


SUNRISE AND SUNSET
DECEMBER  5 2016......SUNRISE   706 AM CST   SUNSET   451 PM CST
DECEMBER  6 2016......SUNRISE   707 AM CST   SUNSET   451 PM CST


-  INDICATES NEGATIVE NUMBERS.
R  INDICATES RECORD WAS SET OR TIED.
MM INDICATES DATA IS MISSING.
T  INDICATES TRACE AMOUNT.




$$
