000
CDUS43 KSGF 262227
CLIUNO


CLIMATE REPORT
NATIONAL WEATHER SERVICE SPRINGFIELD MO
426 PM CST MON JAN 26 2015


...................................

...THE WEST PLAINS MO CLIMATE SUMMARY FOR JANUARY 26 2015...
VALID AS OF 0400 PM LOCAL TIME.

CLIMATE NORMAL PERIOD 1981 TO 2010
CLIMATE RECORD PERIOD 1947 TO 2015


WEATHER ITEM   OBSERVED TIME   RECORD YEAR NORMAL DEPARTURE LAST
                VALUE   (LST)  VALUE       VALUE  FROM      YEAR
                                                  NORMAL
..................................................................
TEMPERATURE (F)
 TODAY
  MAXIMUM         52    259 PM  77    1952  45      7       67
  MINIMUM         32    807 AM   4    1978  24      8       23
  AVERAGE         42                        34      8       45

PRECIPITATION (IN)
  TODAY            0.00          1.39 1967   0.13  -0.13     0.00
  MONTH TO DATE    2.02                      2.07  -0.05     1.57
  SINCE DEC 1      4.99                      5.71  -0.72     3.88
  SINCE JAN 1      2.02                      2.07  -0.05     1.57

DEGREE DAYS
 HEATING
  TODAY           23                        31     -8       20
  MONTH TO DATE  825                       806     19      900
  SINCE DEC 1   1655                      1699    -44     1745
  SINCE JUL 1   2667                      2551    116     2657

 COOLING
  TODAY            0                         0      0        0
  MONTH TO DATE    0                         0      0        0
  SINCE DEC 1      0                         0      0        0
  SINCE JAN 1      0                         0      0        0
..................................................................


WIND (MPH)
  HIGHEST WIND SPEED    16   HIGHEST WIND DIRECTION    NW (330)
  HIGHEST GUST SPEED    25   HIGHEST GUST DIRECTION    NW (330)


SKY COVER
  AVERAGE SKY COVER 0.7


WEATHER CONDITIONS
 THE FOLLOWING WEATHER WAS RECORDED TODAY.
  NO SIGNIFICANT WEATHER WAS OBSERVED.


RELATIVE HUMIDITY (PERCENT)
 HIGHEST    82          1200 AM
 LOWEST     41           400 PM
 AVERAGE    62

..........................................................


THE WEST PLAINS MO CLIMATE NORMALS FOR TOMORROW
                         NORMAL    RECORD    YEAR
 MAXIMUM TEMPERATURE (F)   45        68      1999
 MINIMUM TEMPERATURE (F)   24        -4      1961


SUNRISE AND SUNSET
JANUARY 26 2015.......SUNRISE   714 AM CST   SUNSET   526 PM CST
JANUARY 27 2015.......SUNRISE   714 AM CST   SUNSET   527 PM CST


-  INDICATES NEGATIVE NUMBERS.
R  INDICATES RECORD WAS SET OR TIED.
MM INDICATES DATA IS MISSING.
T  INDICATES TRACE AMOUNT.




$$
