000
CDUS43 KSGF 250636
CLIUNO


CLIMATE REPORT
NATIONAL WEATHER SERVICE SPRINGFIELD MO
136 AM CDT WED MAR 25 2015


...................................

...THE WEST PLAINS MO CLIMATE SUMMARY FOR MARCH 24 2015...

CLIMATE NORMAL PERIOD 1981 TO 2010
CLIMATE RECORD PERIOD 1947 TO 2015


WEATHER ITEM   OBSERVED TIME   RECORD YEAR NORMAL DEPARTURE LAST
                VALUE   (LST)  VALUE       VALUE  FROM      YEAR
                                                  NORMAL
..................................................................
TEMPERATURE (F)
 YESTERDAY
  MAXIMUM         71    424 PM  82    1967  63      8       51
  MINIMUM         45    653 AM  14    1974  38      7       22
  AVERAGE         58                        50      8       37

PRECIPITATION (IN)
  YESTERDAY        0.09          1.35 1978   0.15  -0.06     0.00
  MONTH TO DATE    2.38                      3.16  -0.78     2.68
  SINCE MAR 1      2.38                      3.16  -0.78     2.68
  SINCE JAN 1      7.06                      8.72  -1.66     4.53

DEGREE DAYS
 HEATING
  YESTERDAY        7                        15     -8       28
  MONTH TO DATE  450                       452     -2      567
  SINCE MAR 1    450                       452     -2      567
  SINCE JUL 1   4247                      3916    331     4365

 COOLING
  YESTERDAY        0                         0      0        0
  MONTH TO DATE    0                         0      0        0
  SINCE MAR 1      0                         0      0        0
  SINCE JAN 1      0                         0      0        0
..................................................................


WIND (MPH)
  HIGHEST WIND SPEED    25   HIGHEST WIND DIRECTION     S (160)
  HIGHEST GUST SPEED    33   HIGHEST GUST DIRECTION     S (160)
  AVERAGE WIND SPEED    10.7


SKY COVER
  AVERAGE SKY COVER 0.3


WEATHER CONDITIONS
 THE FOLLOWING WEATHER WAS RECORDED YESTERDAY.
  THUNDERSTORM
  LIGHT RAIN


RELATIVE HUMIDITY (PERCENT)
 HIGHEST    89           100 AM
 LOWEST     47           500 PM
 AVERAGE    68

..........................................................


THE WEST PLAINS MO CLIMATE NORMALS FOR TODAY
                         NORMAL    RECORD    YEAR
 MAXIMUM TEMPERATURE (F)   63        79      2012
                                             2007
 MINIMUM TEMPERATURE (F)   39        13      1955


SUNRISE AND SUNSET
MARCH 25 2015.........SUNRISE   704 AM CDT   SUNSET   724 PM CDT
MARCH 26 2015.........SUNRISE   703 AM CDT   SUNSET   725 PM CDT


-  INDICATES NEGATIVE NUMBERS.
R  INDICATES RECORD WAS SET OR TIED.
MM INDICATES DATA IS MISSING.
T  INDICATES TRACE AMOUNT.




$$
