000
CDUS43 KSGF 122242
CLIUNO


CLIMATE REPORT
NATIONAL WEATHER SERVICE SPRINGFIELD MO
531 PM CDT WED JUL 12 2017


...................................

...THE WEST PLAINS MO CLIMATE SUMMARY FOR JULY 12 2017...
VALID TODAY AS OF 0500 PM LOCAL TIME.

CLIMATE NORMAL PERIOD 1981 TO 2010
CLIMATE RECORD PERIOD 1947 TO 2017


WEATHER ITEM   OBSERVED TIME   RECORD YEAR NORMAL DEPARTURE LAST
                VALUE   (LST)  VALUE       VALUE  FROM      YEAR
                                                  NORMAL
..................................................................
TEMPERATURE (F)
 TODAY
  MAXIMUM         92    359 PM 107    1980  89      3       86
  MINIMUM         73    540 AM  52    1959  67      6       72
  AVERAGE         83                        78      5       79

PRECIPITATION (IN)
  TODAY            0.00          3.26 1958   0.13  -0.13     0.01
  MONTH TO DATE    1.76                      1.42   0.34     1.62
  SINCE JUN 1      3.43                      5.44  -2.01     6.03
  SINCE JAN 1     38.84                     24.71  14.13    20.77

DEGREE DAYS
 HEATING
  TODAY            0                         0      0        0
  MONTH TO DATE    0                         0      0        0
  SINCE JUN 1      0                         5     -5        0
  SINCE JUL 1      0                         0      0        0

 COOLING
  TODAY           18                        13      5       14
  MONTH TO DATE  150                       152     -2      150
  SINCE JUN 1    404                       418    -14      500
  SINCE JAN 1    526                       540    -14      593
..................................................................


WIND (MPH)
  HIGHEST WIND SPEED    13   HIGHEST WIND DIRECTION     S (190)
  HIGHEST GUST SPEED    16   HIGHEST GUST DIRECTION     S (160)


SKY COVER
  AVERAGE SKY COVER 0.1


WEATHER CONDITIONS
 THE FOLLOWING WEATHER WAS RECORDED TODAY.
  NO SIGNIFICANT WEATHER WAS OBSERVED.


RELATIVE HUMIDITY (PERCENT)
 HIGHEST    87           400 AM
 LOWEST     47           200 PM
 AVERAGE    67

..........................................................


THE WEST PLAINS MO CLIMATE NORMALS FOR TOMORROW
                         NORMAL    RECORD    YEAR
 MAXIMUM TEMPERATURE (F)   89       105      1954
 MINIMUM TEMPERATURE (F)   67        51      1964


SUNRISE AND SUNSET
JULY 12 2017..........SUNRISE   558 AM CDT   SUNSET   828 PM CDT
JULY 13 2017..........SUNRISE   559 AM CDT   SUNSET   828 PM CDT


-  INDICATES NEGATIVE NUMBERS.
R  INDICATES RECORD WAS SET OR TIED.
MM INDICATES DATA IS MISSING.
T  INDICATES TRACE AMOUNT.




$$
