000
CDUS43 KSGF 220627
CLIUNO


CLIMATE REPORT
NATIONAL WEATHER SERVICE SPRINGFIELD MO
1226 AM CST MON DEC 22 2014


...................................

...THE WEST PLAINS MO CLIMATE SUMMARY FOR DECEMBER 21 2014...

CLIMATE NORMAL PERIOD 1981 TO 2010
CLIMATE RECORD PERIOD 1947 TO 2014


WEATHER ITEM   OBSERVED TIME   RECORD YEAR NORMAL DEPARTURE LAST
                VALUE   (LST)  VALUE       VALUE  FROM      YEAR
                                                  NORMAL
..................................................................
TEMPERATURE (F)
 YESTERDAY
  MAXIMUM         42    311 PM  68    1967  45     -3       42
  MINIMUM         37    717 AM   2    1960  25     12       34
  AVERAGE         40                        35      5       38

PRECIPITATION (IN)
  YESTERDAY        0.00          2.68 1984   0.10  -0.10     1.41
  MONTH TO DATE    2.30                      2.81  -0.51     2.31
  SINCE DEC 1      2.30                      2.81  -0.51     2.31
  SINCE JAN 1     35.73                     45.39  -9.66    54.20

DEGREE DAYS
 HEATING
  YESTERDAY       25                        30     -5       27
  MONTH TO DATE  540                       587    -47      510
  SINCE DEC 1    540                       587    -47      510
  SINCE JUL 1   1552                      1439    113     1422

 COOLING
  YESTERDAY        0                         0      0        0
  MONTH TO DATE    0                         0      0        0
  SINCE DEC 1      0                         0      0        0
  SINCE JAN 1   1231                      1354   -123     1073
..................................................................


WIND (MPH)
  HIGHEST WIND SPEED    13   HIGHEST WIND DIRECTION    SE (120)
  HIGHEST GUST SPEED    17   HIGHEST GUST DIRECTION    SE (130)
  AVERAGE WIND SPEED     6.9


SKY COVER
  AVERAGE SKY COVER 1.0


WEATHER CONDITIONS
 THE FOLLOWING WEATHER WAS RECORDED YESTERDAY.
  NO SIGNIFICANT WEATHER WAS OBSERVED.


RELATIVE HUMIDITY (PERCENT)
 HIGHEST    85          1200 AM
 LOWEST     73           200 PM
 AVERAGE    79

..........................................................


THE WEST PLAINS MO CLIMATE NORMALS FOR TODAY
                         NORMAL    RECORD    YEAR
 MAXIMUM TEMPERATURE (F)   45        67      1970
 MINIMUM TEMPERATURE (F)   24       -13      1989


SUNRISE AND SUNSET
DECEMBER 22 2014......SUNRISE   717 AM CST   SUNSET   455 PM CST
DECEMBER 23 2014......SUNRISE   718 AM CST   SUNSET   456 PM CST


-  INDICATES NEGATIVE NUMBERS.
R  INDICATES RECORD WAS SET OR TIED.
MM INDICATES DATA IS MISSING.
T  INDICATES TRACE AMOUNT.




$$
