000
CDUS43 KSGF 122135
CLIUNO


CLIMATE REPORT
NATIONAL WEATHER SERVICE SPRINGFIELD MO
435 PM CDT TUE SEP 12 2017


...................................

...THE WEST PLAINS MO CLIMATE SUMMARY FOR SEPTEMBER 12 2017...
VALID AS OF 0400 PM LOCAL TIME.

CLIMATE NORMAL PERIOD 1981 TO 2010
CLIMATE RECORD PERIOD 1947 TO 2017


WEATHER ITEM   OBSERVED TIME   RECORD YEAR NORMAL DEPARTURE LAST
                VALUE   (LST)  VALUE       VALUE  FROM      YEAR
                                                  NORMAL
..................................................................
TEMPERATURE (F)
 TODAY
  MAXIMUM         77   1248 PM  96    1980  82     -5       82
  MINIMUM         60    709 AM  45    1959  59      1       51
  AVERAGE         69                        70     -1       67

PRECIPITATION (IN)
  TODAY            0.00          0.98 1951   0.16  -0.16     0.00
  MONTH TO DATE    T                         1.78  -1.78     1.26
  SINCE SEP 1      T                         1.78  -1.78     1.26
  SINCE JAN 1     42.19                     31.85  10.34    33.38

DEGREE DAYS
 HEATING
  TODAY            0                         0      0        0
  MONTH TO DATE    5                         0      5        0
  SINCE SEP 1      5                         0      5        0
  SINCE JUL 1      6                         1      5        0

 COOLING
  TODAY            4                         6     -2        2
  MONTH TO DATE   49                        94    -45      103
  SINCE SEP 1     49                        94    -45      103
  SINCE JAN 1   1150                      1266   -116     1392
..................................................................


WIND (MPH)
  HIGHEST WIND SPEED    21   HIGHEST WIND DIRECTION    NE (40)
  HIGHEST GUST SPEED    27   HIGHEST GUST DIRECTION    NE (40)


SKY COVER
  AVERAGE SKY COVER 0.2


WEATHER CONDITIONS
 THE FOLLOWING WEATHER WAS RECORDED TODAY.
  NO SIGNIFICANT WEATHER WAS OBSERVED.


RELATIVE HUMIDITY (PERCENT)
 HIGHEST    65           800 AM
 LOWEST     36           100 PM
 AVERAGE    51

..........................................................


THE WEST PLAINS MO CLIMATE NORMALS FOR TOMORROW
                         NORMAL    RECORD    YEAR
 MAXIMUM TEMPERATURE (F)   82        96      1980
 MINIMUM TEMPERATURE (F)   58        42      1955
                                             1960
                                             1964


SUNRISE AND SUNSET
SEPTEMBER 12 2017.....SUNRISE   648 AM CDT   SUNSET   719 PM CDT
SEPTEMBER 13 2017.....SUNRISE   648 AM CDT   SUNSET   718 PM CDT


-  INDICATES NEGATIVE NUMBERS.
R  INDICATES RECORD WAS SET OR TIED.
MM INDICATES DATA IS MISSING.
T  INDICATES TRACE AMOUNT.




$$
