000
CDUS43 KSGF 170638
CLIUNO


CLIMATE REPORT
NATIONAL WEATHER SERVICE SPRINGFIELD MO
138 AM CDT SUN MAY 17 2015


...................................

...THE WEST PLAINS MO CLIMATE SUMMARY FOR MAY 16 2015...

CLIMATE NORMAL PERIOD 1981 TO 2010
CLIMATE RECORD PERIOD 1947 TO 2015


WEATHER ITEM   OBSERVED TIME   RECORD YEAR NORMAL DEPARTURE LAST
                VALUE   (LST)  VALUE       VALUE  FROM      YEAR
                                                  NORMAL
..................................................................
TEMPERATURE (F)
 YESTERDAY
  MAXIMUM         78    435 PM  88    2012  77      1       65
  MINIMUM         67    720 AM  34    1997  54     13       36
  AVERAGE         73                        65      8       51

PRECIPITATION (IN)
  YESTERDAY        0.62          0.94 2003   0.15   0.47     0.03
  MONTH TO DATE    3.82                      2.95   0.87     2.67
  SINCE MAR 1      9.18                     11.72  -2.54     9.99
  SINCE JAN 1     13.86                     17.28  -3.42    11.84

DEGREE DAYS
 HEATING
  YESTERDAY        0                         3     -3       14
  MONTH TO DATE   37                        57    -20       83
  SINCE MAR 1    805                       855    -50     1037
  SINCE JUL 1   4602                      4319    283     4835

 COOLING
  YESTERDAY        8                         3      5        0
  MONTH TO DATE   46                        32     14       57
  SINCE MAR 1     62                        60      2       66
  SINCE JAN 1     62                        60      2       66
..................................................................


WIND (MPH)
  HIGHEST WIND SPEED    22   HIGHEST WIND DIRECTION     S (170)
  HIGHEST GUST SPEED    29   HIGHEST GUST DIRECTION    SE (150)
  AVERAGE WIND SPEED     9.2


SKY COVER
  AVERAGE SKY COVER 0.9


WEATHER CONDITIONS
 THE FOLLOWING WEATHER WAS RECORDED YESTERDAY.
  HEAVY RAIN
  RAIN
  LIGHT RAIN
  FOG


RELATIVE HUMIDITY (PERCENT)
 HIGHEST    93          1200 AM
 LOWEST     67           400 PM
 AVERAGE    80

..........................................................


THE WEST PLAINS MO CLIMATE NORMALS FOR TODAY
                         NORMAL    RECORD    YEAR
 MAXIMUM TEMPERATURE (F)   77        90      2001
 MINIMUM TEMPERATURE (F)   55        37      1973


SUNRISE AND SUNSET
MAY 17 2015...........SUNRISE   558 AM CDT   SUNSET   810 PM CDT
MAY 18 2015...........SUNRISE   558 AM CDT   SUNSET   811 PM CDT


-  INDICATES NEGATIVE NUMBERS.
R  INDICATES RECORD WAS SET OR TIED.
MM INDICATES DATA IS MISSING.
T  INDICATES TRACE AMOUNT.




$$
