000
CDUS43 KSGF 190645
CLIUNO


CLIMATE REPORT
NATIONAL WEATHER SERVICE SPRINGFIELD MO
145 AM CDT FRI AUG 19 2016


...................................

...THE WEST PLAINS MO CLIMATE SUMMARY FOR AUGUST 18 2016...

CLIMATE NORMAL PERIOD 1981 TO 2010
CLIMATE RECORD PERIOD 1947 TO 2016


WEATHER ITEM   OBSERVED TIME   RECORD YEAR NORMAL DEPARTURE LAST
                VALUE   (LST)  VALUE       VALUE  FROM      YEAR
                                                  NORMAL
..................................................................
TEMPERATURE (F)
 YESTERDAY
  MAXIMUM         81    107 PM 103    2000  90     -9       88
  MINIMUM         70    645 AM  52    2012  65      5       69
                                      1994
  AVERAGE         76                        77     -1       79

PRECIPITATION (IN)
  YESTERDAY        0.00          3.02 1991   0.11  -0.11     0.48
  MONTH TO DATE    3.31                      1.83   1.48     3.23
  SINCE JUN 1     17.06                      9.40   7.66    16.81
  SINCE JAN 1     31.80                     28.67   3.13    34.42

DEGREE DAYS
 HEATING
  YESTERDAY        0                         0      0        0
  MONTH TO DATE    0                         0      0        0
  SINCE JUN 1      0                         5     -5        5
  SINCE JUL 1      0                         0      0        0

 COOLING
  YESTERDAY       11                        12     -1       14
  MONTH TO DATE  236                       233      3      210
  SINCE JUN 1   1041                       904    137      969
  SINCE JAN 1   1134                      1026    108     1091
..................................................................


WIND (MPH)
  HIGHEST WIND SPEED    13   HIGHEST WIND DIRECTION     S (190)
  HIGHEST GUST SPEED    16   HIGHEST GUST DIRECTION     S (190)
  AVERAGE WIND SPEED     4.0


SKY COVER
  AVERAGE SKY COVER 0.6


WEATHER CONDITIONS
 THE FOLLOWING WEATHER WAS RECORDED YESTERDAY.
  FOG
  FOG W/VISIBILITY <= 1/4 MILE


RELATIVE HUMIDITY (PERCENT)
 HIGHEST   100           400 AM
 LOWEST     74          1100 AM
 AVERAGE    87

..........................................................


THE WEST PLAINS MO CLIMATE NORMALS FOR TODAY
                         NORMAL    RECORD    YEAR
 MAXIMUM TEMPERATURE (F)   89       103      1962
 MINIMUM TEMPERATURE (F)   65        53      2012


SUNRISE AND SUNSET
AUGUST 19 2016........SUNRISE   628 AM CDT   SUNSET   753 PM CDT
AUGUST 20 2016........SUNRISE   629 AM CDT   SUNSET   752 PM CDT


-  INDICATES NEGATIVE NUMBERS.
R  INDICATES RECORD WAS SET OR TIED.
MM INDICATES DATA IS MISSING.
T  INDICATES TRACE AMOUNT.




$$
