000
CDUS43 KSGF 142129
CLIUNO


CLIMATE REPORT
NATIONAL WEATHER SERVICE SPRINGFIELD MO
429 PM CDT WED SEP 14 2016


...................................

...THE WEST PLAINS MO CLIMATE SUMMARY FOR SEPTEMBER 14 2016...
VALID AS OF 0400 PM LOCAL TIME.

CLIMATE NORMAL PERIOD 1981 TO 2010
CLIMATE RECORD PERIOD 1947 TO 2016


WEATHER ITEM   OBSERVED TIME   RECORD YEAR NORMAL DEPARTURE LAST
                VALUE   (LST)  VALUE       VALUE  FROM      YEAR
                                                  NORMAL
..................................................................
TEMPERATURE (F)
 TODAY
  MAXIMUM         84   1123 AM  99    1954  81      3       79
  MINIMUM         66    543 AM  45    2014  58      8       55
                                      1999
  AVERAGE         75                        70      5       67

PRECIPITATION (IN)
  TODAY            0.00          1.95 2008   0.13  -0.13     0.00
  MONTH TO DATE    1.26                      2.05  -0.79     0.97
  SINCE SEP 1      1.26                      2.05  -0.79     0.97
  SINCE JAN 1     33.38                     32.12   1.26    36.68

DEGREE DAYS
 HEATING
  TODAY            0                         1     -1        0
  MONTH TO DATE    0                         2     -2       12
  SINCE SEP 1      0                         2     -2       12
  SINCE JUL 1      0                         3     -3       12

 COOLING
  TODAY           10                         5      5        2
  MONTH TO DATE  122                       105     17      125
  SINCE SEP 1    122                       105     17      125
  SINCE JAN 1   1411                      1277    134     1282
..................................................................


WIND (MPH)
  HIGHEST WIND SPEED    15   HIGHEST WIND DIRECTION    NE (50)
  HIGHEST GUST SPEED    19   HIGHEST GUST DIRECTION    NE (50)


SKY COVER
  AVERAGE SKY COVER 0.2


WEATHER CONDITIONS
 THE FOLLOWING WEATHER WAS RECORDED TODAY.
  THUNDERSTORM
  FOG


RELATIVE HUMIDITY (PERCENT)
 HIGHEST    93           300 AM
 LOWEST     55           300 PM
 AVERAGE    74

..........................................................


THE WEST PLAINS MO CLIMATE NORMALS FOR TOMORROW
                         NORMAL    RECORD    YEAR
 MAXIMUM TEMPERATURE (F)   81        98      1954
 MINIMUM TEMPERATURE (F)   57        41      1961


SUNRISE AND SUNSET
SEPTEMBER 14 2016.....SUNRISE   649 AM CDT   SUNSET   716 PM CDT
SEPTEMBER 15 2016.....SUNRISE   650 AM CDT   SUNSET   714 PM CDT


-  INDICATES NEGATIVE NUMBERS.
R  INDICATES RECORD WAS SET OR TIED.
MM INDICATES DATA IS MISSING.
T  INDICATES TRACE AMOUNT.




$$
