000
CDUS43 KSGF 160630
CLIUNO


CLIMATE REPORT
NATIONAL WEATHER SERVICE SPRINGFIELD MO
130 AM CDT SAT SEP 16 2017


...................................

...THE WEST PLAINS MO CLIMATE SUMMARY FOR SEPTEMBER 15 2017...

CLIMATE NORMAL PERIOD 1981 TO 2010
CLIMATE RECORD PERIOD 1947 TO 2017


WEATHER ITEM   OBSERVED TIME   RECORD YEAR NORMAL DEPARTURE LAST
                VALUE   (LST)  VALUE       VALUE  FROM      YEAR
                                                  NORMAL
..................................................................
TEMPERATURE (F)
 YESTERDAY
  MAXIMUM         87    300 PM  98    1954  81      6       87
  MINIMUM         56    621 AM  41    1961  57     -1       69
  AVERAGE         72                        69      3       78

PRECIPITATION (IN)
  YESTERDAY        0.00          2.85 1996   0.13  -0.13     0.03
  MONTH TO DATE    0.06                      2.18  -2.12     1.29
  SINCE SEP 1      0.06                      2.18  -2.12     1.29
  SINCE JAN 1     42.25                     32.25  10.00    33.41

DEGREE DAYS
 HEATING
  YESTERDAY        0                         1     -1        0
  MONTH TO DATE    5                         3      2        0
  SINCE SEP 1      5                         3      2        0
  SINCE JUL 1      6                         4      2        0

 COOLING
  YESTERDAY        7                         5      2       13
  MONTH TO DATE   68                       110    -42      135
  SINCE SEP 1     68                       110    -42      135
  SINCE JAN 1   1169                      1282   -113     1424
..................................................................


WIND (MPH)
  HIGHEST WIND SPEED    14   HIGHEST WIND DIRECTION     S (170)
  HIGHEST GUST SPEED    19   HIGHEST GUST DIRECTION     S (170)
  AVERAGE WIND SPEED     5.5


SKY COVER
  AVERAGE SKY COVER 0.1


WEATHER CONDITIONS
 THE FOLLOWING WEATHER WAS RECORDED YESTERDAY.
  FOG


RELATIVE HUMIDITY (PERCENT)
 HIGHEST    93           200 AM
 LOWEST     42           200 PM
 AVERAGE    68

..........................................................


THE WEST PLAINS MO CLIMATE NORMALS FOR TODAY
                         NORMAL    RECORD    YEAR
 MAXIMUM TEMPERATURE (F)   81        99      1980
 MINIMUM TEMPERATURE (F)   57        39      1961


SUNRISE AND SUNSET
SEPTEMBER 16 2017.....SUNRISE   651 AM CDT   SUNSET   713 PM CDT
SEPTEMBER 17 2017.....SUNRISE   652 AM CDT   SUNSET   712 PM CDT


-  INDICATES NEGATIVE NUMBERS.
R  INDICATES RECORD WAS SET OR TIED.
MM INDICATES DATA IS MISSING.
T  INDICATES TRACE AMOUNT.




$$
