000
CDUS43 KSGF 290628
CLIUNO


CLIMATE REPORT
NATIONAL WEATHER SERVICE SPRINGFIELD MO
128 AM CDT WED JUL 29 2015


...................................

...THE WEST PLAINS MO CLIMATE SUMMARY FOR JULY 28 2015...

CLIMATE NORMAL PERIOD 1981 TO 2010
CLIMATE RECORD PERIOD 1947 TO 2015


WEATHER ITEM   OBSERVED TIME   RECORD YEAR NORMAL DEPARTURE LAST
                VALUE   (LST)  VALUE       VALUE  FROM      YEAR
                                                  NORMAL
..................................................................
TEMPERATURE (F)
 YESTERDAY
  MAXIMUM         93    300 PM 103    1986  91      2       84
  MINIMUM         75    600 AM  53    2004  66      9       62
  AVERAGE         84                        78      6       73

PRECIPITATION (IN)
  YESTERDAY        0.00          1.66 2009   0.09  -0.09     0.00
  MONTH TO DATE    7.86                      3.26   4.60     1.62
  SINCE JUN 1     13.58                      7.28   6.30     6.85
  SINCE JAN 1     31.19                     26.55   4.64    18.83

DEGREE DAYS
 HEATING
  YESTERDAY        0                         0      0        0
  MONTH TO DATE    0                         0      0        2
  SINCE JUN 1      5                         5      0        4
  SINCE JUL 1      0                         0      0        2

 COOLING
  YESTERDAY       19                        13      6        8
  MONTH TO DATE  402                       360     42      225
  SINCE JUN 1    717                       626     91      490
  SINCE JAN 1    839                       748     91      640
..................................................................


WIND (MPH)
  HIGHEST WIND SPEED    12   HIGHEST WIND DIRECTION     S (200)
  HIGHEST GUST SPEED    16   HIGHEST GUST DIRECTION     S (190)
  AVERAGE WIND SPEED     3.7


SKY COVER
  AVERAGE SKY COVER 0.0


WEATHER CONDITIONS
 THE FOLLOWING WEATHER WAS RECORDED YESTERDAY.
  FOG


RELATIVE HUMIDITY (PERCENT)
 HIGHEST    91          1000 PM
 LOWEST     52           100 PM
 AVERAGE    72

..........................................................


THE WEST PLAINS MO CLIMATE NORMALS FOR TODAY
                         NORMAL    RECORD    YEAR
 MAXIMUM TEMPERATURE (F)   91       104      1999
 MINIMUM TEMPERATURE (F)   66        55      1994


SUNRISE AND SUNSET
JULY 29 2015..........SUNRISE   611 AM CDT   SUNSET   817 PM CDT
JULY 30 2015..........SUNRISE   611 AM CDT   SUNSET   816 PM CDT


-  INDICATES NEGATIVE NUMBERS.
R  INDICATES RECORD WAS SET OR TIED.
MM INDICATES DATA IS MISSING.
T  INDICATES TRACE AMOUNT.




$$
