000
CDUS43 KSGF 220706
CLIUNO


CLIMATE REPORT
NATIONAL WEATHER SERVICE SPRINGFIELD MO
106 AM CST SUN FEB 22 2015


...................................

...THE WEST PLAINS MO CLIMATE SUMMARY FOR FEBRUARY 21 2015...

CLIMATE NORMAL PERIOD 1981 TO 2010
CLIMATE RECORD PERIOD 1947 TO 2015


WEATHER ITEM   OBSERVED TIME   RECORD YEAR NORMAL DEPARTURE LAST
                VALUE   (LST)  VALUE       VALUE  FROM      YEAR
                                                  NORMAL
..................................................................
TEMPERATURE (F)
 YESTERDAY
  MAXIMUM         37    421 PM  74    1996  51    -14       57
  MINIMUM         29   1209 AM   2    1963  28      1       30
  AVERAGE         33                        39     -6       44

PRECIPITATION (IN)
  YESTERDAY        0.60          1.67 1974   0.11   0.49     0.00
  MONTH TO DATE    2.36                      2.12   0.24     0.25
  SINCE DEC 1      7.35                      8.48  -1.13     4.16
  SINCE JAN 1      4.38                      4.84  -0.46     1.85

DEGREE DAYS
 HEATING
  YESTERDAY       32                        26      6       21
  MONTH TO DATE  725                       590    135      724
  SINCE DEC 1   2495                      2442     53     2672
  SINCE JUL 1   3507                      3294    213     3584

 COOLING
  YESTERDAY        0                         0      0        0
  MONTH TO DATE    0                         0      0        0
  SINCE DEC 1      0                         0      0        0
  SINCE JAN 1      0                         0      0        0
..................................................................


WIND (MPH)
  HIGHEST WIND SPEED    13   HIGHEST WIND DIRECTION    NE (30)
  HIGHEST GUST SPEED    17   HIGHEST GUST DIRECTION     N (360)
  AVERAGE WIND SPEED     7.0


SKY COVER
  AVERAGE SKY COVER 1.0


WEATHER CONDITIONS
 THE FOLLOWING WEATHER WAS RECORDED YESTERDAY.
  THUNDERSTORM
  LIGHT RAIN
  FREEZING RAIN
  LT FREEZING RAIN
  FOG


RELATIVE HUMIDITY (PERCENT)
 HIGHEST    92          1200 AM
 LOWEST     82           100 PM
 AVERAGE    87

..........................................................


THE WEST PLAINS MO CLIMATE NORMALS FOR TODAY
                         NORMAL    RECORD    YEAR
 MAXIMUM TEMPERATURE (F)   51        74      1988
 MINIMUM TEMPERATURE (F)   28         0      1963


SUNRISE AND SUNSET
FEBRUARY 22 2015......SUNRISE   648 AM CST   SUNSET   555 PM CST
FEBRUARY 23 2015......SUNRISE   647 AM CST   SUNSET   556 PM CST


-  INDICATES NEGATIVE NUMBERS.
R  INDICATES RECORD WAS SET OR TIED.
MM INDICATES DATA IS MISSING.
T  INDICATES TRACE AMOUNT.




$$
