000
CDUS43 KSGF 150627
CLIUNO


CLIMATE REPORT
NATIONAL WEATHER SERVICE SPRINGFIELD MO
127 AM CDT SAT APR 15 2017


...................................

...THE WEST PLAINS MO CLIMATE SUMMARY FOR APRIL 14 2017...

CLIMATE NORMAL PERIOD 1981 TO 2010
CLIMATE RECORD PERIOD 1947 TO 2017


WEATHER ITEM   OBSERVED TIME   RECORD YEAR NORMAL DEPARTURE LAST
                VALUE   (LST)  VALUE       VALUE  FROM      YEAR
                                                  NORMAL
..................................................................
TEMPERATURE (F)
 YESTERDAY
  MAXIMUM         81   1245 PM  85    2006  70     11       70
  MINIMUM         59    608 AM  22    1950  45     14       49
  AVERAGE         70                        57     13       60

PRECIPITATION (IN)
  YESTERDAY        0.00          2.20 1991   0.14  -0.14      T
  MONTH TO DATE    1.45                      1.92  -0.47     0.93
  SINCE MAR 1      7.74                      6.21   1.53     4.86
  SINCE JAN 1     12.37                     11.77   0.60     7.50

DEGREE DAYS
 HEATING
  YESTERDAY        0                         9     -9        5
  MONTH TO DATE   84                       147    -63      154
  SINCE MAR 1    513                       693   -180      548
  SINCE JUL 1   3162                      4157   -995     3381

 COOLING
  YESTERDAY        5                         1      4        0
  MONTH TO DATE    8                         9     -1        0
  SINCE MAR 1     12                        13     -1        4
  SINCE JAN 1     13                        13      0        4
..................................................................


WIND (MPH)
  HIGHEST WIND SPEED    20   HIGHEST WIND DIRECTION    SW (210)
  HIGHEST GUST SPEED    26   HIGHEST GUST DIRECTION    SW (210)
  AVERAGE WIND SPEED     6.9


SKY COVER
  AVERAGE SKY COVER 0.3


WEATHER CONDITIONS
 THE FOLLOWING WEATHER WAS RECORDED YESTERDAY.
  NO SIGNIFICANT WEATHER WAS OBSERVED.


RELATIVE HUMIDITY (PERCENT)
 HIGHEST    84           500 AM
 LOWEST     39           100 PM
 AVERAGE    62

..........................................................


THE WEST PLAINS MO CLIMATE NORMALS FOR TODAY
                         NORMAL    RECORD    YEAR
 MAXIMUM TEMPERATURE (F)   70        84      1967
 MINIMUM TEMPERATURE (F)   45        25      1950


SUNRISE AND SUNSET
APRIL 15 2017.........SUNRISE   633 AM CDT   SUNSET   743 PM CDT
APRIL 16 2017.........SUNRISE   632 AM CDT   SUNSET   743 PM CDT


-  INDICATES NEGATIVE NUMBERS.
R  INDICATES RECORD WAS SET OR TIED.
MM INDICATES DATA IS MISSING.
T  INDICATES TRACE AMOUNT.




$$
