000
CDUS43 KSGF 240645
CLIUNO


CLIMATE REPORT
NATIONAL WEATHER SERVICE SPRINGFIELD MO
145 AM CDT MON AUG 24 2015


...................................

...THE WEST PLAINS MO CLIMATE SUMMARY FOR AUGUST 23 2015...

CLIMATE NORMAL PERIOD 1981 TO 2010
CLIMATE RECORD PERIOD 1947 TO 2015


WEATHER ITEM   OBSERVED TIME   RECORD YEAR NORMAL DEPARTURE LAST
                VALUE   (LST)  VALUE       VALUE  FROM      YEAR
                                                  NORMAL
..................................................................
TEMPERATURE (F)
 YESTERDAY
  MAXIMUM         81        MM 101    2000  89     -8       97
  MINIMUM         63        MM  50    1949  65     -2       74
  AVERAGE         72                        77     -5       86

PRECIPITATION (IN)
  YESTERDAY        0.02          0.93 1988   0.11  -0.09     0.00
  MONTH TO DATE    4.35                      2.38   1.97     2.75
  SINCE JUN 1     17.93                      9.95   7.98     9.61
  SINCE JAN 1     35.54                     29.22   6.32    21.59

DEGREE DAYS
 HEATING
  YESTERDAY        0                         0      0        0
  MONTH TO DATE    0                         0      0        0
  SINCE JUN 1      5                         5      0        4
  SINCE JUL 1      0                         0      0        2

 COOLING
  YESTERDAY        7                        12     -5       21
  MONTH TO DATE  230                       293    -63      282
  SINCE JUN 1    989                       964     25      781
  SINCE JAN 1   1111                      1086     25      931
..................................................................


WIND (MPH)
  HIGHEST WIND SPEED    12   HIGHEST WIND DIRECTION     N (340)
  HIGHEST GUST SPEED    MM   HIGHEST GUST DIRECTION    MM
  AVERAGE WIND SPEED     5.4


SKY COVER
  AVERAGE SKY COVER 0.4


WEATHER CONDITIONS
 THE FOLLOWING WEATHER WAS RECORDED YESTERDAY.
  LIGHT RAIN
  FOG


RELATIVE HUMIDITY (PERCENT)
 HIGHEST    93          1200 AM
 LOWEST     48           300 PM
 AVERAGE    71

..........................................................


THE WEST PLAINS MO CLIMATE NORMALS FOR TODAY
                         NORMAL    RECORD    YEAR
 MAXIMUM TEMPERATURE (F)   89       100      1978
 MINIMUM TEMPERATURE (F)   64        51      1949
                                             1984


SUNRISE AND SUNSET
AUGUST 24 2015........SUNRISE   632 AM CDT   SUNSET   748 PM CDT
AUGUST 25 2015........SUNRISE   633 AM CDT   SUNSET   746 PM CDT


-  INDICATES NEGATIVE NUMBERS.
R  INDICATES RECORD WAS SET OR TIED.
MM INDICATES DATA IS MISSING.
T  INDICATES TRACE AMOUNT.




$$
