000
CDUS43 KSGF 062328
CLIUNO


CLIMATE REPORT
NATIONAL WEATHER SERVICE SPRINGFIELD MO
526 PM CST MON NOV 6 2017


...................................

...THE WEST PLAINS MO CLIMATE SUMMARY FOR NOVEMBER 6 2017...
VALID TODAY AS OF 0500 PM LOCAL TIME.

CLIMATE NORMAL PERIOD 1981 TO 2010
CLIMATE RECORD PERIOD 1947 TO 2017


WEATHER ITEM   OBSERVED TIME   RECORD YEAR NORMAL DEPARTURE LAST
                VALUE   (LST)  VALUE       VALUE  FROM      YEAR
                                                  NORMAL
..................................................................
TEMPERATURE (F)
 TODAY
  MAXIMUM         53   1130 AM  78    1980  62     -9       68
  MINIMUM         48    459 PM  16    1991  40      8       35
  AVERAGE         51                        51      0       52

PRECIPITATION (IN)
  TODAY            0.16          1.92 2000   0.15   0.01     0.00
  MONTH TO DATE    0.29                      0.84  -0.55      T
  SINCE SEP 1      2.50                      8.77  -6.27     3.41
  SINCE JAN 1     44.69                     38.84   5.85    35.53

DEGREE DAYS
 HEATING
  TODAY           14                        14      0       13
  MONTH TO DATE   37                        81    -44       33
  SINCE SEP 1    264                       383   -119      145
  SINCE JUL 1    265                       384   -119      145

 COOLING
  TODAY            0                         0      0        0
  MONTH TO DATE    6                         0      6       11
  SINCE SEP 1    288                       180    108      310
  SINCE JAN 1   1389                      1352     37     1599
..................................................................


WIND (MPH)
  HIGHEST WIND SPEED    14   HIGHEST WIND DIRECTION    NE (60)
  HIGHEST GUST SPEED    17   HIGHEST GUST DIRECTION     N (20)


SKY COVER
  AVERAGE SKY COVER 1.0


WEATHER CONDITIONS
 THE FOLLOWING WEATHER WAS RECORDED TODAY.
  THUNDERSTORM
  RAIN
  LIGHT RAIN
  FOG


RELATIVE HUMIDITY (PERCENT)
 HIGHEST    93           200 PM
 LOWEST     77           400 AM
 AVERAGE    85

..........................................................


THE WEST PLAINS MO CLIMATE NORMALS FOR TOMORROW
                         NORMAL    RECORD    YEAR
 MAXIMUM TEMPERATURE (F)   61        82      1980
 MINIMUM TEMPERATURE (F)   40        13      1959
                                             1993


SUNRISE AND SUNSET
NOVEMBER  6 2017......SUNRISE   637 AM CST   SUNSET   505 PM CST
NOVEMBER  7 2017......SUNRISE   638 AM CST   SUNSET   504 PM CST


-  INDICATES NEGATIVE NUMBERS.
R  INDICATES RECORD WAS SET OR TIED.
MM INDICATES DATA IS MISSING.
T  INDICATES TRACE AMOUNT.




$$
