000
CDUS43 KSGF 122227
CLIUNO


CLIMATE REPORT
NATIONAL WEATHER SERVICE SPRINGFIELD MO
426 PM CST FRI JAN 12 2018


...................................

...THE WEST PLAINS MO CLIMATE SUMMARY FOR JANUARY 12 2018...
VALID AS OF 0400 PM LOCAL TIME.

CLIMATE NORMAL PERIOD 1981 TO 2010
CLIMATE RECORD PERIOD 1947 TO 2018


WEATHER ITEM   OBSERVED TIME   RECORD YEAR NORMAL DEPARTURE LAST
                VALUE   (LST)  VALUE       VALUE  FROM      YEAR
                                                  NORMAL
..................................................................
TEMPERATURE (F)
 TODAY
  MAXIMUM         29    340 PM  70    1995  44    -15       66
  MINIMUM         15    854 AM  -3    1977  23     -8       33
  AVERAGE         22                        34    -12       50

PRECIPITATION (IN)
  TODAY            T             1.65 2013   0.06  -0.06     0.00
  MONTH TO DATE    0.77                      0.77   0.00     0.18
  SINCE DEC 1      2.80                      4.41  -1.61     1.20
  SINCE JAN 1      0.77                      0.77   0.00     0.18

DEGREE DAYS
 HEATING
  TODAY           43                        31     12       15
  MONTH TO DATE  456                       372     84      368
  SINCE DEC 1   1314                      1265     49     1238
  SINCE JUL 1   1977                      2117   -140     1758

 COOLING
  TODAY            0                         0      0        0
  MONTH TO DATE    0                         0      0        0
  SINCE DEC 1      0                         0      0        0
  SINCE JAN 1      0                         0      0        0
..................................................................


WIND (MPH)
  HIGHEST WIND SPEED    23   HIGHEST WIND DIRECTION    NW (330)
  HIGHEST GUST SPEED    36   HIGHEST GUST DIRECTION     N (340)


SKY COVER
  AVERAGE SKY COVER 0.6


WEATHER CONDITIONS
 THE FOLLOWING WEATHER WAS RECORDED TODAY.
  LIGHT SNOW


RELATIVE HUMIDITY (PERCENT)
 HIGHEST    80           500 AM
 LOWEST     46           400 PM
 AVERAGE    63

..........................................................


THE WEST PLAINS MO CLIMATE NORMALS FOR TOMORROW
                         NORMAL    RECORD    YEAR
 MAXIMUM TEMPERATURE (F)   44        71      1995
 MINIMUM TEMPERATURE (F)   23        -3      1963


SUNRISE AND SUNSET
JANUARY 12 2018.......SUNRISE   720 AM CST   SUNSET   512 PM CST
JANUARY 13 2018.......SUNRISE   720 AM CST   SUNSET   513 PM CST


-  INDICATES NEGATIVE NUMBERS.
R  INDICATES RECORD WAS SET OR TIED.
MM INDICATES DATA IS MISSING.
T  INDICATES TRACE AMOUNT.




$$
