000
CDUS43 KSGF 130632
CLIUNO


CLIMATE REPORT
NATIONAL WEATHER SERVICE SPRINGFIELD MO
1232 AM CST MON FEB 13 2017


...................................

...THE WEST PLAINS MO CLIMATE SUMMARY FOR FEBRUARY 12 2017...

CLIMATE NORMAL PERIOD 1981 TO 2010
CLIMATE RECORD PERIOD 1947 TO 2017


WEATHER ITEM   OBSERVED TIME   RECORD YEAR NORMAL DEPARTURE LAST
                VALUE   (LST)  VALUE       VALUE  FROM      YEAR
                                                  NORMAL
..................................................................
TEMPERATURE (F)
 YESTERDAY
  MAXIMUM         63    157 PM  78    1961  48     15       49
  MINIMUM         36   1143 PM  -4    1988  26     10       22
  AVERAGE         50                        37     13       36

PRECIPITATION (IN)
  YESTERDAY        0.00          1.83 2007   0.12  -0.12     0.00
  MONTH TO DATE    0.00                      1.20  -1.20     0.42
  SINCE DEC 1      3.06                      7.56  -4.50    10.39
  SINCE JAN 1      2.04                      3.92  -1.88     1.35

DEGREE DAYS
 HEATING
  YESTERDAY       15                        28    -13       29
  MONTH TO DATE  244                       349   -105      322
  SINCE DEC 1   1903                      2201   -298     1856
  SINCE JUL 1   2423                      3053   -630     2491

 COOLING
  YESTERDAY        0                         0      0        0
  MONTH TO DATE    0                         0      0        0
  SINCE DEC 1      0                         0      0        0
  SINCE JAN 1      0                         0      0        0
..................................................................


WIND (MPH)
  HIGHEST WIND SPEED    23   HIGHEST WIND DIRECTION     N (20)
  HIGHEST GUST SPEED    33   HIGHEST GUST DIRECTION     N (10)
  AVERAGE WIND SPEED    10.3


SKY COVER
  AVERAGE SKY COVER 0.1


WEATHER CONDITIONS
 THE FOLLOWING WEATHER WAS RECORDED YESTERDAY.
  NO SIGNIFICANT WEATHER WAS OBSERVED.


RELATIVE HUMIDITY (PERCENT)
 HIGHEST    93           300 AM
 LOWEST     22           300 PM
 AVERAGE    58

..........................................................


THE WEST PLAINS MO CLIMATE NORMALS FOR TODAY
                         NORMAL    RECORD    YEAR
 MAXIMUM TEMPERATURE (F)   49        87      1962
 MINIMUM TEMPERATURE (F)   26         2      1988


SUNRISE AND SUNSET
FEBRUARY 13 2017......SUNRISE   658 AM CST   SUNSET   546 PM CST
FEBRUARY 14 2017......SUNRISE   657 AM CST   SUNSET   547 PM CST


-  INDICATES NEGATIVE NUMBERS.
R  INDICATES RECORD WAS SET OR TIED.
MM INDICATES DATA IS MISSING.
T  INDICATES TRACE AMOUNT.




$$
