000
CDUS43 KSGF 102226
CLIUNO


CLIMATE REPORT
NATIONAL WEATHER SERVICE SPRINGFIELD MO
526 PM CDT THU APR 10 2014


...................................

...THE WEST PLAINS MO CLIMATE SUMMARY FOR APRIL 10 2014...
VALID TODAY AS OF 0500 PM LOCAL TIME.

CLIMATE NORMAL PERIOD 1981 TO 2010
CLIMATE RECORD PERIOD 1947 TO 2014


WEATHER ITEM   OBSERVED TIME   RECORD YEAR NORMAL DEPARTURE LAST
                VALUE   (LST)  VALUE       VALUE  FROM      YEAR
                                                  NORMAL
..................................................................
TEMPERATURE (F)
 TODAY
  MAXIMUM         83    134 PM  89    2001  68     15       79
  MINIMUM         52    503 AM  26    1960  44      8       42
                                      1973
  AVERAGE         68                        56     12       61

PRECIPITATION (IN)
  TODAY            0.00          2.42 2008   0.15  -0.15     1.84
  MONTH TO DATE    1.80                      1.33   0.47     1.92
  SINCE MAR 1      5.02                      5.62  -0.60     5.67
  SINCE JAN 1      6.87                     11.18  -4.31    12.99

DEGREE DAYS
 COOLING
  TODAY            3                         1      2        0
  MONTH TO DATE    4                         5     -1        7
  SINCE MAR 1      4                         9     -5        7
  SINCE JAN 1      4                         9     -5        7
..................................................................


WIND (MPH)
  HIGHEST WIND SPEED    25   HIGHEST WIND DIRECTION    SW (210)
  HIGHEST GUST SPEED    36   HIGHEST GUST DIRECTION    SW (230)


SKY COVER
  AVERAGE SKY COVER 0.0


WEATHER CONDITIONS
 THE FOLLOWING WEATHER WAS RECORDED TODAY.
  NO SIGNIFICANT WEATHER WAS OBSERVED.


RELATIVE HUMIDITY (PERCENT)
 HIGHEST    50           600 AM
 LOWEST     20           100 PM
 AVERAGE    35

..........................................................


THE WEST PLAINS MO CLIMATE NORMALS FOR TOMORROW
                         NORMAL    RECORD    YEAR
 MAXIMUM TEMPERATURE (F)   69        85      1965
 MINIMUM TEMPERATURE (F)   44        19      1989


SUNRISE AND SUNSET
APRIL 10 2014.........SUNRISE   640 AM CDT   SUNSET   738 PM CDT
APRIL 11 2014.........SUNRISE   639 AM CDT   SUNSET   739 PM CDT


-  INDICATES NEGATIVE NUMBERS.
R  INDICATES RECORD WAS SET OR TIED.
MM INDICATES DATA IS MISSING.
T  INDICATES TRACE AMOUNT.




$$
