420
CDUS43 KSGF 180636
CLIUNO


CLIMATE REPORT
NATIONAL WEATHER SERVICE SPRINGFIELD MO
136 AM CDT MON SEP 18 2017


...................................

...THE WEST PLAINS MO CLIMATE SUMMARY FOR SEPTEMBER 17 2017...

CLIMATE NORMAL PERIOD 1981 TO 2010
CLIMATE RECORD PERIOD 1947 TO 2017


WEATHER ITEM   OBSERVED TIME   RECORD YEAR NORMAL DEPARTURE LAST
                VALUE   (LST)  VALUE       VALUE  FROM      YEAR
                                                  NORMAL
..................................................................
TEMPERATURE (F)
 YESTERDAY
  MAXIMUM         85    924 AM  97    1953  80      5       83
  MINIMUM         65   1112 PM  39    1993  56      9       66
  AVERAGE         75                        68      7       75

PRECIPITATION (IN)
  YESTERDAY        T             1.13 2011   0.11  -0.11     0.00
  MONTH TO DATE    0.06                      2.41  -2.35     1.29
  SINCE SEP 1      0.06                      2.41  -2.35     1.29
  SINCE JAN 1     42.25                     32.48   9.77    33.41

DEGREE DAYS
 HEATING
  YESTERDAY        0                         1     -1        0
  MONTH TO DATE    5                         5      0        0
  SINCE SEP 1      5                         5      0        0
  SINCE JUL 1      6                         6      0        0

 COOLING
  YESTERDAY       10                         4      6       10
  MONTH TO DATE   88                       119    -31      157
  SINCE SEP 1     88                       119    -31      157
  SINCE JAN 1   1189                      1291   -102     1446
..................................................................


WIND (MPH)
  HIGHEST WIND SPEED    20   HIGHEST WIND DIRECTION     N (360)
  HIGHEST GUST SPEED    26   HIGHEST GUST DIRECTION     N (10)
  AVERAGE WIND SPEED     5.5


SKY COVER
  AVERAGE SKY COVER 0.2


WEATHER CONDITIONS
 THE FOLLOWING WEATHER WAS RECORDED YESTERDAY.
  FOG


RELATIVE HUMIDITY (PERCENT)
 HIGHEST   100           600 AM
 LOWEST     45           300 PM
 AVERAGE    73

..........................................................


THE WEST PLAINS MO CLIMATE NORMALS FOR TODAY
                         NORMAL    RECORD    YEAR
 MAXIMUM TEMPERATURE (F)   80        96      1972
 MINIMUM TEMPERATURE (F)   56        41      1981


SUNRISE AND SUNSET
SEPTEMBER 18 2017.....SUNRISE   652 AM CDT   SUNSET   710 PM CDT
SEPTEMBER 19 2017.....SUNRISE   653 AM CDT   SUNSET   709 PM CDT


-  INDICATES NEGATIVE NUMBERS.
R  INDICATES RECORD WAS SET OR TIED.
MM INDICATES DATA IS MISSING.
T  INDICATES TRACE AMOUNT.




$$
