000
CDUS43 KSGF 260627
CLIUNO


CLIMATE REPORT
NATIONAL WEATHER SERVICE SPRINGFIELD MO
1227 AM CST MON JAN 26 2015


...................................

...THE WEST PLAINS MO CLIMATE SUMMARY FOR JANUARY 25 2015...

CLIMATE NORMAL PERIOD 1981 TO 2010
CLIMATE RECORD PERIOD 1947 TO 2015


WEATHER ITEM   OBSERVED TIME   RECORD YEAR NORMAL DEPARTURE LAST
                VALUE   (LST)  VALUE       VALUE  FROM      YEAR
                                                  NORMAL
..................................................................
TEMPERATURE (F)
 YESTERDAY
  MAXIMUM         48   1155 AM  77    1950  45      3       52
  MINIMUM         33   1159 PM  -2    1963  24      9       23
  AVERAGE         41                        34      7       38

PRECIPITATION (IN)
  YESTERDAY        0.06          1.70 2012   0.11  -0.05     0.00
  MONTH TO DATE    2.02                      1.94   0.08     1.57
  SINCE DEC 1      4.99                      5.58  -0.59     3.88
  SINCE JAN 1      2.02                      1.94   0.08     1.57

DEGREE DAYS
 HEATING
  YESTERDAY       24                        31     -7       27
  MONTH TO DATE  802                       775     27      880
  SINCE DEC 1   1632                      1668    -36     1725
  SINCE JUL 1   2644                      2520    124     2637

 COOLING
  YESTERDAY        0                         0      0        0
  MONTH TO DATE    0                         0      0        0
  SINCE DEC 1      0                         0      0        0
  SINCE JAN 1      0                         0      0        0
..................................................................


WIND (MPH)
  HIGHEST WIND SPEED    22   HIGHEST WIND DIRECTION    NW (330)
  HIGHEST GUST SPEED    33   HIGHEST GUST DIRECTION    NW (300)
  AVERAGE WIND SPEED    11.0


SKY COVER
  AVERAGE SKY COVER 0.9


WEATHER CONDITIONS
 THE FOLLOWING WEATHER WAS RECORDED YESTERDAY.
  LIGHT RAIN
  FOG


RELATIVE HUMIDITY (PERCENT)
 HIGHEST    89           800 AM
 LOWEST     53          1200 AM
 AVERAGE    71

..........................................................


THE WEST PLAINS MO CLIMATE NORMALS FOR TODAY
                         NORMAL    RECORD    YEAR
 MAXIMUM TEMPERATURE (F)   45        77      1952
 MINIMUM TEMPERATURE (F)   24         4      1978


SUNRISE AND SUNSET
JANUARY 26 2015.......SUNRISE   714 AM CST   SUNSET   526 PM CST
JANUARY 27 2015.......SUNRISE   714 AM CST   SUNSET   527 PM CST


-  INDICATES NEGATIVE NUMBERS.
R  INDICATES RECORD WAS SET OR TIED.
MM INDICATES DATA IS MISSING.
T  INDICATES TRACE AMOUNT.




$$
