000
CDUS43 KSGF 282348
CLIUNO


CLIMATE REPORT
NATIONAL WEATHER SERVICE SPRINGFIELD MO
547 PM CST TUE NOV 28 2017


...................................

...THE WEST PLAINS MO CLIMATE SUMMARY FOR NOVEMBER 28 2017...
VALID AS OF 0400 PM LOCAL TIME.

CLIMATE NORMAL PERIOD 1981 TO 2010
CLIMATE RECORD PERIOD 1947 TO 2017


WEATHER ITEM   OBSERVED TIME   RECORD YEAR NORMAL DEPARTURE LAST
                VALUE   (LST)  VALUE       VALUE  FROM      YEAR
                                                  NORMAL
..................................................................
TEMPERATURE (F)
 TODAY
  MAXIMUM         71    244 PM  79    1949  51     20       52
  MINIMUM         45    728 AM  10    1958  32     13       44
  AVERAGE         58                        42     16       48

PRECIPITATION (IN)
  TODAY            0.00          1.50 1990   0.16  -0.16    MM
  MONTH TO DATE    0.45                      4.28  -3.83     0.71
  SINCE SEP 1      2.66                     12.21  -9.55     4.12
  SINCE JAN 1     44.85                     42.28   2.57    36.24

DEGREE DAYS
 HEATING
  TODAY            7                        24    -17       17
  MONTH TO DATE  412                       502    -90      372
  SINCE SEP 1    639                       804   -165      484
  SINCE JUL 1    640                       805   -165      484

 COOLING
  TODAY            0                         0      0        0
  MONTH TO DATE    6                         0      6       16
  SINCE SEP 1    288                       180    108      315
  SINCE JAN 1   1389                      1352     37     1604
..................................................................


WIND (MPH)
  HIGHEST WIND SPEED    17   HIGHEST WIND DIRECTION     S (180)
  HIGHEST GUST SPEED    24   HIGHEST GUST DIRECTION     S (190)


SKY COVER
  AVERAGE SKY COVER 0.0


WEATHER CONDITIONS
 THE FOLLOWING WEATHER WAS RECORDED TODAY.
  NO SIGNIFICANT WEATHER WAS OBSERVED.


RELATIVE HUMIDITY (PERCENT)
 HIGHEST    53           700 AM
 LOWEST     26           400 PM
 AVERAGE    40

..........................................................


THE WEST PLAINS MO CLIMATE NORMALS FOR TOMORROW
                         NORMAL    RECORD    YEAR
 MAXIMUM TEMPERATURE (F)   51        73      1970
 MINIMUM TEMPERATURE (F)   31         6      1976


SUNRISE AND SUNSET
NOVEMBER 28 2017......SUNRISE   659 AM CST   SUNSET   452 PM CST
NOVEMBER 29 2017......SUNRISE   700 AM CST   SUNSET   452 PM CST


-  INDICATES NEGATIVE NUMBERS.
R  INDICATES RECORD WAS SET OR TIED.
MM INDICATES DATA IS MISSING.
T  INDICATES TRACE AMOUNT.




$$
