193
CDUS43 KSGF 150639
CLIUNO


CLIMATE REPORT
NATIONAL WEATHER SERVICE SPRINGFIELD MO
138 AM CDT SUN OCT 15 2017


...................................

...THE WEST PLAINS MO CLIMATE SUMMARY FOR OCTOBER 14 2017...

CLIMATE NORMAL PERIOD 1981 TO 2010
CLIMATE RECORD PERIOD 1947 TO 2017


WEATHER ITEM   OBSERVED TIME   RECORD YEAR NORMAL DEPARTURE LAST
                VALUE   (LST)  VALUE       VALUE  FROM      YEAR
                                                  NORMAL
..................................................................
TEMPERATURE (F)
 YESTERDAY
  MAXIMUM         88    340 PM  91    1963  70     18       64
  MINIMUM         59    419 AM  29    1979  45     14       52
  AVERAGE         74                        58     16       58

PRECIPITATION (IN)
  YESTERDAY        0.00          2.79 1984   0.12  -0.12     0.37
  MONTH TO DATE    0.57                      1.66  -1.09     1.72
  SINCE SEP 1      1.08                      5.75  -4.67     3.07
  SINCE JAN 1     43.27                     35.82   7.45    35.19

DEGREE DAYS
 HEATING
  YESTERDAY        0                         8     -8        7
  MONTH TO DATE   18                        88    -70       60
  SINCE SEP 1     23                       129   -106       70
  SINCE JUL 1     24                       130   -106       70

 COOLING
  YESTERDAY        9                         1      8        0
  MONTH TO DATE   70                        18     52       13
  SINCE SEP 1    279                       174    105      239
  SINCE JAN 1   1380                      1346     34     1528
..................................................................


WIND (MPH)
  HIGHEST WIND SPEED    17   HIGHEST WIND DIRECTION     S (190)
  HIGHEST GUST SPEED    25   HIGHEST GUST DIRECTION     S (180)
  AVERAGE WIND SPEED     7.6


SKY COVER
  AVERAGE SKY COVER 0.1


WEATHER CONDITIONS
 THE FOLLOWING WEATHER WAS RECORDED YESTERDAY.
  NO SIGNIFICANT WEATHER WAS OBSERVED.


RELATIVE HUMIDITY (PERCENT)
 HIGHEST    90           300 AM
 LOWEST     40           300 PM
 AVERAGE    65

..........................................................


THE WEST PLAINS MO CLIMATE NORMALS FOR TODAY
                         NORMAL    RECORD    YEAR
 MAXIMUM TEMPERATURE (F)   70        90      1963
 MINIMUM TEMPERATURE (F)   45        29      1961


SUNRISE AND SUNSET
OCTOBER 15 2017.......SUNRISE   715 AM CDT   SUNSET   631 PM CDT
OCTOBER 16 2017.......SUNRISE   716 AM CDT   SUNSET   629 PM CDT


-  INDICATES NEGATIVE NUMBERS.
R  INDICATES RECORD WAS SET OR TIED.
MM INDICATES DATA IS MISSING.
T  INDICATES TRACE AMOUNT.




$$
