000
CDUS43 KSGF 090627
CLIUNO


CLIMATE REPORT
NATIONAL WEATHER SERVICE SPRINGFIELD MO
127 AM CDT WED AUG 9 2017


...................................

...THE WEST PLAINS MO CLIMATE SUMMARY FOR AUGUST 8 2017...

CLIMATE NORMAL PERIOD 1981 TO 2010
CLIMATE RECORD PERIOD 1947 TO 2017


WEATHER ITEM   OBSERVED TIME   RECORD YEAR NORMAL DEPARTURE LAST
                VALUE   (LST)  VALUE       VALUE  FROM      YEAR
                                                  NORMAL
..................................................................
TEMPERATURE (F)
 YESTERDAY
  MAXIMUM         83    412 PM 101    1980  91     -8       84
  MINIMUM         62   1159 PM  49    1989  66     -4       69
  AVERAGE         73                        78     -5       77

PRECIPITATION (IN)
  YESTERDAY        0.00          1.22 2013   0.09  -0.09     0.36
  MONTH TO DATE    1.29                      0.87   0.42     1.13
  SINCE JUN 1      5.29                      8.44  -3.15    14.88
  SINCE JAN 1     40.70                     27.71  12.99    29.62

DEGREE DAYS
 HEATING
  YESTERDAY        0                         0      0        0
  MONTH TO DATE    1                         0      1        0
  SINCE JUN 1      1                         5     -4        0
  SINCE JUL 1      1                         0      1        0

 COOLING
  YESTERDAY        8                        13     -5       12
  MONTH TO DATE   67                       104    -37      122
  SINCE JUN 1    768                       775     -7      927
  SINCE JAN 1    890                       897     -7     1020
..................................................................


WIND (MPH)
  HIGHEST WIND SPEED    13   HIGHEST WIND DIRECTION    NE (60)
  HIGHEST GUST SPEED    18   HIGHEST GUST DIRECTION     E (90)
  AVERAGE WIND SPEED     6.4


SKY COVER
  AVERAGE SKY COVER 0.4


WEATHER CONDITIONS
 THE FOLLOWING WEATHER WAS RECORDED YESTERDAY.
  NO SIGNIFICANT WEATHER WAS OBSERVED.


RELATIVE HUMIDITY (PERCENT)
 HIGHEST    93           400 AM
 LOWEST     43           500 PM
 AVERAGE    68

..........................................................


THE WEST PLAINS MO CLIMATE NORMALS FOR TODAY
                         NORMAL    RECORD    YEAR
 MAXIMUM TEMPERATURE (F)   91       103      1969
 MINIMUM TEMPERATURE (F)   66        51      1989
                                             1990
                                             2004


SUNRISE AND SUNSET
AUGUST  9 2017........SUNRISE   620 AM CDT   SUNSET   806 PM CDT
AUGUST 10 2017........SUNRISE   621 AM CDT   SUNSET   805 PM CDT


-  INDICATES NEGATIVE NUMBERS.
R  INDICATES RECORD WAS SET OR TIED.
MM INDICATES DATA IS MISSING.
T  INDICATES TRACE AMOUNT.




$$
