000
CDUS43 KSGF 152134
CLIUNO


CLIMATE REPORT
NATIONAL WEATHER SERVICE SPRINGFIELD MO
433 PM CDT WED OCT 15 2014


...................................

...THE WEST PLAINS MO CLIMATE SUMMARY FOR OCTOBER 15 2014...
VALID AS OF 0400 PM LOCAL TIME.

CLIMATE NORMAL PERIOD 1981 TO 2010
CLIMATE RECORD PERIOD 1947 TO 2014


WEATHER ITEM   OBSERVED TIME   RECORD YEAR NORMAL DEPARTURE LAST
                VALUE   (LST)  VALUE       VALUE  FROM      YEAR
                                                  NORMAL
..................................................................
TEMPERATURE (F)
 TODAY
  MAXIMUM         68    230 PM  90    1963  70     -2       68
  MINIMUM         48    640 AM  29    1961  45      3       53
  AVERAGE         58                        58      0       61

PRECIPITATION (IN)
  TODAY            0.00          0.70 1967   0.13  -0.13     0.16
                                      1984
  MONTH TO DATE    7.08                      1.79   5.29     1.53
  SINCE SEP 1      9.28                      5.88   3.40     3.18
  SINCE JAN 1     30.90                     35.95  -5.05    45.41

DEGREE DAYS
 HEATING
  TODAY            7                         8     -1        4
  MONTH TO DATE   82                        96    -14       59
  SINCE SEP 1    126                       137    -11       75
  SINCE JUL 1    128                       138    -10       79

 COOLING
  TODAY            0                         1     -1        0
  MONTH TO DATE   24                        19      5       34
  SINCE SEP 1    164                       175    -11      230
  SINCE JAN 1   1219                      1347   -128     1072
..................................................................


WIND (MPH)
  HIGHEST WIND SPEED    18   HIGHEST WIND DIRECTION    NW (300)
  HIGHEST GUST SPEED    28   HIGHEST GUST DIRECTION     W (280)


SKY COVER
  AVERAGE SKY COVER 0.3


WEATHER CONDITIONS
 THE FOLLOWING WEATHER WAS RECORDED TODAY.
  NO SIGNIFICANT WEATHER WAS OBSERVED.


RELATIVE HUMIDITY (PERCENT)
 HIGHEST    80           400 AM
 LOWEST     34           300 PM
 AVERAGE    57

..........................................................


THE WEST PLAINS MO CLIMATE NORMALS FOR TOMORROW
                         NORMAL    RECORD    YEAR
 MAXIMUM TEMPERATURE (F)   70        88      1950
 MINIMUM TEMPERATURE (F)   45        27      1952


SUNRISE AND SUNSET
OCTOBER 15 2014.......SUNRISE   715 AM CDT   SUNSET   631 PM CDT
OCTOBER 16 2014.......SUNRISE   716 AM CDT   SUNSET   630 PM CDT


-  INDICATES NEGATIVE NUMBERS.
R  INDICATES RECORD WAS SET OR TIED.
MM INDICATES DATA IS MISSING.
T  INDICATES TRACE AMOUNT.




$$
