781
CDUS43 KSGF 190627
CLIUNO


CLIMATE REPORT
NATIONAL WEATHER SERVICE SPRINGFIELD MO
1226 AM CST MON FEB 19 2018


...................................

...THE WEST PLAINS MO CLIMATE SUMMARY FOR FEBRUARY 18 2018...

CLIMATE NORMAL PERIOD 1981 TO 2010
CLIMATE RECORD PERIOD 1947 TO 2018


WEATHER ITEM   OBSERVED TIME   RECORD YEAR NORMAL DEPARTURE LAST
                VALUE   (LST)  VALUE       VALUE  FROM      YEAR
                                                  NORMAL
..................................................................
TEMPERATURE (F)
 YESTERDAY
  MAXIMUM         51    351 PM  77    1986  50      1       61
  MINIMUM         26    613 AM  -2    1993  27     -1       47
  AVERAGE         39                        38      1       54

PRECIPITATION (IN)
  YESTERDAY        0.00          2.21 1951   0.11  -0.11     0.12
  MONTH TO DATE    1.24                      1.80  -0.56     0.61
  SINCE DEC 1      5.29                      8.16  -2.87     3.67
  SINCE JAN 1      3.26                      4.52  -1.26     2.65

DEGREE DAYS
 HEATING
  YESTERDAY       26                        26      0       11
  MONTH TO DATE  514                       512      2      355
  SINCE DEC 1   2404                      2364     40     2014
  SINCE JUL 1   3067                      3216   -149     2534

 COOLING
  YESTERDAY        0                         0      0        0
  MONTH TO DATE    6                         0      6        0
  SINCE DEC 1      6                         0      6        0
  SINCE JAN 1      6                         0      6        0
..................................................................


WIND (MPH)
  HIGHEST WIND SPEED    21   HIGHEST WIND DIRECTION    SE (150)
  HIGHEST GUST SPEED    30   HIGHEST GUST DIRECTION     S (160)
  AVERAGE WIND SPEED     8.9


SKY COVER
  AVERAGE SKY COVER 0.5


WEATHER CONDITIONS
 THE FOLLOWING WEATHER WAS RECORDED YESTERDAY.
  FOG
  FOG W/VISIBILITY <= 1/4 MILE


RELATIVE HUMIDITY (PERCENT)
 HIGHEST   100           700 AM
 LOWEST     42           200 PM
 AVERAGE    71

..........................................................


THE WEST PLAINS MO CLIMATE NORMALS FOR TODAY
                         NORMAL    RECORD    YEAR
 MAXIMUM TEMPERATURE (F)   50        73      1981
 MINIMUM TEMPERATURE (F)   27        -6      1993


SUNRISE AND SUNSET
FEBRUARY 19 2018......SUNRISE   651 AM CST   SUNSET   552 PM CST
FEBRUARY 20 2018......SUNRISE   650 AM CST   SUNSET   553 PM CST


-  INDICATES NEGATIVE NUMBERS.
R  INDICATES RECORD WAS SET OR TIED.
MM INDICATES DATA IS MISSING.
T  INDICATES TRACE AMOUNT.




$$
