000
CDUS43 KSGF 240626
CLIUNO


CLIMATE REPORT
NATIONAL WEATHER SERVICE SPRINGFIELD MO
1226 AM CST SAT JAN 24 2015


...................................

...THE WEST PLAINS MO CLIMATE SUMMARY FOR JANUARY 23 2015...

CLIMATE NORMAL PERIOD 1981 TO 2010
CLIMATE RECORD PERIOD 1947 TO 2015


WEATHER ITEM   OBSERVED TIME   RECORD YEAR NORMAL DEPARTURE LAST
                VALUE   (LST)  VALUE       VALUE  FROM      YEAR
                                                  NORMAL
..................................................................
TEMPERATURE (F)
 YESTERDAY
  MAXIMUM         45    231 PM  75    1967  45      0       27
  MINIMUM         24   1021 PM  -8    1963  24      0        3
  AVERAGE         35                        34      1       15

PRECIPITATION (IN)
  YESTERDAY        0.00          1.35 1949   0.11  -0.11     0.00
  MONTH TO DATE    1.96                      1.71   0.25     1.57
  SINCE DEC 1      4.93                      5.35  -0.42     3.88
  SINCE JAN 1      1.96                      1.71   0.25     1.57

DEGREE DAYS
 HEATING
  YESTERDAY       30                        31     -1       50
  MONTH TO DATE  755                       713     42      805
  SINCE DEC 1   1585                      1606    -21     1650
  SINCE JUL 1   2597                      2458    139     2562

 COOLING
  YESTERDAY        0                         0      0        0
  MONTH TO DATE    0                         0      0        0
  SINCE DEC 1      0                         0      0        0
  SINCE JAN 1      0                         0      0        0
..................................................................


WIND (MPH)
  HIGHEST WIND SPEED    13   HIGHEST WIND DIRECTION    NW (320)
  HIGHEST GUST SPEED    16   HIGHEST GUST DIRECTION    NW (310)
  AVERAGE WIND SPEED     5.2


SKY COVER
  AVERAGE SKY COVER 0.1


WEATHER CONDITIONS
 THE FOLLOWING WEATHER WAS RECORDED YESTERDAY.
  FOG
  HAZE


RELATIVE HUMIDITY (PERCENT)
 HIGHEST    92           800 AM
 LOWEST     46           500 PM
 AVERAGE    69

..........................................................


THE WEST PLAINS MO CLIMATE NORMALS FOR TODAY
                         NORMAL    RECORD    YEAR
 MAXIMUM TEMPERATURE (F)   45        76      2002
 MINIMUM TEMPERATURE (F)   24       -11      1963


SUNRISE AND SUNSET
JANUARY 24 2015.......SUNRISE   716 AM CST   SUNSET   524 PM CST
JANUARY 25 2015.......SUNRISE   715 AM CST   SUNSET   525 PM CST


-  INDICATES NEGATIVE NUMBERS.
R  INDICATES RECORD WAS SET OR TIED.
MM INDICATES DATA IS MISSING.
T  INDICATES TRACE AMOUNT.




$$
