000
CDUS43 KSGF 240635
CLIUNO


CLIMATE REPORT
NATIONAL WEATHER SERVICE SPRINGFIELD MO
126 AM CDT WED JUN 24 2015


...................................

...THE WEST PLAINS MO CLIMATE SUMMARY FOR JUNE 23 2015...

CLIMATE NORMAL PERIOD 1981 TO 2010
CLIMATE RECORD PERIOD 1947 TO 2015


WEATHER ITEM   OBSERVED TIME   RECORD YEAR NORMAL DEPARTURE LAST
                VALUE   (LST)  VALUE       VALUE  FROM      YEAR
                                                  NORMAL
..................................................................
TEMPERATURE (F)
 YESTERDAY
  MAXIMUM         91    448 PM  99    1952  86      5       83
  MINIMUM         73    132 AM  45    1992  65      8       68
  AVERAGE         82                        76      6       76

PRECIPITATION (IN)
  YESTERDAY        0.00          4.65 1976   0.13  -0.13     1.28
  MONTH TO DATE    4.59                      3.09   1.50     3.54
  SINCE JUN 1      4.59                      3.09   1.50     3.54
  SINCE JAN 1     22.20                     22.36  -0.16    15.52

DEGREE DAYS
 HEATING
  YESTERDAY        0                         0      0        0
  MONTH TO DATE    5                         4      1        2
  SINCE JUN 1      5                         4      1        2
  SINCE JUL 1   4642                      4346    296     4859

 COOLING
  YESTERDAY       17                        11      6       11
  MONTH TO DATE  238                       187     51      188
  SINCE JUN 1    238                       187     51      188
  SINCE JAN 1    360                       309     51      338
..................................................................


WIND (MPH)
  HIGHEST WIND SPEED    17   HIGHEST WIND DIRECTION     W (280)
  HIGHEST GUST SPEED    23   HIGHEST GUST DIRECTION     W (280)
  AVERAGE WIND SPEED     7.6


SKY COVER
  AVERAGE SKY COVER 0.2


WEATHER CONDITIONS
 THE FOLLOWING WEATHER WAS RECORDED YESTERDAY.
  NO SIGNIFICANT WEATHER WAS OBSERVED.


RELATIVE HUMIDITY (PERCENT)
 HIGHEST    94          1000 PM
 LOWEST     56           200 PM
 AVERAGE    75

..........................................................


THE WEST PLAINS MO CLIMATE NORMALS FOR TODAY
                         NORMAL    RECORD    YEAR
 MAXIMUM TEMPERATURE (F)   86       100      1952
 MINIMUM TEMPERATURE (F)   65        47      1961


SUNRISE AND SUNSET
JUNE 24 2015..........SUNRISE   549 AM CDT   SUNSET   831 PM CDT
JUNE 25 2015..........SUNRISE   550 AM CDT   SUNSET   831 PM CDT


-  INDICATES NEGATIVE NUMBERS.
R  INDICATES RECORD WAS SET OR TIED.
MM INDICATES DATA IS MISSING.
T  INDICATES TRACE AMOUNT.




$$
