000
CDUS43 KSGF 060630
CLIUNO


CLIMATE REPORT
NATIONAL WEATHER SERVICE SPRINGFIELD MO
1230 AM CST FRI JAN 6 2017


...................................

...THE WEST PLAINS MO CLIMATE SUMMARY FOR JANUARY 5 2017...

CLIMATE NORMAL PERIOD 1981 TO 2010
CLIMATE RECORD PERIOD 1947 TO 2017


WEATHER ITEM   OBSERVED TIME   RECORD YEAR NORMAL DEPARTURE LAST
                VALUE   (LST)  VALUE       VALUE  FROM      YEAR
                                                  NORMAL
..................................................................
TEMPERATURE (F)
 YESTERDAY
  MAXIMUM         27    110 AM  73    1997  44    -17       39
  MINIMUM         15   1159 PM  -3    1959  23     -8       18
  AVERAGE         21                        34    -13       29

PRECIPITATION (IN)
  YESTERDAY        T             1.30 1993   0.07  -0.07     0.00
  MONTH TO DATE    0.18                      0.34  -0.16     0.00
  SINCE DEC 1      1.20                      3.98  -2.78     9.04
  SINCE JAN 1      0.18                      0.34  -0.16     0.00

DEGREE DAYS
 HEATING
  YESTERDAY       44                        31     13       36
  MONTH TO DATE  157                       155      2      153
  SINCE DEC 1   1027                      1048    -21      763
  SINCE JUL 1   1547                      1900   -353     1398

 COOLING
  YESTERDAY        0                         0      0        0
  MONTH TO DATE    0                         0      0        0
  SINCE DEC 1      0                         0      0        0
  SINCE JAN 1      0                         0      0        0
..................................................................


WIND (MPH)
  HIGHEST WIND SPEED    15   HIGHEST WIND DIRECTION     N (350)
  HIGHEST GUST SPEED    20   HIGHEST GUST DIRECTION     N (360)
  AVERAGE WIND SPEED     7.9


SKY COVER
  AVERAGE SKY COVER 0.9


WEATHER CONDITIONS
 THE FOLLOWING WEATHER WAS RECORDED YESTERDAY.
  LIGHT SNOW


RELATIVE HUMIDITY (PERCENT)
 HIGHEST    92           800 AM
 LOWEST     55          1200 AM
 AVERAGE    74

..........................................................


THE WEST PLAINS MO CLIMATE NORMALS FOR TODAY
                         NORMAL    RECORD    YEAR
 MAXIMUM TEMPERATURE (F)   44        70      2008
 MINIMUM TEMPERATURE (F)   23        -4      2014


SUNRISE AND SUNSET
JANUARY  6 2017.......SUNRISE   721 AM CST   SUNSET   507 PM CST
JANUARY  7 2017.......SUNRISE   721 AM CST   SUNSET   507 PM CST


-  INDICATES NEGATIVE NUMBERS.
R  INDICATES RECORD WAS SET OR TIED.
MM INDICATES DATA IS MISSING.
T  INDICATES TRACE AMOUNT.




$$
