000
CDUS43 KSGF 072330
CLIUNO


CLIMATE REPORT
NATIONAL WEATHER SERVICE SPRINGFIELD MO
528 PM CST WED FEB 7 2018


...................................

...THE WEST PLAINS MO CLIMATE SUMMARY FOR FEBRUARY 7 2018...
VALID TODAY AS OF 0500 PM LOCAL TIME.

CLIMATE NORMAL PERIOD 1981 TO 2010
CLIMATE RECORD PERIOD 1947 TO 2018


WEATHER ITEM   OBSERVED TIME   RECORD YEAR NORMAL DEPARTURE LAST
                VALUE   (LST)  VALUE       VALUE  FROM      YEAR
                                                  NORMAL
..................................................................
TEMPERATURE (F)
 TODAY
  MAXIMUM         41    324 PM  76    2017  47     -6       76
  MINIMUM         20    744 AM   1    1982  25     -5       48
  AVERAGE         31                        36     -5       62

PRECIPITATION (IN)
  TODAY            0.00          1.71 1999   0.11  -0.11     0.00
  MONTH TO DATE    0.05                      0.65  -0.60     0.00
  SINCE DEC 1      4.10                      7.01  -2.91     3.06
  SINCE JAN 1      2.07                      3.37  -1.30     2.04

DEGREE DAYS
 COOLING
  TODAY            0                         0      0        0
  MONTH TO DATE    0                         0      0        0
  SINCE DEC 1      0                         0      0        0
  SINCE JAN 1      0                         0      0        0
..................................................................


WIND (MPH)
  HIGHEST WIND SPEED    15   HIGHEST WIND DIRECTION     N (350)
  HIGHEST GUST SPEED    26   HIGHEST GUST DIRECTION     N (360)


SKY COVER
  AVERAGE SKY COVER 0.4


WEATHER CONDITIONS
 THE FOLLOWING WEATHER WAS RECORDED TODAY.
  FOG


RELATIVE HUMIDITY (PERCENT)
 HIGHEST    92          1200 AM
 LOWEST     40           400 PM
 AVERAGE    66

..........................................................


THE WEST PLAINS MO CLIMATE NORMALS FOR TOMORROW
                         NORMAL    RECORD    YEAR
 MAXIMUM TEMPERATURE (F)   47        69      2015
 MINIMUM TEMPERATURE (F)   25         0      1985


SUNRISE AND SUNSET
FEBRUARY  7 2018......SUNRISE   704 AM CST   SUNSET   540 PM CST
FEBRUARY  8 2018......SUNRISE   703 AM CST   SUNSET   541 PM CST


-  INDICATES NEGATIVE NUMBERS.
R  INDICATES RECORD WAS SET OR TIED.
MM INDICATES DATA IS MISSING.
T  INDICATES TRACE AMOUNT.




$$
