000
CDUS43 KSGF 110627
CLIUNO


CLIMATE REPORT
NATIONAL WEATHER SERVICE SPRINGFIELD MO
127 AM CDT TUE APR 11 2017


...................................

...THE WEST PLAINS MO CLIMATE SUMMARY FOR APRIL 10 2017...

CLIMATE NORMAL PERIOD 1981 TO 2010
CLIMATE RECORD PERIOD 1947 TO 2017


WEATHER ITEM   OBSERVED TIME   RECORD YEAR NORMAL DEPARTURE LAST
                VALUE   (LST)  VALUE       VALUE  FROM      YEAR
                                                  NORMAL
..................................................................
TEMPERATURE (F)
 YESTERDAY
  MAXIMUM         73    339 PM  89    2001  68      5       75
  MINIMUM         59   1145 PM  26    1960  44     15       45
                                      1973
  AVERAGE         66                        56     10       60

PRECIPITATION (IN)
  YESTERDAY        0.00          2.42 2008   0.15  -0.15     0.07
  MONTH TO DATE    1.45                      1.33   0.12     0.35
  SINCE MAR 1      7.74                      5.62   2.12     4.28
  SINCE JAN 1     12.37                     11.18   1.19     6.92

DEGREE DAYS
 HEATING
  YESTERDAY        0                        10    -10        5
  MONTH TO DATE   68                       110    -42      111
  SINCE MAR 1    497                       656   -159      505
  SINCE JUL 1   3146                      4120   -974     3338

 COOLING
  YESTERDAY        1                         1      0        0
  MONTH TO DATE    2                         5     -3        0
  SINCE MAR 1      6                         9     -3        4
  SINCE JAN 1      7                         9     -2        4
..................................................................


WIND (MPH)
  HIGHEST WIND SPEED    18   HIGHEST WIND DIRECTION     S (180)
  HIGHEST GUST SPEED    27   HIGHEST GUST DIRECTION     S (200)
  AVERAGE WIND SPEED    10.5


SKY COVER
  AVERAGE SKY COVER 0.6


WEATHER CONDITIONS
 THE FOLLOWING WEATHER WAS RECORDED YESTERDAY.
  NO SIGNIFICANT WEATHER WAS OBSERVED.


RELATIVE HUMIDITY (PERCENT)
 HIGHEST    93           900 PM
 LOWEST     58          1200 AM
 AVERAGE    76

..........................................................


THE WEST PLAINS MO CLIMATE NORMALS FOR TODAY
                         NORMAL    RECORD    YEAR
 MAXIMUM TEMPERATURE (F)   69        85      1965
 MINIMUM TEMPERATURE (F)   44        19      1989


SUNRISE AND SUNSET
APRIL 11 2017.........SUNRISE   639 AM CDT   SUNSET   739 PM CDT
APRIL 12 2017.........SUNRISE   637 AM CDT   SUNSET   740 PM CDT


-  INDICATES NEGATIVE NUMBERS.
R  INDICATES RECORD WAS SET OR TIED.
MM INDICATES DATA IS MISSING.
T  INDICATES TRACE AMOUNT.




$$
