000
CDUS43 KSGF 300625
CLIUNO


CLIMATE REPORT
NATIONAL WEATHER SERVICE SPRINGFIELD MO
125 AM CDT TUE JUN 30 2015


...................................

...THE WEST PLAINS MO CLIMATE SUMMARY FOR JUNE 29 2015...

CLIMATE NORMAL PERIOD 1981 TO 2010
CLIMATE RECORD PERIOD 1947 TO 2015


WEATHER ITEM   OBSERVED TIME   RECORD YEAR NORMAL DEPARTURE LAST
                VALUE   (LST)  VALUE       VALUE  FROM      YEAR
                                                  NORMAL
..................................................................
TEMPERATURE (F)
 YESTERDAY
  MAXIMUM         86    222 PM 105    1952  87     -1       79
  MINIMUM         66    505 AM  52    1985  66      0       70
  AVERAGE         76                        77     -1       75

PRECIPITATION (IN)
  YESTERDAY        0.00          1.74 1951   0.13  -0.13     0.96
  MONTH TO DATE    5.72                      3.89   1.83     5.23
  SINCE JUN 1      5.72                      3.89   1.83     5.23
  SINCE JAN 1     23.33                     23.16   0.17    17.21

DEGREE DAYS
 HEATING
  YESTERDAY        0                         0      0        0
  MONTH TO DATE    5                         4      1        2
  SINCE JUN 1      5                         4      1        2
  SINCE JUL 1   4642                      4346    296     4859

 COOLING
  YESTERDAY       11                        12     -1       10
  MONTH TO DATE  305                       255     50      249
  SINCE JUN 1    305                       255     50      249
  SINCE JAN 1    427                       377     50      399
..................................................................


WIND (MPH)
  HIGHEST WIND SPEED    14   HIGHEST WIND DIRECTION    NW (320)
  HIGHEST GUST SPEED    20   HIGHEST GUST DIRECTION    NW (320)
  AVERAGE WIND SPEED     5.9


SKY COVER
  AVERAGE SKY COVER 0.1


WEATHER CONDITIONS
 THE FOLLOWING WEATHER WAS RECORDED YESTERDAY.
  NO SIGNIFICANT WEATHER WAS OBSERVED.


RELATIVE HUMIDITY (PERCENT)
 HIGHEST    93           100 AM
 LOWEST     48           200 PM
 AVERAGE    71

..........................................................


THE WEST PLAINS MO CLIMATE NORMALS FOR TODAY
                         NORMAL    RECORD    YEAR
 MAXIMUM TEMPERATURE (F)   88       103      1952
 MINIMUM TEMPERATURE (F)   66        50      1950


SUNRISE AND SUNSET
JUNE 30 2015..........SUNRISE   552 AM CDT   SUNSET   831 PM CDT
JULY  1 2015..........SUNRISE   552 AM CDT   SUNSET   831 PM CDT


-  INDICATES NEGATIVE NUMBERS.
R  INDICATES RECORD WAS SET OR TIED.
MM INDICATES DATA IS MISSING.
T  INDICATES TRACE AMOUNT.




$$
