000
CDUS43 KSGF 222248
CLIUNO


CLIMATE REPORT
NATIONAL WEATHER SERVICE SPRINGFIELD MO
448 PM CST MON DEC 22 2014


...................................

...THE WEST PLAINS MO CLIMATE SUMMARY FOR DECEMBER 22 2014...
VALID AS OF 0400 PM LOCAL TIME.

CLIMATE NORMAL PERIOD 1981 TO 2010
CLIMATE RECORD PERIOD 1947 TO 2014


WEATHER ITEM   OBSERVED TIME   RECORD YEAR NORMAL DEPARTURE LAST
                VALUE   (LST)  VALUE       VALUE  FROM      YEAR
                                                  NORMAL
..................................................................
TEMPERATURE (F)
 TODAY
  MAXIMUM         49    359 PM  67    1970  45      4       39
  MINIMUM         40    150 AM -13    1989  24     16       27
  AVERAGE         45                        35     10       33

PRECIPITATION (IN)
  TODAY            0.11          1.01 2003   0.11   0.00      T
  MONTH TO DATE    2.41                      2.92  -0.51     2.31
  SINCE DEC 1      2.41                      2.92  -0.51     2.31
  SINCE JAN 1     35.84                     45.50  -9.66    54.20

DEGREE DAYS
 HEATING
  TODAY           20                        30    -10       32
  MONTH TO DATE  560                       617    -57      542
  SINCE DEC 1    560                       617    -57      542
  SINCE JUL 1   1572                      1469    103     1454

 COOLING
  TODAY            0                         0      0        0
  MONTH TO DATE    0                         0      0        0
  SINCE DEC 1      0                         0      0        0
  SINCE JAN 1   1231                      1354   -123     1073
..................................................................


WIND (MPH)
  HIGHEST WIND SPEED    15   HIGHEST WIND DIRECTION     S (160)
  HIGHEST GUST SPEED    20   HIGHEST GUST DIRECTION     S (160)


SKY COVER
  AVERAGE SKY COVER 1.0


WEATHER CONDITIONS
 THE FOLLOWING WEATHER WAS RECORDED TODAY.
  LIGHT RAIN
  FOG


RELATIVE HUMIDITY (PERCENT)
 HIGHEST    93          1200 PM
 LOWEST     70           300 AM
 AVERAGE    82

..........................................................


THE WEST PLAINS MO CLIMATE NORMALS FOR TOMORROW
                         NORMAL    RECORD    YEAR
 MAXIMUM TEMPERATURE (F)   45        68      1996
 MINIMUM TEMPERATURE (F)   24       -12      1989


SUNRISE AND SUNSET
DECEMBER 22 2014......SUNRISE   717 AM CST   SUNSET   455 PM CST
DECEMBER 23 2014......SUNRISE   718 AM CST   SUNSET   456 PM CST


-  INDICATES NEGATIVE NUMBERS.
R  INDICATES RECORD WAS SET OR TIED.
MM INDICATES DATA IS MISSING.
T  INDICATES TRACE AMOUNT.




$$
