000
CDUS43 KSGF 092227
CLIUNO


CLIMATE REPORT
NATIONAL WEATHER SERVICE SPRINGFIELD MO
426 PM CST MON JAN 9 2017


...................................

...THE WEST PLAINS MO CLIMATE SUMMARY FOR JANUARY 9 2017...
VALID AS OF 0400 PM LOCAL TIME.

CLIMATE NORMAL PERIOD 1981 TO 2010
CLIMATE RECORD PERIOD 1947 TO 2017


WEATHER ITEM   OBSERVED TIME   RECORD YEAR NORMAL DEPARTURE LAST
                VALUE   (LST)  VALUE       VALUE  FROM      YEAR
                                                  NORMAL
..................................................................
TEMPERATURE (F)
 TODAY
  MAXIMUM         48    204 PM  72    1957  44      4       42
  MINIMUM         17    603 AM  -2    1962  23     -6       20
                                      1979
  AVERAGE         33                        34     -1       31

PRECIPITATION (IN)
  TODAY            0.00          1.46 1954   0.06  -0.06     0.46
  MONTH TO DATE    0.18                      0.59  -0.41     0.80
  SINCE DEC 1      1.20                      4.23  -3.03     9.84
  SINCE JAN 1      0.18                      0.59  -0.41     0.80

DEGREE DAYS
 HEATING
  TODAY           32                        31      1       34
  MONTH TO DATE  331                       279     52      255
  SINCE DEC 1   1201                      1172     29      865
  SINCE JUL 1   1721                      2024   -303     1500

 COOLING
  TODAY            0                         0      0        0
  MONTH TO DATE    0                         0      0        0
  SINCE DEC 1      0                         0      0        0
  SINCE JAN 1      0                         0      0        0
..................................................................


WIND (MPH)
  HIGHEST WIND SPEED    18   HIGHEST WIND DIRECTION     S (180)
  HIGHEST GUST SPEED    28   HIGHEST GUST DIRECTION    SW (220)


SKY COVER
  AVERAGE SKY COVER 0.1


WEATHER CONDITIONS
 THE FOLLOWING WEATHER WAS RECORDED TODAY.
  NO SIGNIFICANT WEATHER WAS OBSERVED.


RELATIVE HUMIDITY (PERCENT)
 HIGHEST    80           300 AM
 LOWEST     40          1200 PM
 AVERAGE    60

..........................................................


THE WEST PLAINS MO CLIMATE NORMALS FOR TOMORROW
                         NORMAL    RECORD    YEAR
 MAXIMUM TEMPERATURE (F)   44        67      1960
 MINIMUM TEMPERATURE (F)   23       -11      1977


SUNRISE AND SUNSET
JANUARY  9 2017.......SUNRISE   721 AM CST   SUNSET   509 PM CST
JANUARY 10 2017.......SUNRISE   721 AM CST   SUNSET   510 PM CST


-  INDICATES NEGATIVE NUMBERS.
R  INDICATES RECORD WAS SET OR TIED.
MM INDICATES DATA IS MISSING.
T  INDICATES TRACE AMOUNT.




$$
