754
CDUS43 KSGF 180630
CLIUNO


CLIMATE REPORT
NATIONAL WEATHER SERVICE SPRINGFIELD MO
129 AM CDT WED MAY 18 2016


...................................

...THE WEST PLAINS MO CLIMATE SUMMARY FOR MAY 17 2016...

CLIMATE NORMAL PERIOD 1981 TO 2010
CLIMATE RECORD PERIOD 1947 TO 2016


WEATHER ITEM   OBSERVED TIME   RECORD YEAR NORMAL DEPARTURE LAST
                VALUE   (LST)  VALUE       VALUE  FROM      YEAR
                                                  NORMAL
..................................................................
TEMPERATURE (F)
 YESTERDAY
  MAXIMUM         54   1231 AM  90    2001  77    -23       76
  MINIMUM         50   1159 PM  37    1973  55     -5       62
  AVERAGE         52                        66    -14       69

PRECIPITATION (IN)
  YESTERDAY        0.32          1.23 1966   0.13   0.19     0.73
  MONTH TO DATE    3.45                      3.08   0.37     4.55
  SINCE MAR 1      8.68                     11.85  -3.17     9.91
  SINCE JAN 1     11.32                     17.41  -6.09    14.59

DEGREE DAYS
 HEATING
  YESTERDAY       13                         3     10        0
  MONTH TO DATE   89                        60     29       37
  SINCE MAR 1    669                       858   -189      805
  SINCE JUL 1   3502                      4322   -820     4602

 COOLING
  YESTERDAY        0                         3     -3        4
  MONTH TO DATE   23                        35    -12       50
  SINCE MAR 1     39                        63    -24       66
  SINCE JAN 1     39                        63    -24       66
..................................................................


WIND (MPH)
  HIGHEST WIND SPEED    16   HIGHEST WIND DIRECTION    NE (40)
  HIGHEST GUST SPEED    23   HIGHEST GUST DIRECTION    NE (40)
  AVERAGE WIND SPEED     8.8


SKY COVER
  AVERAGE SKY COVER 1.0


WEATHER CONDITIONS
 THE FOLLOWING WEATHER WAS RECORDED YESTERDAY.
  HEAVY RAIN
  RAIN
  LIGHT RAIN
  FOG


RELATIVE HUMIDITY (PERCENT)
 HIGHEST    93           100 AM
 LOWEST     83           300 PM
 AVERAGE    88

..........................................................


THE WEST PLAINS MO CLIMATE NORMALS FOR TODAY
                         NORMAL    RECORD    YEAR
 MAXIMUM TEMPERATURE (F)   77        89      2001
 MINIMUM TEMPERATURE (F)   55        37      2002


SUNRISE AND SUNSET
MAY 18 2016...........SUNRISE   557 AM CDT   SUNSET   811 PM CDT
MAY 19 2016...........SUNRISE   556 AM CDT   SUNSET   812 PM CDT


-  INDICATES NEGATIVE NUMBERS.
R  INDICATES RECORD WAS SET OR TIED.
MM INDICATES DATA IS MISSING.
T  INDICATES TRACE AMOUNT.




$$
