000
CDUS43 KSGF 012127
CLIUNO


CLIMATE REPORT
NATIONAL WEATHER SERVICE SPRINGFIELD MO
427 PM CDT WED OCT 1 2014


...................................

...THE WEST PLAINS MO CLIMATE SUMMARY FOR OCTOBER 1 2014...
VALID AS OF 0400 PM LOCAL TIME.

CLIMATE NORMAL PERIOD 1981 TO 2010
CLIMATE RECORD PERIOD 1947 TO 2014


WEATHER ITEM   OBSERVED TIME   RECORD YEAR NORMAL DEPARTURE LAST
                VALUE   (LST)  VALUE       VALUE  FROM      YEAR
                                                  NORMAL
..................................................................
TEMPERATURE (F)
 TODAY
  MAXIMUM         85    259 PM  94    1952  75     10       81
  MINIMUM         54    519 AM  30    1985  50      4       67
  AVERAGE         70                        62      8       74

PRECIPITATION (IN)
  TODAY            0.00          1.18 1988   0.12  -0.12     0.00
  MONTH TO DATE    0.00                      0.12  -0.12     0.00
  SINCE SEP 1      2.20                      4.21  -2.01     1.65
  SINCE JAN 1     23.82                     34.28 -10.46    43.88

DEGREE DAYS
 HEATING
  TODAY            0                         5     -5        0
  MONTH TO DATE    0                         5     -5        0
  SINCE SEP 1     44                        46     -2       16
  SINCE JUL 1     46                        47     -1       20

 COOLING
  TODAY            5                         2      3        9
  MONTH TO DATE    5                         2      3        9
  SINCE SEP 1    145                       158    -13      205
  SINCE JAN 1   1200                      1330   -130     1047
..................................................................


WIND (MPH)
  HIGHEST WIND SPEED    18   HIGHEST WIND DIRECTION     S (170)
  HIGHEST GUST SPEED    24   HIGHEST GUST DIRECTION     S (160)


SKY COVER
  AVERAGE SKY COVER 0.2


WEATHER CONDITIONS
 THE FOLLOWING WEATHER WAS RECORDED TODAY.
  NO SIGNIFICANT WEATHER WAS OBSERVED.


RELATIVE HUMIDITY (PERCENT)
 HIGHEST    86          1200 AM
 LOWEST     51           200 PM
 AVERAGE    69

..........................................................


THE WEST PLAINS MO CLIMATE NORMALS FOR TOMORROW
                         NORMAL    RECORD    YEAR
 MAXIMUM TEMPERATURE (F)   75        94      1953
 MINIMUM TEMPERATURE (F)   49        28      1985


SUNRISE AND SUNSET
OCTOBER  1 2014.......SUNRISE   703 AM CDT   SUNSET   651 PM CDT
OCTOBER  2 2014.......SUNRISE   704 AM CDT   SUNSET   649 PM CDT


-  INDICATES NEGATIVE NUMBERS.
R  INDICATES RECORD WAS SET OR TIED.
MM INDICATES DATA IS MISSING.
T  INDICATES TRACE AMOUNT.




$$
