000
CDUS43 KSGF 220626
CLIUNO


CLIMATE REPORT
NATIONAL WEATHER SERVICE SPRINGFIELD MO
1225 AM CST THU JAN 22 2015


...................................

...THE WEST PLAINS MO CLIMATE SUMMARY FOR JANUARY 21 2015...

CLIMATE NORMAL PERIOD 1981 TO 2010
CLIMATE RECORD PERIOD 1947 TO 2015


WEATHER ITEM   OBSERVED TIME   RECORD YEAR NORMAL DEPARTURE LAST
                VALUE   (LST)  VALUE       VALUE  FROM      YEAR
                                                  NORMAL
..................................................................
TEMPERATURE (F)
 YESTERDAY
  MAXIMUM         54    302 PM  76    1986  45      9       40
  MINIMUM         29    713 AM -11    1985  24      5       14
  AVERAGE         42                        34      8       27

PRECIPITATION (IN)
  YESTERDAY        0.00          2.03 1962   0.10  -0.10      T
  MONTH TO DATE    1.96                      1.50   0.46     1.57
  SINCE DEC 1      4.93                      5.14  -0.21     3.88
  SINCE JAN 1      1.96                      1.50   0.46     1.57

DEGREE DAYS
 HEATING
  YESTERDAY       23                        31     -8       38
  MONTH TO DATE  697                       651     46      718
  SINCE DEC 1   1527                      1544    -17     1563
  SINCE JUL 1   2539                      2396    143     2475

 COOLING
  YESTERDAY        0                         0      0        0
  MONTH TO DATE    0                         0      0        0
  SINCE DEC 1      0                         0      0        0
  SINCE JAN 1      0                         0      0        0
..................................................................


WIND (MPH)
  HIGHEST WIND SPEED    15   HIGHEST WIND DIRECTION    NW (310)
  HIGHEST GUST SPEED    22   HIGHEST GUST DIRECTION    NW (320)
  AVERAGE WIND SPEED     6.0


SKY COVER
  AVERAGE SKY COVER 0.2


WEATHER CONDITIONS
 THE FOLLOWING WEATHER WAS RECORDED YESTERDAY.
  FOG
  FOG W/VISIBILITY <= 1/4 MILE


RELATIVE HUMIDITY (PERCENT)
 HIGHEST   100           100 AM
 LOWEST     32           400 PM
 AVERAGE    66

..........................................................


THE WEST PLAINS MO CLIMATE NORMALS FOR TODAY
                         NORMAL    RECORD    YEAR
 MAXIMUM TEMPERATURE (F)   45        72      1967
 MINIMUM TEMPERATURE (F)   24         2      1994


SUNRISE AND SUNSET
JANUARY 22 2015.......SUNRISE   717 AM CST   SUNSET   522 PM CST
JANUARY 23 2015.......SUNRISE   716 AM CST   SUNSET   523 PM CST


-  INDICATES NEGATIVE NUMBERS.
R  INDICATES RECORD WAS SET OR TIED.
MM INDICATES DATA IS MISSING.
T  INDICATES TRACE AMOUNT.




$$
