900
CDUS43 KSGF 112226
CLIUNO


CLIMATE REPORT
NATIONAL WEATHER SERVICE SPRINGFIELD MO
426 PM CST MON DEC 11 2017


...................................

...THE WEST PLAINS MO CLIMATE SUMMARY FOR DECEMBER 11 2017...
VALID AS OF 0400 PM LOCAL TIME.

CLIMATE NORMAL PERIOD 1981 TO 2010
CLIMATE RECORD PERIOD 1947 TO 2017


WEATHER ITEM   OBSERVED TIME   RECORD YEAR NORMAL DEPARTURE LAST
                VALUE   (LST)  VALUE       VALUE  FROM      YEAR
                                                  NORMAL
..................................................................
TEMPERATURE (F)
 TODAY
  MAXIMUM         68   1243 PM  71    1949  47     21       46
  MINIMUM         33    704 AM   1    1995  27      6       36
  AVERAGE         51                        37     14       41

PRECIPITATION (IN)
  TODAY            0.00          1.87 1965   0.14  -0.14     0.06
  MONTH TO DATE    0.37                      1.67  -1.30     0.30
  SINCE DEC 1      0.37                      1.67  -1.30     0.30
  SINCE JAN 1     45.22                     44.25   0.97    36.54

DEGREE DAYS
 HEATING
  TODAY           14                        28    -14       24
  MONTH TO DATE  252                       293    -41      328
  SINCE DEC 1    252                       293    -41      328
  SINCE JUL 1    915                      1145   -230      848

 COOLING
  TODAY            0                         0      0        0
  MONTH TO DATE    0                         0      0        0
  SINCE DEC 1      0                         0      0        0
  SINCE JAN 1   1389                      1354     35     1604
..................................................................


WIND (MPH)
  HIGHEST WIND SPEED    23   HIGHEST WIND DIRECTION    NW (310)
  HIGHEST GUST SPEED    36   HIGHEST GUST DIRECTION     W (280)


SKY COVER
  AVERAGE SKY COVER 0.0


WEATHER CONDITIONS
 THE FOLLOWING WEATHER WAS RECORDED TODAY.
  NO SIGNIFICANT WEATHER WAS OBSERVED.


RELATIVE HUMIDITY (PERCENT)
 HIGHEST    64           400 AM
 LOWEST     13           100 PM
 AVERAGE    39

..........................................................


THE WEST PLAINS MO CLIMATE NORMALS FOR TOMORROW
                         NORMAL    RECORD    YEAR
 MAXIMUM TEMPERATURE (F)   47        71      2015
 MINIMUM TEMPERATURE (F)   27        -3      1962


SUNRISE AND SUNSET
DECEMBER 11 2017......SUNRISE   711 AM CST   SUNSET   451 PM CST
DECEMBER 12 2017......SUNRISE   711 AM CST   SUNSET   452 PM CST


-  INDICATES NEGATIVE NUMBERS.
R  INDICATES RECORD WAS SET OR TIED.
MM INDICATES DATA IS MISSING.
T  INDICATES TRACE AMOUNT.




$$
