000
CDUS43 KSGF 142243
CLIUNO


CLIMATE REPORT
NATIONAL WEATHER SERVICE SPRINGFIELD MO
543 PM CDT FRI JUL 14 2017


...................................

...THE WEST PLAINS MO CLIMATE SUMMARY FOR JULY 14 2017...
VALID TODAY AS OF 0500 PM LOCAL TIME.

CLIMATE NORMAL PERIOD 1981 TO 2010
CLIMATE RECORD PERIOD 1947 TO 2017


WEATHER ITEM   OBSERVED TIME   RECORD YEAR NORMAL DEPARTURE LAST
                VALUE   (LST)  VALUE       VALUE  FROM      YEAR
                                                  NORMAL
..................................................................
TEMPERATURE (F)
 TODAY
  MAXIMUM         92    359 PM 107    1954  90      2       90
  MINIMUM         71    621 AM  49    1967  67      4       67
  AVERAGE         82                        78      4       79

PRECIPITATION (IN)
  TODAY            0.23          1.13 2016   0.14   0.09     1.13
  MONTH TO DATE    1.99                      1.70   0.29     2.75
  SINCE JUN 1      3.66                      5.72  -2.06     7.16
  SINCE JAN 1     39.07                     24.99  14.08    21.90

DEGREE DAYS
 HEATING
  TODAY            0                         0      0        0
  MONTH TO DATE    0                         0      0        0
  SINCE JUN 1      0                         5     -5        0
  SINCE JUL 1      0                         0      0        0

 COOLING
  TODAY           17                        13      4       14
  MONTH TO DATE  186                       178      8      181
  SINCE JUN 1    440                       444     -4      531
  SINCE JAN 1    562                       566     -4      624
..................................................................


WIND (MPH)
  HIGHEST WIND SPEED    17   HIGHEST WIND DIRECTION    NW (310)
  HIGHEST GUST SPEED    23   HIGHEST GUST DIRECTION    NW (320)


SKY COVER
  AVERAGE SKY COVER 0.3


WEATHER CONDITIONS
 THE FOLLOWING WEATHER WAS RECORDED TODAY.
  THUNDERSTORM
  HEAVY RAIN
  LIGHT RAIN
  FOG


RELATIVE HUMIDITY (PERCENT)
 HIGHEST    93           400 AM
 LOWEST     44           400 PM
 AVERAGE    69

..........................................................


THE WEST PLAINS MO CLIMATE NORMALS FOR TOMORROW
                         NORMAL    RECORD    YEAR
 MAXIMUM TEMPERATURE (F)   90       104      1980
 MINIMUM TEMPERATURE (F)   67        53      1967
                                             1990


SUNRISE AND SUNSET
JULY 14 2017..........SUNRISE   600 AM CDT   SUNSET   827 PM CDT
JULY 15 2017..........SUNRISE   600 AM CDT   SUNSET   827 PM CDT


-  INDICATES NEGATIVE NUMBERS.
R  INDICATES RECORD WAS SET OR TIED.
MM INDICATES DATA IS MISSING.
T  INDICATES TRACE AMOUNT.




$$
