000
CDUS43 KSGF 152141
CLIUNO


CLIMATE REPORT
NATIONAL WEATHER SERVICE SPRINGFIELD MO
441 PM CDT THU SEP 15 2016


...................................

...THE WEST PLAINS MO CLIMATE SUMMARY FOR SEPTEMBER 15 2016...
VALID AS OF 0400 PM LOCAL TIME.

CLIMATE NORMAL PERIOD 1981 TO 2010
CLIMATE RECORD PERIOD 1947 TO 2016


WEATHER ITEM   OBSERVED TIME   RECORD YEAR NORMAL DEPARTURE LAST
                VALUE   (LST)  VALUE       VALUE  FROM      YEAR
                                                  NORMAL
..................................................................
TEMPERATURE (F)
 TODAY
  MAXIMUM         87   1216 PM  98    1954  81      6       82
  MINIMUM         70    631 AM  41    1961  57     13       54
  AVERAGE         79                        69     10       68

PRECIPITATION (IN)
  TODAY            0.01          2.85 1996   0.13  -0.12     0.00
  MONTH TO DATE    1.27                      2.18  -0.91     0.97
  SINCE SEP 1      1.27                      2.18  -0.91     0.97
  SINCE JAN 1     33.39                     32.25   1.14    36.68

DEGREE DAYS
 HEATING
  TODAY            0                         1     -1        0
  MONTH TO DATE    0                         3     -3       12
  SINCE SEP 1      0                         3     -3       12
  SINCE JUL 1      0                         4     -4       12

 COOLING
  TODAY           14                         5      9        3
  MONTH TO DATE  136                       110     26      128
  SINCE SEP 1    136                       110     26      128
  SINCE JAN 1   1425                      1282    143     1285
..................................................................


WIND (MPH)
  HIGHEST WIND SPEED    17   HIGHEST WIND DIRECTION    NE (50)
  HIGHEST GUST SPEED    27   HIGHEST GUST DIRECTION    SW (210)


SKY COVER
  AVERAGE SKY COVER 0.3


WEATHER CONDITIONS
 THE FOLLOWING WEATHER WAS RECORDED TODAY.
  THUNDERSTORM
  LIGHT RAIN
  FOG


RELATIVE HUMIDITY (PERCENT)
 HIGHEST    97           400 AM
 LOWEST     55          1200 PM
 AVERAGE    76

..........................................................


THE WEST PLAINS MO CLIMATE NORMALS FOR TOMORROW
                         NORMAL    RECORD    YEAR
 MAXIMUM TEMPERATURE (F)   81        99      1980
 MINIMUM TEMPERATURE (F)   57        39      1961


SUNRISE AND SUNSET
SEPTEMBER 15 2016.....SUNRISE   650 AM CDT   SUNSET   714 PM CDT
SEPTEMBER 16 2016.....SUNRISE   651 AM CDT   SUNSET   713 PM CDT


-  INDICATES NEGATIVE NUMBERS.
R  INDICATES RECORD WAS SET OR TIED.
MM INDICATES DATA IS MISSING.
T  INDICATES TRACE AMOUNT.




$$
