000
CDUS43 KSGF 062226
CLIUNO


CLIMATE REPORT
NATIONAL WEATHER SERVICE SPRINGFIELD MO
526 PM CDT WED SEP 6 2017


...................................

...THE WEST PLAINS MO CLIMATE SUMMARY FOR SEPTEMBER 6 2017...
VALID TODAY AS OF 0500 PM LOCAL TIME.

CLIMATE NORMAL PERIOD 1981 TO 2010
CLIMATE RECORD PERIOD 1947 TO 2017


WEATHER ITEM   OBSERVED TIME   RECORD YEAR NORMAL DEPARTURE LAST
                VALUE   (LST)  VALUE       VALUE  FROM      YEAR
                                                  NORMAL
..................................................................
TEMPERATURE (F)
 TODAY
  MAXIMUM         75    123 PM 101    1990  85    -10       91
  MINIMUM         52    554 AM  45    1988  61     -9       73
  AVERAGE         64                        73     -9       82

PRECIPITATION (IN)
  TODAY            0.00          1.54 1983   0.15  -0.15     0.00
  MONTH TO DATE    T                         0.89  -0.89     0.00
  SINCE SEP 1      T                         0.89  -0.89     0.00
  SINCE JAN 1     42.19                     30.96  11.23    32.12

DEGREE DAYS
 HEATING
  TODAY            1                         0      1        0
  MONTH TO DATE    1                         0      1        0
  SINCE SEP 1      1                         0      1        0
  SINCE JUL 1      2                         1      1        0

 COOLING
  TODAY            0                         8     -8       17
  MONTH TO DATE   38                        53    -15       47
  SINCE SEP 1     38                        53    -15       47
  SINCE JAN 1   1139                      1225    -86     1336
..................................................................


WIND (MPH)
  HIGHEST WIND SPEED    20   HIGHEST WIND DIRECTION    NW (330)
  HIGHEST GUST SPEED    25   HIGHEST GUST DIRECTION     N (350)


SKY COVER
  AVERAGE SKY COVER 0.3


WEATHER CONDITIONS
 THE FOLLOWING WEATHER WAS RECORDED TODAY.
  NO SIGNIFICANT WEATHER WAS OBSERVED.


RELATIVE HUMIDITY (PERCENT)
 HIGHEST    71           300 AM
 LOWEST     29           100 PM
 AVERAGE    50

..........................................................


THE WEST PLAINS MO CLIMATE NORMALS FOR TOMORROW
                         NORMAL    RECORD    YEAR
 MAXIMUM TEMPERATURE (F)   84       100      1990
 MINIMUM TEMPERATURE (F)   61        41      1988


SUNRISE AND SUNSET
SEPTEMBER  6 2017.....SUNRISE   643 AM CDT   SUNSET   728 PM CDT
SEPTEMBER  7 2017.....SUNRISE   644 AM CDT   SUNSET   727 PM CDT


-  INDICATES NEGATIVE NUMBERS.
R  INDICATES RECORD WAS SET OR TIED.
MM INDICATES DATA IS MISSING.
T  INDICATES TRACE AMOUNT.




$$
