000
CDUS43 KSGF 080626
CLIUNO


CLIMATE REPORT
NATIONAL WEATHER SERVICE SPRINGFIELD MO
1226 AM CST MON JAN 8 2018


...................................

...THE WEST PLAINS MO CLIMATE SUMMARY FOR JANUARY 7 2018...

CLIMATE NORMAL PERIOD 1981 TO 2010
CLIMATE RECORD PERIOD 1947 TO 2018


WEATHER ITEM   OBSERVED TIME   RECORD YEAR NORMAL DEPARTURE LAST
                VALUE   (LST)  VALUE       VALUE  FROM      YEAR
                                                  NORMAL
..................................................................
TEMPERATURE (F)
 YESTERDAY
  MAXIMUM         36    931 PM  74    1965  44     -8       30
  MINIMUM         18   1210 AM  -4    2014  23     -5        3
  AVERAGE         27                        34     -7       17

PRECIPITATION (IN)
  YESTERDAY        0.67R         0.64 1998   0.06   0.61     0.00
  MONTH TO DATE    0.67                      0.47   0.20     0.18
  SINCE DEC 1      2.70                      4.11  -1.41     1.20
  SINCE JAN 1      0.67                      0.47   0.20     0.18

DEGREE DAYS
 HEATING
  YESTERDAY       38                        31      7       48
  MONTH TO DATE  316                       217     99      256
  SINCE DEC 1   1174                      1110     64     1126
  SINCE JUL 1   1837                      1962   -125     1646

 COOLING
  YESTERDAY        0                         0      0        0
  MONTH TO DATE    0                         0      0        0
  SINCE DEC 1      0                         0      0        0
  SINCE JAN 1      0                         0      0        0
..................................................................


WIND (MPH)
  HIGHEST WIND SPEED    15   HIGHEST WIND DIRECTION     S (160)
  HIGHEST GUST SPEED    25   HIGHEST GUST DIRECTION     S (190)
  AVERAGE WIND SPEED     7.2


SKY COVER
  AVERAGE SKY COVER 0.7


WEATHER CONDITIONS
 THE FOLLOWING WEATHER WAS RECORDED YESTERDAY.
  RAIN
  LIGHT RAIN
  LT FREEZING RAIN
  FOG


RELATIVE HUMIDITY (PERCENT)
 HIGHEST    92           800 PM
 LOWEST     43          1200 AM
 AVERAGE    68

..........................................................


THE WEST PLAINS MO CLIMATE NORMALS FOR TODAY
                         NORMAL    RECORD    YEAR
 MAXIMUM TEMPERATURE (F)   44        71      2006
 MINIMUM TEMPERATURE (F)   23        -5      1970


SUNRISE AND SUNSET
JANUARY  8 2018.......SUNRISE   721 AM CST   SUNSET   508 PM CST
JANUARY  9 2018.......SUNRISE   721 AM CST   SUNSET   509 PM CST


-  INDICATES NEGATIVE NUMBERS.
R  INDICATES RECORD WAS SET OR TIED.
MM INDICATES DATA IS MISSING.
T  INDICATES TRACE AMOUNT.




$$
