000
CDUS43 KSGF 050630
CLIUNO


CLIMATE REPORT
NATIONAL WEATHER SERVICE SPRINGFIELD MO
1226 AM CST THU JAN 5 2017


...................................

...THE WEST PLAINS MO CLIMATE SUMMARY FOR JANUARY 4 2017...

CLIMATE NORMAL PERIOD 1981 TO 2010
CLIMATE RECORD PERIOD 1947 TO 2017


WEATHER ITEM   OBSERVED TIME   RECORD YEAR NORMAL DEPARTURE LAST
                VALUE   (LST)  VALUE       VALUE  FROM      YEAR
                                                  NORMAL
..................................................................
TEMPERATURE (F)
 YESTERDAY
  MAXIMUM         34    350 PM  73    1955  44    -10       39
  MINIMUM         17    822 AM   0    1959  23     -6       24
  AVERAGE         26                        34     -8       32

PRECIPITATION (IN)
  YESTERDAY        0.00          2.88 1993   0.08  -0.08     0.00
  MONTH TO DATE    0.18                      0.27  -0.09     0.00
  SINCE DEC 1      1.20                      3.91  -2.71     9.04
  SINCE JAN 1      0.18                      0.27  -0.09     0.00

DEGREE DAYS
 HEATING
  YESTERDAY       39                        31      8       33
  MONTH TO DATE  113                       124    -11      117
  SINCE DEC 1    983                      1017    -34      727
  SINCE JUL 1   1503                      1869   -366     1362

 COOLING
  YESTERDAY        0                         0      0        0
  MONTH TO DATE    0                         0      0        0
  SINCE DEC 1      0                         0      0        0
  SINCE JAN 1      0                         0      0        0
..................................................................


WIND (MPH)
  HIGHEST WIND SPEED    16   HIGHEST WIND DIRECTION    NW (330)
  HIGHEST GUST SPEED    22   HIGHEST GUST DIRECTION     N (340)
  AVERAGE WIND SPEED     6.5


SKY COVER
  AVERAGE SKY COVER 0.2


WEATHER CONDITIONS
 THE FOLLOWING WEATHER WAS RECORDED YESTERDAY.
  NO SIGNIFICANT WEATHER WAS OBSERVED.


RELATIVE HUMIDITY (PERCENT)
 HIGHEST    75          1200 AM
 LOWEST     35           300 PM
 AVERAGE    55

..........................................................


THE WEST PLAINS MO CLIMATE NORMALS FOR TODAY
                         NORMAL    RECORD    YEAR
 MAXIMUM TEMPERATURE (F)   44        73      1997
 MINIMUM TEMPERATURE (F)   23        -3      1959


SUNRISE AND SUNSET
JANUARY  5 2017.......SUNRISE   721 AM CST   SUNSET   506 PM CST
JANUARY  6 2017.......SUNRISE   721 AM CST   SUNSET   507 PM CST


-  INDICATES NEGATIVE NUMBERS.
R  INDICATES RECORD WAS SET OR TIED.
MM INDICATES DATA IS MISSING.
T  INDICATES TRACE AMOUNT.




$$
