000
CDUS43 KSGF 200634
CLIUNO


CLIMATE REPORT
NATIONAL WEATHER SERVICE SPRINGFIELD MO
1233 AM CST TUE JAN 20 2015


...................................

...THE WEST PLAINS MO CLIMATE SUMMARY FOR JANUARY 19 2015...

CLIMATE NORMAL PERIOD 1981 TO 2010
CLIMATE RECORD PERIOD 1947 TO 2015


WEATHER ITEM   OBSERVED TIME   RECORD YEAR NORMAL DEPARTURE LAST
                VALUE   (LST)  VALUE       VALUE  FROM      YEAR
                                                  NORMAL
..................................................................
TEMPERATURE (F)
 YESTERDAY
  MAXIMUM         66    253 PM  73    1952  45     21       52
  MINIMUM         31    412 AM  -7    1984  23      8       21
                                      1994
  AVERAGE         49                        34     15       37

PRECIPITATION (IN)
  YESTERDAY        0.00          0.53 1988   0.09  -0.09     0.00
  MONTH TO DATE    1.88                      1.30   0.58     1.57
  SINCE DEC 1      4.85                      4.94  -0.09     3.88
  SINCE JAN 1      1.88                      1.30   0.58     1.57

DEGREE DAYS
 HEATING
  YESTERDAY       16                        31    -15       28
  MONTH TO DATE  654                       589     65      664
  SINCE DEC 1   1484                      1482      2     1509
  SINCE JUL 1   2496                      2334    162     2421

 COOLING
  YESTERDAY        0                         0      0        0
  MONTH TO DATE    0                         0      0        0
  SINCE DEC 1      0                         0      0        0
  SINCE JAN 1      0                         0      0        0
..................................................................


WIND (MPH)
  HIGHEST WIND SPEED    12   HIGHEST WIND DIRECTION    NW (310)
  HIGHEST GUST SPEED    15   HIGHEST GUST DIRECTION     W (290)
  AVERAGE WIND SPEED     4.5


SKY COVER
  AVERAGE SKY COVER 0.0


WEATHER CONDITIONS
 THE FOLLOWING WEATHER WAS RECORDED YESTERDAY.
  NO SIGNIFICANT WEATHER WAS OBSERVED.


RELATIVE HUMIDITY (PERCENT)
 HIGHEST    64           700 AM
 LOWEST     19           400 PM
 AVERAGE    42

..........................................................


THE WEST PLAINS MO CLIMATE NORMALS FOR TODAY
                         NORMAL    RECORD    YEAR
 MAXIMUM TEMPERATURE (F)   45        72      1972
 MINIMUM TEMPERATURE (F)   24       -18      1985


SUNRISE AND SUNSET
JANUARY 20 2015.......SUNRISE   718 AM CST   SUNSET   520 PM CST
JANUARY 21 2015.......SUNRISE   717 AM CST   SUNSET   521 PM CST


-  INDICATES NEGATIVE NUMBERS.
R  INDICATES RECORD WAS SET OR TIED.
MM INDICATES DATA IS MISSING.
T  INDICATES TRACE AMOUNT.




$$
