000
CDUS43 KSGF 062231
CLIUNO


CLIMATE REPORT
NATIONAL WEATHER SERVICE SPRINGFIELD MO
531 PM CDT THU JUL 6 2017


...................................

...THE WEST PLAINS MO CLIMATE SUMMARY FOR JULY 6 2017...
VALID TODAY AS OF 0500 PM LOCAL TIME.

CLIMATE NORMAL PERIOD 1981 TO 2010
CLIMATE RECORD PERIOD 1947 TO 2017


WEATHER ITEM   OBSERVED TIME   RECORD YEAR NORMAL DEPARTURE LAST
                VALUE   (LST)  VALUE       VALUE  FROM      YEAR
                                                  NORMAL
..................................................................
TEMPERATURE (F)
 TODAY
  MAXIMUM         88    328 PM 104    2012  89     -1       85
  MINIMUM         70   1219 AM  46    1972  67      3       69
  AVERAGE         79                        78      1       77

PRECIPITATION (IN)
  TODAY            0.07          1.77 1965   0.11  -0.04     0.16
  MONTH TO DATE    1.62                      0.66   0.96     0.69
  SINCE JUN 1      3.29                      4.68  -1.39     5.10
  SINCE JAN 1     38.70                     23.95  14.75    19.84

DEGREE DAYS
 HEATING
  TODAY            0                         0      0        0
  MONTH TO DATE    0                         0      0        0
  SINCE JUN 1      0                         5     -5        0
  SINCE JUL 1      0                         0      0        0

 COOLING
  TODAY           14                        13      1       12
  MONTH TO DATE   61                        74    -13       68
  SINCE JUN 1    315                       340    -25      418
  SINCE JAN 1    437                       462    -25      511
..................................................................


WIND (MPH)
  HIGHEST WIND SPEED    12   HIGHEST WIND DIRECTION     N (20)
  HIGHEST GUST SPEED    14   HIGHEST GUST DIRECTION    NW (320)


SKY COVER
  AVERAGE SKY COVER 0.8


WEATHER CONDITIONS
 THE FOLLOWING WEATHER WAS RECORDED TODAY.
  LIGHT RAIN
  FOG


RELATIVE HUMIDITY (PERCENT)
 HIGHEST    93          1200 AM
 LOWEST     51           400 PM
 AVERAGE    72

..........................................................


THE WEST PLAINS MO CLIMATE NORMALS FOR TOMORROW
                         NORMAL    RECORD    YEAR
 MAXIMUM TEMPERATURE (F)   89       102      2012
 MINIMUM TEMPERATURE (F)   67        49      1972


SUNRISE AND SUNSET
JULY  6 2017..........SUNRISE   555 AM CDT   SUNSET   830 PM CDT
JULY  7 2017..........SUNRISE   555 AM CDT   SUNSET   830 PM CDT


-  INDICATES NEGATIVE NUMBERS.
R  INDICATES RECORD WAS SET OR TIED.
MM INDICATES DATA IS MISSING.
T  INDICATES TRACE AMOUNT.




$$
