008
CDUS43 KSGF 110626
CLIUNO


CLIMATE REPORT
NATIONAL WEATHER SERVICE SPRINGFIELD MO
1225 AM CST MON DEC 11 2017


...................................

...THE WEST PLAINS MO CLIMATE SUMMARY FOR DECEMBER 10 2017...

CLIMATE NORMAL PERIOD 1981 TO 2010
CLIMATE RECORD PERIOD 1947 TO 2017


WEATHER ITEM   OBSERVED TIME   RECORD YEAR NORMAL DEPARTURE LAST
                VALUE   (LST)  VALUE       VALUE  FROM      YEAR
                                                  NORMAL
..................................................................
TEMPERATURE (F)
 YESTERDAY
  MAXIMUM         60    314 PM  71    2015  47     13       36
  MINIMUM         21    210 AM   1    1995  27     -6       16
  AVERAGE         41                        37      4       26

PRECIPITATION (IN)
  YESTERDAY        0.00          2.89 1971   0.14  -0.14     0.00
  MONTH TO DATE    0.37                      1.53  -1.16     0.24
  SINCE DEC 1      0.37                      1.53  -1.16     0.24
  SINCE JAN 1     45.22                     44.11   1.11    36.48

DEGREE DAYS
 HEATING
  YESTERDAY       24                        28     -4       39
  MONTH TO DATE  238                       265    -27      304
  SINCE DEC 1    238                       265    -27      304
  SINCE JUL 1    901                      1117   -216      824

 COOLING
  YESTERDAY        0                         0      0        0
  MONTH TO DATE    0                         0      0        0
  SINCE DEC 1      0                         0      0        0
  SINCE JAN 1   1389                      1354     35     1604
..................................................................


WIND (MPH)
  HIGHEST WIND SPEED    20   HIGHEST WIND DIRECTION     W (250)
  HIGHEST GUST SPEED    29   HIGHEST GUST DIRECTION     W (270)
  AVERAGE WIND SPEED     7.4


SKY COVER
  AVERAGE SKY COVER 0.0


WEATHER CONDITIONS
 THE FOLLOWING WEATHER WAS RECORDED YESTERDAY.
  NO SIGNIFICANT WEATHER WAS OBSERVED.


RELATIVE HUMIDITY (PERCENT)
 HIGHEST    81           700 AM
 LOWEST     23           300 PM
 AVERAGE    52

..........................................................


THE WEST PLAINS MO CLIMATE NORMALS FOR TODAY
                         NORMAL    RECORD    YEAR
 MAXIMUM TEMPERATURE (F)   47        71      1949
 MINIMUM TEMPERATURE (F)   27         1      1995


SUNRISE AND SUNSET
DECEMBER 11 2017......SUNRISE   711 AM CST   SUNSET   451 PM CST
DECEMBER 12 2017......SUNRISE   711 AM CST   SUNSET   452 PM CST


-  INDICATES NEGATIVE NUMBERS.
R  INDICATES RECORD WAS SET OR TIED.
MM INDICATES DATA IS MISSING.
T  INDICATES TRACE AMOUNT.




$$
