000
CDUS43 KSGF 132228
CLIUNO


CLIMATE REPORT
NATIONAL WEATHER SERVICE SPRINGFIELD MO
427 PM CST MON FEB 13 2017


...................................

...THE WEST PLAINS MO CLIMATE SUMMARY FOR FEBRUARY 13 2017...
VALID AS OF 0400 PM LOCAL TIME.

CLIMATE NORMAL PERIOD 1981 TO 2010
CLIMATE RECORD PERIOD 1947 TO 2017


WEATHER ITEM   OBSERVED TIME   RECORD YEAR NORMAL DEPARTURE LAST
                VALUE   (LST)  VALUE       VALUE  FROM      YEAR
                                                  NORMAL
..................................................................
TEMPERATURE (F)
 TODAY
  MAXIMUM         52    359 PM  87    1962  49      3       33
  MINIMUM         27    341 AM   2    1988  26      1       20
  AVERAGE         40                        37      3       27

PRECIPITATION (IN)
  TODAY            0.00          2.63 1989   0.10  -0.10     0.00
  MONTH TO DATE    0.00                      1.30  -1.30     0.42
  SINCE DEC 1      3.06                      7.66  -4.60    10.39
  SINCE JAN 1      2.04                      4.02  -1.98     1.35

DEGREE DAYS
 HEATING
  TODAY           25                        28     -3       38
  MONTH TO DATE  269                       377   -108      360
  SINCE DEC 1   1928                      2229   -301     1894
  SINCE JUL 1   2448                      3081   -633     2529

 COOLING
  TODAY            0                         0      0        0
  MONTH TO DATE    0                         0      0        0
  SINCE DEC 1      0                         0      0        0
  SINCE JAN 1      0                         0      0        0
..................................................................


WIND (MPH)
  HIGHEST WIND SPEED    12   HIGHEST WIND DIRECTION    SE (120)
  HIGHEST GUST SPEED    15   HIGHEST GUST DIRECTION    SE (120)


SKY COVER
  AVERAGE SKY COVER 0.1


WEATHER CONDITIONS
 THE FOLLOWING WEATHER WAS RECORDED TODAY.
  NO SIGNIFICANT WEATHER WAS OBSERVED.


RELATIVE HUMIDITY (PERCENT)
 HIGHEST    63           500 AM
 LOWEST     24           400 PM
 AVERAGE    44

..........................................................


THE WEST PLAINS MO CLIMATE NORMALS FOR TOMORROW
                         NORMAL    RECORD    YEAR
 MAXIMUM TEMPERATURE (F)   49        72      1954
 MINIMUM TEMPERATURE (F)   26        12      1960


SUNRISE AND SUNSET
FEBRUARY 13 2017......SUNRISE   658 AM CST   SUNSET   546 PM CST
FEBRUARY 14 2017......SUNRISE   657 AM CST   SUNSET   547 PM CST


-  INDICATES NEGATIVE NUMBERS.
R  INDICATES RECORD WAS SET OR TIED.
MM INDICATES DATA IS MISSING.
T  INDICATES TRACE AMOUNT.




$$
