000
CDUS43 KSGF 100627
CLIUNO


CLIMATE REPORT
NATIONAL WEATHER SERVICE SPRINGFIELD MO
126 AM CDT TUE OCT 10 2017


...................................

...THE WEST PLAINS MO CLIMATE SUMMARY FOR OCTOBER 9 2017...

CLIMATE NORMAL PERIOD 1981 TO 2010
CLIMATE RECORD PERIOD 1947 TO 2017


WEATHER ITEM   OBSERVED TIME   RECORD YEAR NORMAL DEPARTURE LAST
                VALUE   (LST)  VALUE       VALUE  FROM      YEAR
                                                  NORMAL
..................................................................
TEMPERATURE (F)
 YESTERDAY
  MAXIMUM         87    224 PM  90    1980  72     15       73
  MINIMUM         60    342 AM  28    2000  47     13       42
  AVERAGE         74                        59     15       58

PRECIPITATION (IN)
  YESTERDAY        0.42          1.88 1990   0.13   0.29     0.00
  MONTH TO DATE    0.57                      1.08  -0.51     0.53
  SINCE SEP 1      1.08                      5.17  -4.09     1.88
  SINCE JAN 1     43.27                     35.24   8.03    34.00

DEGREE DAYS
 HEATING
  YESTERDAY        0                         7     -7        7
  MONTH TO DATE    0                        51    -51       26
  SINCE SEP 1      5                        92    -87       36
  SINCE JUL 1      6                        93    -87       36

 COOLING
  YESTERDAY        9                         1      8        0
  MONTH TO DATE   57                        13     44       13
  SINCE SEP 1    266                       169     97      239
  SINCE JAN 1   1367                      1341     26     1528
..................................................................


WIND (MPH)
  HIGHEST WIND SPEED    12   HIGHEST WIND DIRECTION    NW (320)
  HIGHEST GUST SPEED    16   HIGHEST GUST DIRECTION    SE (150)
  AVERAGE WIND SPEED     3.9


SKY COVER
  AVERAGE SKY COVER 0.6


WEATHER CONDITIONS
 THE FOLLOWING WEATHER WAS RECORDED YESTERDAY.
  HEAVY RAIN
  RAIN
  LIGHT RAIN
  FOG
  FOG W/VISIBILITY <= 1/4 MILE


RELATIVE HUMIDITY (PERCENT)
 HIGHEST   100           300 AM
 LOWEST     44           100 PM
 AVERAGE    72

..........................................................


THE WEST PLAINS MO CLIMATE NORMALS FOR TODAY
                         NORMAL    RECORD    YEAR
 MAXIMUM TEMPERATURE (F)   72        92      1963
 MINIMUM TEMPERATURE (F)   47        27      2000


SUNRISE AND SUNSET
OCTOBER 10 2017.......SUNRISE   711 AM CDT   SUNSET   638 PM CDT
OCTOBER 11 2017.......SUNRISE   712 AM CDT   SUNSET   636 PM CDT


-  INDICATES NEGATIVE NUMBERS.
R  INDICATES RECORD WAS SET OR TIED.
MM INDICATES DATA IS MISSING.
T  INDICATES TRACE AMOUNT.




$$
