000
CDUS43 KSGF 170627
CLIUNO


CLIMATE REPORT
NATIONAL WEATHER SERVICE SPRINGFIELD MO
127 AM CDT MON APR 17 2017


...................................

...THE WEST PLAINS MO CLIMATE SUMMARY FOR APRIL 16 2017...

CLIMATE NORMAL PERIOD 1981 TO 2010
CLIMATE RECORD PERIOD 1947 TO 2017


WEATHER ITEM   OBSERVED TIME   RECORD YEAR NORMAL DEPARTURE LAST
                VALUE   (LST)  VALUE       VALUE  FROM      YEAR
                                                  NORMAL
..................................................................
TEMPERATURE (F)
 YESTERDAY
  MAXIMUM         73    206 PM  88    2006  70      3       68
                                      1955
  MINIMUM         57   1145 PM  24    1962  45     12       55
  AVERAGE         65                        58      7       62

PRECIPITATION (IN)
  YESTERDAY        0.21          1.15 1982   0.15   0.06     0.00
  MONTH TO DATE    1.66                      2.21  -0.55     0.93
  SINCE MAR 1      7.95                      6.50   1.45     4.86
  SINCE JAN 1     12.58                     12.06   0.52     7.50

DEGREE DAYS
 HEATING
  YESTERDAY        0                         8     -8        3
  MONTH TO DATE   84                       164    -80      161
  SINCE MAR 1    513                       710   -197      555
  SINCE JUL 1   3162                      4174  -1012     3388

 COOLING
  YESTERDAY        0                         1     -1        0
  MONTH TO DATE   13                        11      2        0
  SINCE MAR 1     17                        15      2        4
  SINCE JAN 1     18                        15      3        4
..................................................................


WIND (MPH)
  HIGHEST WIND SPEED    20   HIGHEST WIND DIRECTION    NW (300)
  HIGHEST GUST SPEED    26   HIGHEST GUST DIRECTION    NW (310)
  AVERAGE WIND SPEED     3.8


SKY COVER
  AVERAGE SKY COVER 0.5


WEATHER CONDITIONS
 THE FOLLOWING WEATHER WAS RECORDED YESTERDAY.
  THUNDERSTORM
  HEAVY RAIN
  RAIN
  FOG


RELATIVE HUMIDITY (PERCENT)
 HIGHEST    93           700 AM
 LOWEST     66           400 PM
 AVERAGE    80

..........................................................


THE WEST PLAINS MO CLIMATE NORMALS FOR TODAY
                         NORMAL    RECORD    YEAR
 MAXIMUM TEMPERATURE (F)   70        87      2006
 MINIMUM TEMPERATURE (F)   46        24      1951


SUNRISE AND SUNSET
APRIL 17 2017.........SUNRISE   630 AM CDT   SUNSET   744 PM CDT
APRIL 18 2017.........SUNRISE   629 AM CDT   SUNSET   745 PM CDT


-  INDICATES NEGATIVE NUMBERS.
R  INDICATES RECORD WAS SET OR TIED.
MM INDICATES DATA IS MISSING.
T  INDICATES TRACE AMOUNT.




$$
