164
CDUS43 KSGF 240634
CLIUNO


CLIMATE REPORT
NATIONAL WEATHER SERVICE SPRINGFIELD MO
134 AM CDT TUE MAY 24 2016


...................................

...THE WEST PLAINS MO CLIMATE SUMMARY FOR MAY 23 2016...

CLIMATE NORMAL PERIOD 1981 TO 2010
CLIMATE RECORD PERIOD 1947 TO 2016


WEATHER ITEM   OBSERVED TIME   RECORD YEAR NORMAL DEPARTURE LAST
                VALUE   (LST)  VALUE       VALUE  FROM      YEAR
                                                  NORMAL
..................................................................
TEMPERATURE (F)
 YESTERDAY
  MAXIMUM         79    238 PM  95    2000  78      1       73
  MINIMUM         48    509 AM  36    1963  56     -8       58
  AVERAGE         64                        67     -3       66

PRECIPITATION (IN)
  YESTERDAY        T             1.49 1952   0.11  -0.11      T
  MONTH TO DATE    3.76                      3.90  -0.14     4.72
  SINCE MAR 1      8.99                     12.67  -3.68    10.08
  SINCE JAN 1     11.63                     18.23  -6.60    14.76

DEGREE DAYS
 HEATING
  YESTERDAY        1                         2     -1        0
  MONTH TO DATE  112                        72     40       71
  SINCE MAR 1    692                       870   -178      839
  SINCE JUL 1   3525                      4334   -809     4636

 COOLING
  YESTERDAY        0                         4     -4        1
  MONTH TO DATE   23                        57    -34       58
  SINCE MAR 1     39                        85    -46       74
  SINCE JAN 1     39                        85    -46       74
..................................................................


WIND (MPH)
  HIGHEST WIND SPEED    16   HIGHEST WIND DIRECTION     S (170)
  HIGHEST GUST SPEED    24   HIGHEST GUST DIRECTION    SW (210)
  AVERAGE WIND SPEED     5.2


SKY COVER
  AVERAGE SKY COVER 0.2


WEATHER CONDITIONS
 THE FOLLOWING WEATHER WAS RECORDED YESTERDAY.
  NO SIGNIFICANT WEATHER WAS OBSERVED.


RELATIVE HUMIDITY (PERCENT)
 HIGHEST    89           600 AM
 LOWEST     38          1200 PM
 AVERAGE    64

..........................................................


THE WEST PLAINS MO CLIMATE NORMALS FOR TODAY
                         NORMAL    RECORD    YEAR
 MAXIMUM TEMPERATURE (F)   78        94      2000
 MINIMUM TEMPERATURE (F)   57        39      1961


SUNRISE AND SUNSET
MAY 24 2016...........SUNRISE   553 AM CDT   SUNSET   816 PM CDT
MAY 25 2016...........SUNRISE   553 AM CDT   SUNSET   817 PM CDT


-  INDICATES NEGATIVE NUMBERS.
R  INDICATES RECORD WAS SET OR TIED.
MM INDICATES DATA IS MISSING.
T  INDICATES TRACE AMOUNT.




$$
