000
CDUS43 KSGF 230629
CLIUNO


CLIMATE REPORT
NATIONAL WEATHER SERVICE SPRINGFIELD MO
126 AM CDT TUE JUN 23 2015


...................................

...THE WEST PLAINS MO CLIMATE SUMMARY FOR JUNE 22 2015...

CLIMATE NORMAL PERIOD 1981 TO 2010
CLIMATE RECORD PERIOD 1947 TO 2015


WEATHER ITEM   OBSERVED TIME   RECORD YEAR NORMAL DEPARTURE LAST
                VALUE   (LST)  VALUE       VALUE  FROM      YEAR
                                                  NORMAL
..................................................................
TEMPERATURE (F)
 YESTERDAY
  MAXIMUM         88    416 PM  99    1988  86      2       88
  MINIMUM         73    544 AM  45    1992  65      8       66
  AVERAGE         81                        76      5       77

PRECIPITATION (IN)
  YESTERDAY        0.00          1.64 1956   0.14  -0.14     0.00
  MONTH TO DATE    4.59                      2.96   1.63     2.26
  SINCE JUN 1      4.59                      2.96   1.63     2.26
  SINCE JAN 1     22.20                     22.23  -0.03    14.24

DEGREE DAYS
 HEATING
  YESTERDAY        0                         0      0        0
  MONTH TO DATE    5                         4      1        2
  SINCE JUN 1      5                         4      1        2
  SINCE JUL 1   4642                      4346    296     4859

 COOLING
  YESTERDAY       16                        10      6       12
  MONTH TO DATE  221                       176     45      177
  SINCE JUN 1    221                       176     45      177
  SINCE JAN 1    343                       298     45      327
..................................................................


WIND (MPH)
  HIGHEST WIND SPEED    20   HIGHEST WIND DIRECTION    SW (220)
  HIGHEST GUST SPEED    28   HIGHEST GUST DIRECTION    SW (240)
  AVERAGE WIND SPEED     8.9


SKY COVER
  AVERAGE SKY COVER 0.1


WEATHER CONDITIONS
 THE FOLLOWING WEATHER WAS RECORDED YESTERDAY.
  NO SIGNIFICANT WEATHER WAS OBSERVED.


RELATIVE HUMIDITY (PERCENT)
 HIGHEST    87           100 AM
 LOWEST     53           300 PM
 AVERAGE    70

..........................................................


THE WEST PLAINS MO CLIMATE NORMALS FOR TODAY
                         NORMAL    RECORD    YEAR
 MAXIMUM TEMPERATURE (F)   86        99      1952
 MINIMUM TEMPERATURE (F)   65        45      1992


SUNRISE AND SUNSET
JUNE 23 2015..........SUNRISE   549 AM CDT   SUNSET   831 PM CDT
JUNE 24 2015..........SUNRISE   549 AM CDT   SUNSET   831 PM CDT


-  INDICATES NEGATIVE NUMBERS.
R  INDICATES RECORD WAS SET OR TIED.
MM INDICATES DATA IS MISSING.
T  INDICATES TRACE AMOUNT.




$$
