000
CDUS43 KSGF 150626
CLIUNO


CLIMATE REPORT
NATIONAL WEATHER SERVICE SPRINGFIELD MO
126 AM CDT TUE JUL 15 2014


...................................

...THE WEST PLAINS MO CLIMATE SUMMARY FOR JULY 14 2014...

CLIMATE NORMAL PERIOD 1981 TO 2010
CLIMATE RECORD PERIOD 1947 TO 2014


WEATHER ITEM   OBSERVED TIME   RECORD YEAR NORMAL DEPARTURE LAST
                VALUE   (LST)  VALUE       VALUE  FROM      YEAR
                                                  NORMAL
..................................................................
TEMPERATURE (F)
 YESTERDAY
  MAXIMUM         88    134 PM 107    1954  90     -2       89
  MINIMUM         65   1159 PM  49    1967  67     -2       60
  AVERAGE         77                        78     -1       75

PRECIPITATION (IN)
  YESTERDAY        0.50          0.88 1978   0.14   0.36     0.00
  MONTH TO DATE    1.54                      1.70  -0.16     0.00
  SINCE JUN 1      6.77                      5.72   1.05     3.67
  SINCE JAN 1     18.75                     24.99  -6.24    25.49

DEGREE DAYS
 HEATING
  YESTERDAY        0                         0      0        0
  MONTH TO DATE    0                         0      0        0
  SINCE JUN 1      2                         5     -3        9
  SINCE JUL 1      0                         0      0        0

 COOLING
  YESTERDAY       12                        13     -1       10
  MONTH TO DATE  126                       178    -52      126
  SINCE JUN 1    391                       444    -53      274
  SINCE JAN 1    541                       566    -25      386
..................................................................


WIND (MPH)
  HIGHEST WIND SPEED    21   HIGHEST WIND DIRECTION     W (280)
  HIGHEST GUST SPEED    32   HIGHEST GUST DIRECTION     W (290)
  AVERAGE WIND SPEED     5.2


SKY COVER
  AVERAGE SKY COVER 0.3


WEATHER CONDITIONS
 THE FOLLOWING WEATHER WAS RECORDED YESTERDAY.
  THUNDERSTORM
  HEAVY RAIN
  RAIN
  FOG


RELATIVE HUMIDITY (PERCENT)
 HIGHEST    93           100 AM
 LOWEST     55           200 PM
 AVERAGE    74

..........................................................


THE WEST PLAINS MO CLIMATE NORMALS FOR TODAY
                         NORMAL    RECORD    YEAR
 MAXIMUM TEMPERATURE (F)   90       104      1980
 MINIMUM TEMPERATURE (F)   67        53      1967
                                             1990


SUNRISE AND SUNSET
JULY 15 2014..........SUNRISE   600 AM CDT   SUNSET   827 PM CDT
JULY 16 2014..........SUNRISE   601 AM CDT   SUNSET   826 PM CDT


-  INDICATES NEGATIVE NUMBERS.
R  INDICATES RECORD WAS SET OR TIED.
MM INDICATES DATA IS MISSING.
T  INDICATES TRACE AMOUNT.




$$
