000
CDUS43 KSGF 150626
CLIUNO


CLIMATE REPORT
NATIONAL WEATHER SERVICE SPRINGFIELD MO
1226 AM CST MON DEC 15 2014


...................................

...THE WEST PLAINS MO CLIMATE SUMMARY FOR DECEMBER 14 2014...

CLIMATE NORMAL PERIOD 1981 TO 2010
CLIMATE RECORD PERIOD 1947 TO 2014


WEATHER ITEM   OBSERVED TIME   RECORD YEAR NORMAL DEPARTURE LAST
                VALUE   (LST)  VALUE       VALUE  FROM      YEAR
                                                  NORMAL
..................................................................
TEMPERATURE (F)
 YESTERDAY
  MAXIMUM         63    231 PM  66    2006  46     17       MM
                                      1971
  MINIMUM         44    802 AM   0    1985  26     18       MM
  AVERAGE         54                        36     18       MM

PRECIPITATION (IN)
  YESTERDAY        0.00          1.40 1967   0.12  -0.12     0.17
  MONTH TO DATE    1.26                      2.04  -0.78     0.70
  SINCE DEC 1      1.26                      2.04  -0.78     0.70
  SINCE JAN 1     34.69                     44.62  -9.93    52.59

DEGREE DAYS
 HEATING
  YESTERDAY       11                        29    -18       MM
  MONTH TO DATE  351                       379    -28      389
  SINCE DEC 1    351                       379    -28      389
  SINCE JUL 1   1363                      1231    132     1301

 COOLING
  YESTERDAY        0                         0      0       MM
  MONTH TO DATE    0                         0      0        0
  SINCE DEC 1      0                         0      0        0
  SINCE JAN 1   1231                      1354   -123     1073
..................................................................


WIND (MPH)
  HIGHEST WIND SPEED    15   HIGHEST WIND DIRECTION     S (160)
  HIGHEST GUST SPEED    20   HIGHEST GUST DIRECTION    SE (130)
  AVERAGE WIND SPEED     7.9


SKY COVER
  AVERAGE SKY COVER 0.5


WEATHER CONDITIONS
 THE FOLLOWING WEATHER WAS RECORDED YESTERDAY.
  FOG
  FOG W/VISIBILITY <= 1/4 MILE


RELATIVE HUMIDITY (PERCENT)
 HIGHEST    93          1200 AM
 LOWEST     56           300 PM
 AVERAGE    75

..........................................................


THE WEST PLAINS MO CLIMATE NORMALS FOR TODAY
                         NORMAL    RECORD    YEAR
 MAXIMUM TEMPERATURE (F)   46        69      1948
 MINIMUM TEMPERATURE (F)   26         2      1958


SUNRISE AND SUNSET
DECEMBER 15 2014......SUNRISE   713 AM CST   SUNSET   452 PM CST
DECEMBER 16 2014......SUNRISE   714 AM CST   SUNSET   453 PM CST


-  INDICATES NEGATIVE NUMBERS.
R  INDICATES RECORD WAS SET OR TIED.
MM INDICATES DATA IS MISSING.
T  INDICATES TRACE AMOUNT.




$$
