000
CDUS43 KSGF 110632
CLIUNO


CLIMATE REPORT
NATIONAL WEATHER SERVICE SPRINGFIELD MO
1232 AM CST THU JAN 11 2018


...................................

...THE WEST PLAINS MO CLIMATE SUMMARY FOR JANUARY 10 2018...

CLIMATE NORMAL PERIOD 1981 TO 2010
CLIMATE RECORD PERIOD 1947 TO 2018


WEATHER ITEM   OBSERVED TIME   RECORD YEAR NORMAL DEPARTURE LAST
                VALUE   (LST)  VALUE       VALUE  FROM      YEAR
                                                  NORMAL
..................................................................
TEMPERATURE (F)
 YESTERDAY
  MAXIMUM         57   1159 PM  71    2017  44     13       71
  MINIMUM         40    143 AM -11    1977  23     17       38
  AVERAGE         49                        34     15       55

PRECIPITATION (IN)
  YESTERDAY        0.02          1.13 1975   0.05  -0.03     0.00
  MONTH TO DATE    0.71                      0.64   0.07     0.18
  SINCE DEC 1      2.74                      4.28  -1.54     1.20
  SINCE JAN 1      0.71                      0.64   0.07     0.18

DEGREE DAYS
 HEATING
  YESTERDAY       16                        31    -15       10
  MONTH TO DATE  388                       310     78      341
  SINCE DEC 1   1246                      1203     43     1211
  SINCE JUL 1   1909                      2055   -146     1731

 COOLING
  YESTERDAY        0                         0      0        0
  MONTH TO DATE    0                         0      0        0
  SINCE DEC 1      0                         0      0        0
  SINCE JAN 1      0                         0      0        0
..................................................................


WIND (MPH)
  HIGHEST WIND SPEED    22   HIGHEST WIND DIRECTION     S (190)
  HIGHEST GUST SPEED    37   HIGHEST GUST DIRECTION     S (200)
  AVERAGE WIND SPEED    11.7


SKY COVER
  AVERAGE SKY COVER 1.0


WEATHER CONDITIONS
 THE FOLLOWING WEATHER WAS RECORDED YESTERDAY.
  LIGHT RAIN
  FOG
  FOG W/VISIBILITY <= 1/4 MILE


RELATIVE HUMIDITY (PERCENT)
 HIGHEST   100          1200 AM
 LOWEST     77           200 PM
 AVERAGE    89

..........................................................


THE WEST PLAINS MO CLIMATE NORMALS FOR TODAY
                         NORMAL    RECORD    YEAR
 MAXIMUM TEMPERATURE (F)   44        69      2017
 MINIMUM TEMPERATURE (F)   23       -15      1977


SUNRISE AND SUNSET
JANUARY 11 2018.......SUNRISE   721 AM CST   SUNSET   511 PM CST
JANUARY 12 2018.......SUNRISE   720 AM CST   SUNSET   512 PM CST


-  INDICATES NEGATIVE NUMBERS.
R  INDICATES RECORD WAS SET OR TIED.
MM INDICATES DATA IS MISSING.
T  INDICATES TRACE AMOUNT.




$$
