000
CDUS43 KSGF 092326
CLIUNO


CLIMATE REPORT
NATIONAL WEATHER SERVICE SPRINGFIELD MO
525 PM CST THU FEB 9 2017


...................................

...THE WEST PLAINS MO CLIMATE SUMMARY FOR FEBRUARY 9 2017...
VALID TODAY AS OF 0500 PM LOCAL TIME.

CLIMATE NORMAL PERIOD 1981 TO 2010
CLIMATE RECORD PERIOD 1947 TO 2017


WEATHER ITEM   OBSERVED TIME   RECORD YEAR NORMAL DEPARTURE LAST
                VALUE   (LST)  VALUE       VALUE  FROM      YEAR
                                                  NORMAL
..................................................................
TEMPERATURE (F)
 TODAY
  MAXIMUM         42    357 PM  73    1954  48     -6       33
  MINIMUM         18    653 AM  -4    1979  25     -7       22
  AVERAGE         30                        36     -6       28

PRECIPITATION (IN)
  TODAY            0.00          5.14 1966   0.11  -0.11     0.00
  MONTH TO DATE    0.00                      0.86  -0.86     0.42
  SINCE DEC 1      3.06                      7.22  -4.16    10.39
  SINCE JAN 1      2.04                      3.58  -1.54     1.35

DEGREE DAYS
 COOLING
  TODAY            0                         0      0        0
  MONTH TO DATE    0                         0      0        0
  SINCE DEC 1      0                         0      0        0
  SINCE JAN 1      0                         0      0        0
..................................................................


WIND (MPH)
  HIGHEST WIND SPEED    14   HIGHEST WIND DIRECTION    NW (330)
  HIGHEST GUST SPEED    19   HIGHEST GUST DIRECTION     N (350)


SKY COVER
  AVERAGE SKY COVER 0.0


WEATHER CONDITIONS
 THE FOLLOWING WEATHER WAS RECORDED TODAY.
  NO SIGNIFICANT WEATHER WAS OBSERVED.


RELATIVE HUMIDITY (PERCENT)
 HIGHEST    80           700 AM
 LOWEST     30           300 PM
 AVERAGE    55

..........................................................


THE WEST PLAINS MO CLIMATE NORMALS FOR TOMORROW
                         NORMAL    RECORD    YEAR
 MAXIMUM TEMPERATURE (F)   48        76      1976
 MINIMUM TEMPERATURE (F)   25        -2      2011


SUNRISE AND SUNSET
FEBRUARY  9 2017......SUNRISE   702 AM CST   SUNSET   542 PM CST
FEBRUARY 10 2017......SUNRISE   701 AM CST   SUNSET   543 PM CST


-  INDICATES NEGATIVE NUMBERS.
R  INDICATES RECORD WAS SET OR TIED.
MM INDICATES DATA IS MISSING.
T  INDICATES TRACE AMOUNT.




$$
