000
CDUS43 KSGF 210633
CLIUNO


CLIMATE REPORT
NATIONAL WEATHER SERVICE SPRINGFIELD MO
132 AM CDT WED SEP 21 2016


...................................

...THE WEST PLAINS MO CLIMATE SUMMARY FOR SEPTEMBER 20 2016...

CLIMATE NORMAL PERIOD 1981 TO 2010
CLIMATE RECORD PERIOD 1947 TO 2016


WEATHER ITEM   OBSERVED TIME   RECORD YEAR NORMAL DEPARTURE LAST
                VALUE   (LST)  VALUE       VALUE  FROM      YEAR
                                                  NORMAL
..................................................................
TEMPERATURE (F)
 YESTERDAY
  MAXIMUM         87    343 PM  97    1954  79      8       70
  MINIMUM         63    600 AM  35    1991  55      8       50
  AVERAGE         75                        67      8       60

PRECIPITATION (IN)
  YESTERDAY        0.00          1.51 1967   0.12  -0.12     0.00
  MONTH TO DATE    1.29                      2.76  -1.47     0.97
  SINCE SEP 1      1.29                      2.76  -1.47     0.97
  SINCE JAN 1     33.41                     32.83   0.58    36.68

DEGREE DAYS
 HEATING
  YESTERDAY        0                         2     -2        5
  MONTH TO DATE    0                         9     -9       17
  SINCE SEP 1      0                         9     -9       17
  SINCE JUL 1      0                        10    -10       17

 COOLING
  YESTERDAY       10                         4      6        0
  MONTH TO DATE  177                       131     46      159
  SINCE SEP 1    177                       131     46      159
  SINCE JAN 1   1466                      1303    163     1316
..................................................................


WIND (MPH)
  HIGHEST WIND SPEED     8   HIGHEST WIND DIRECTION    SE (120)
  HIGHEST GUST SPEED    10   HIGHEST GUST DIRECTION     E (110)
  AVERAGE WIND SPEED     2.2


SKY COVER
  AVERAGE SKY COVER 0.0


WEATHER CONDITIONS
 THE FOLLOWING WEATHER WAS RECORDED YESTERDAY.
  FOG
  HAZE


RELATIVE HUMIDITY (PERCENT)
 HIGHEST    93           200 AM
 LOWEST     55           100 PM
 AVERAGE    74

..........................................................


THE WEST PLAINS MO CLIMATE NORMALS FOR TODAY
                         NORMAL    RECORD    YEAR
 MAXIMUM TEMPERATURE (F)   79        95      1955
 MINIMUM TEMPERATURE (F)   55        35      1991


SUNRISE AND SUNSET
SEPTEMBER 21 2016.....SUNRISE   655 AM CDT   SUNSET   705 PM CDT
SEPTEMBER 22 2016.....SUNRISE   656 AM CDT   SUNSET   704 PM CDT


-  INDICATES NEGATIVE NUMBERS.
R  INDICATES RECORD WAS SET OR TIED.
MM INDICATES DATA IS MISSING.
T  INDICATES TRACE AMOUNT.




$$
