000
CDUS43 KSGF 060646
CLIUNO


CLIMATE REPORT
NATIONAL WEATHER SERVICE SPRINGFIELD MO
145 AM CDT WED SEP 6 2017


...................................

...THE WEST PLAINS MO CLIMATE SUMMARY FOR SEPTEMBER 5 2017...

CLIMATE NORMAL PERIOD 1981 TO 2010
CLIMATE RECORD PERIOD 1947 TO 2017


WEATHER ITEM   OBSERVED TIME   RECORD YEAR NORMAL DEPARTURE LAST
                VALUE   (LST)  VALUE       VALUE  FROM      YEAR
                                                  NORMAL
..................................................................
TEMPERATURE (F)
 YESTERDAY
  MAXIMUM         78    147 PM 101    1954  85     -7       90
  MINIMUM         58   1129 PM  44    1997  62     -4       68
  AVERAGE         68                        73     -5       79

PRECIPITATION (IN)
  YESTERDAY        T             0.89 1973   0.15  -0.15     0.00
  MONTH TO DATE    T                         0.74  -0.74     0.00
  SINCE SEP 1      T                         0.74  -0.74     0.00
  SINCE JAN 1     42.19                     30.81  11.38    32.12

DEGREE DAYS
 HEATING
  YESTERDAY        0                         0      0        0
  MONTH TO DATE    0                         0      0        0
  SINCE SEP 1      0                         0      0        0
  SINCE JUL 1      1                         1      0        0

 COOLING
  YESTERDAY        3                         8     -5       14
  MONTH TO DATE   38                        45     -7       30
  SINCE SEP 1     38                        45     -7       30
  SINCE JAN 1   1139                      1217    -78     1319
..................................................................


WIND (MPH)
  HIGHEST WIND SPEED    18   HIGHEST WIND DIRECTION     N (340)
  HIGHEST GUST SPEED    25   HIGHEST GUST DIRECTION     N (340)
  AVERAGE WIND SPEED     8.7


SKY COVER
  AVERAGE SKY COVER 0.3


WEATHER CONDITIONS
 THE FOLLOWING WEATHER WAS RECORDED YESTERDAY.
  LIGHT RAIN


RELATIVE HUMIDITY (PERCENT)
 HIGHEST    82           100 AM
 LOWEST     21           100 PM
 AVERAGE    52

..........................................................


THE WEST PLAINS MO CLIMATE NORMALS FOR TODAY
                         NORMAL    RECORD    YEAR
 MAXIMUM TEMPERATURE (F)   85       101      1990
 MINIMUM TEMPERATURE (F)   61        45      1988


SUNRISE AND SUNSET
SEPTEMBER  6 2017.....SUNRISE   643 AM CDT   SUNSET   728 PM CDT
SEPTEMBER  7 2017.....SUNRISE   644 AM CDT   SUNSET   727 PM CDT


-  INDICATES NEGATIVE NUMBERS.
R  INDICATES RECORD WAS SET OR TIED.
MM INDICATES DATA IS MISSING.
T  INDICATES TRACE AMOUNT.




$$
