000
CDUS43 KSGF 162237
CLIUNO


CLIMATE REPORT
NATIONAL WEATHER SERVICE SPRINGFIELD MO
537 PM CDT SUN JUL 16 2017


...................................

...THE WEST PLAINS MO CLIMATE SUMMARY FOR JULY 16 2017...
VALID TODAY AS OF 0500 PM LOCAL TIME.

CLIMATE NORMAL PERIOD 1981 TO 2010
CLIMATE RECORD PERIOD 1947 TO 2017


WEATHER ITEM   OBSERVED TIME   RECORD YEAR NORMAL DEPARTURE LAST
                VALUE   (LST)  VALUE       VALUE  FROM      YEAR
                                                  NORMAL
..................................................................
TEMPERATURE (F)
 TODAY
  MAXIMUM         92    358 PM 105    1980  90      2       87
  MINIMUM         63    522 AM  53    2014  67     -4       64
                                      1990
  AVERAGE         78                        78      0       76

PRECIPITATION (IN)
  TODAY            0.00          1.16 1981   0.12  -0.12     0.00
  MONTH TO DATE    2.13                      1.94   0.19     2.93
  SINCE JUN 1      3.80                      5.96  -2.16     7.34
  SINCE JAN 1     39.21                     25.23  13.98    22.08

DEGREE DAYS
 HEATING
  TODAY            0                         0      0        0
  MONTH TO DATE    0                         0      0        0
  SINCE JUN 1      0                         5     -5        0
  SINCE JUL 1      0                         0      0        0

 COOLING
  TODAY           13                        13      0       11
  MONTH TO DATE  212                       204      8      204
  SINCE JUN 1    466                       470     -4      554
  SINCE JAN 1    588                       592     -4      647
..................................................................


WIND (MPH)
  HIGHEST WIND SPEED    10   HIGHEST WIND DIRECTION     N (360)
  HIGHEST GUST SPEED    17   HIGHEST GUST DIRECTION    NE (60)


SKY COVER
  AVERAGE SKY COVER 0.0


WEATHER CONDITIONS
 THE FOLLOWING WEATHER WAS RECORDED TODAY.
  NO SIGNIFICANT WEATHER WAS OBSERVED.


RELATIVE HUMIDITY (PERCENT)
 HIGHEST    93           100 AM
 LOWEST     30           400 PM
 AVERAGE    62

..........................................................


THE WEST PLAINS MO CLIMATE NORMALS FOR TOMORROW
                         NORMAL    RECORD    YEAR
 MAXIMUM TEMPERATURE (F)   90       103      1980
 MINIMUM TEMPERATURE (F)   67        53      2014


SUNRISE AND SUNSET
JULY 16 2017..........SUNRISE   601 AM CDT   SUNSET   826 PM CDT
JULY 17 2017..........SUNRISE   602 AM CDT   SUNSET   826 PM CDT


-  INDICATES NEGATIVE NUMBERS.
R  INDICATES RECORD WAS SET OR TIED.
MM INDICATES DATA IS MISSING.
T  INDICATES TRACE AMOUNT.




$$
