000
CDUS43 KSGF 150645
CLIUNO


CLIMATE REPORT
NATIONAL WEATHER SERVICE SPRINGFIELD MO
145 AM CDT FRI APR 15 2016


...................................

...THE WEST PLAINS MO CLIMATE SUMMARY FOR APRIL 14 2016...

CLIMATE NORMAL PERIOD 1981 TO 2010
CLIMATE RECORD PERIOD 1947 TO 2016


WEATHER ITEM   OBSERVED TIME   RECORD YEAR NORMAL DEPARTURE LAST
                VALUE   (LST)  VALUE       VALUE  FROM      YEAR
                                                  NORMAL
..................................................................
TEMPERATURE (F)
 YESTERDAY
  MAXIMUM         70    121 PM  85    2006  70      0       65
  MINIMUM         49    552 AM  22    1950  45      4       51
  AVERAGE         60                        57      3       58

PRECIPITATION (IN)
  YESTERDAY        T             2.20 1991   0.14  -0.14    MM
  MONTH TO DATE    0.93                      1.92  -0.99     0.15
  SINCE MAR 1      4.86                      6.21  -1.35     4.18
  SINCE JAN 1      7.50                     11.77  -4.27     8.86

DEGREE DAYS
 HEATING
  YESTERDAY        5                         9     -4        7
  MONTH TO DATE  154                       147      7       98
  SINCE MAR 1    548                       693   -145      657
  SINCE JUL 1   3381                      4157   -776     4454

 COOLING
  YESTERDAY        0                         1     -1        0
  MONTH TO DATE    0                         9     -9       14
  SINCE MAR 1      4                        13     -9       14
  SINCE JAN 1      4                        13     -9       14
..................................................................


WIND (MPH)
  HIGHEST WIND SPEED    14   HIGHEST WIND DIRECTION    NE (60)
  HIGHEST GUST SPEED    18   HIGHEST GUST DIRECTION     E (70)
  AVERAGE WIND SPEED     4.9


SKY COVER
  AVERAGE SKY COVER 0.8


WEATHER CONDITIONS
 THE FOLLOWING WEATHER WAS RECORDED YESTERDAY.
  NO SIGNIFICANT WEATHER WAS OBSERVED.


RELATIVE HUMIDITY (PERCENT)
 HIGHEST    77           400 AM
 LOWEST     31           300 PM
 AVERAGE    54

..........................................................


THE WEST PLAINS MO CLIMATE NORMALS FOR TODAY
                         NORMAL    RECORD    YEAR
 MAXIMUM TEMPERATURE (F)   70        84      1967
 MINIMUM TEMPERATURE (F)   45        25      1950


SUNRISE AND SUNSET
APRIL 15 2016.........SUNRISE   633 AM CDT   SUNSET   743 PM CDT
APRIL 16 2016.........SUNRISE   631 AM CDT   SUNSET   744 PM CDT


-  INDICATES NEGATIVE NUMBERS.
R  INDICATES RECORD WAS SET OR TIED.
MM INDICATES DATA IS MISSING.
T  INDICATES TRACE AMOUNT.




$$
