000
CDUS43 KSGF 072226
CLIUNO


CLIMATE REPORT
NATIONAL WEATHER SERVICE SPRINGFIELD MO
525 PM CDT SUN MAY 7 2017


...................................

...THE WEST PLAINS MO CLIMATE SUMMARY FOR MAY 7 2017...
VALID TODAY AS OF 0500 PM LOCAL TIME.

CLIMATE NORMAL PERIOD 1981 TO 2010
CLIMATE RECORD PERIOD 1947 TO 2017


WEATHER ITEM   OBSERVED TIME   RECORD YEAR NORMAL DEPARTURE LAST
                VALUE   (LST)  VALUE       VALUE  FROM      YEAR
                                                  NORMAL
..................................................................
TEMPERATURE (F)
 TODAY
  MAXIMUM         76    359 PM  89    1952  75      1       85
  MINIMUM         43    536 AM  33    1992  52     -9       54
  AVERAGE         60                        63     -3       70

PRECIPITATION (IN)
  TODAY            0.00          2.90 1961   0.21  -0.21     0.00
  MONTH TO DATE    2.89                      1.48   1.41     0.00
  SINCE MAR 1     27.11                     10.25  16.86     5.23
  SINCE JAN 1     31.74                     15.81  15.93     7.87

DEGREE DAYS
 COOLING
  TODAY            0                         2     -2        5
  MONTH TO DATE    0                        10    -10        5
  SINCE MAR 1     28                        38    -10       21
  SINCE JAN 1     29                        38     -9       21
..................................................................


WIND (MPH)
  HIGHEST WIND SPEED    12   HIGHEST WIND DIRECTION    SW (220)
  HIGHEST GUST SPEED    20   HIGHEST GUST DIRECTION    SW (240)


SKY COVER
  AVERAGE SKY COVER 0.0


WEATHER CONDITIONS
 THE FOLLOWING WEATHER WAS RECORDED TODAY.
  NO SIGNIFICANT WEATHER WAS OBSERVED.


RELATIVE HUMIDITY (PERCENT)
 HIGHEST   100           500 AM
 LOWEST     38           300 PM
 AVERAGE    69

..........................................................


THE WEST PLAINS MO CLIMATE NORMALS FOR TOMORROW
                         NORMAL    RECORD    YEAR
 MAXIMUM TEMPERATURE (F)   75        90      1962
 MINIMUM TEMPERATURE (F)   52        33      1992


SUNRISE AND SUNSET
MAY  7 2017...........SUNRISE   607 AM CDT   SUNSET   802 PM CDT
MAY  8 2017...........SUNRISE   606 AM CDT   SUNSET   803 PM CDT


-  INDICATES NEGATIVE NUMBERS.
R  INDICATES RECORD WAS SET OR TIED.
MM INDICATES DATA IS MISSING.
T  INDICATES TRACE AMOUNT.




$$
