719
CDUS43 KSGF 010629
CLIUNO


CLIMATE REPORT
NATIONAL WEATHER SERVICE SPRINGFIELD MO
1229 AM CST MON FEB 1 2016


...................................

...THE WEST PLAINS MO CLIMATE SUMMARY FOR JANUARY 31 2016...

CLIMATE NORMAL PERIOD 1981 TO 2010
CLIMATE RECORD PERIOD 1947 TO 2016


WEATHER ITEM   OBSERVED TIME   RECORD YEAR NORMAL DEPARTURE LAST
                VALUE   (LST)  VALUE       VALUE  FROM      YEAR
                                                  NORMAL
..................................................................
TEMPERATURE (F)
 YESTERDAY
  MAXIMUM         72    239 PM  73    1989  46     26       44
  MINIMUM         47   1159 PM   1    1977  24     23       33
  AVERAGE         60                        35     25       39

PRECIPITATION (IN)
  YESTERDAY        0.00          2.55 2002   0.15  -0.15      T
  MONTH TO DATE    0.93                      2.72  -1.79     2.02
  SINCE DEC 1      9.97                      6.36   3.61     4.99
  SINCE JAN 1      0.93                      2.72  -1.79     2.02

DEGREE DAYS
 HEATING
  YESTERDAY        5                        30    -25       26
  MONTH TO DATE  924                       957    -33      940
  SINCE DEC 1   1534                      1852   -318     1770
  SINCE JUL 1   2169                      2704   -535     2782

 COOLING
  YESTERDAY        0                         0      0        0
  MONTH TO DATE    0                         0      0        0
  SINCE DEC 1      0                         0      0        0
  SINCE JAN 1      0                         0      0        0
..................................................................


WIND (MPH)
  HIGHEST WIND SPEED    20   HIGHEST WIND DIRECTION    SW (230)
  HIGHEST GUST SPEED    29   HIGHEST GUST DIRECTION    SW (210)
  AVERAGE WIND SPEED    10.7


SKY COVER
  AVERAGE SKY COVER 0.4


WEATHER CONDITIONS
 THE FOLLOWING WEATHER WAS RECORDED YESTERDAY.
  NO SIGNIFICANT WEATHER WAS OBSERVED.


RELATIVE HUMIDITY (PERCENT)
 HIGHEST    83           600 AM
 LOWEST     38           300 PM
 AVERAGE    61

..........................................................


THE WEST PLAINS MO CLIMATE NORMALS FOR TODAY
                         NORMAL    RECORD    YEAR
 MAXIMUM TEMPERATURE (F)   46        74      1974
 MINIMUM TEMPERATURE (F)   24       -13      1951


SUNRISE AND SUNSET
FEBRUARY  1 2016......SUNRISE   710 AM CST   SUNSET   532 PM CST
FEBRUARY  2 2016......SUNRISE   709 AM CST   SUNSET   534 PM CST


-  INDICATES NEGATIVE NUMBERS.
R  INDICATES RECORD WAS SET OR TIED.
MM INDICATES DATA IS MISSING.
T  INDICATES TRACE AMOUNT.




$$
