000
CDUS43 KSGF 120626
CLIUNO


CLIMATE REPORT
NATIONAL WEATHER SERVICE SPRINGFIELD MO
126 AM CDT SUN OCT 12 2014


...................................

...THE WEST PLAINS MO CLIMATE SUMMARY FOR OCTOBER 11 2014...

CLIMATE NORMAL PERIOD 1981 TO 2010
CLIMATE RECORD PERIOD 1947 TO 2014


WEATHER ITEM   OBSERVED TIME   RECORD YEAR NORMAL DEPARTURE LAST
                VALUE   (LST)  VALUE       VALUE  FROM      YEAR
                                                  NORMAL
..................................................................
TEMPERATURE (F)
 YESTERDAY
  MAXIMUM         53    757 PM  93    1963  71    -18       75
  MINIMUM         48    831 AM  29    1964  46      2       50
  AVERAGE         51                        59     -8       63

PRECIPITATION (IN)
  YESTERDAY        0.21          2.07 1969   0.12   0.09     0.00
  MONTH TO DATE    5.99                      1.31   4.68     1.05
  SINCE SEP 1      8.19                      5.40   2.79     2.70
  SINCE JAN 1     29.81                     35.47  -5.66    44.93

DEGREE DAYS
 HEATING
  YESTERDAY       14                         7      7        2
  MONTH TO DATE   55                        65    -10       45
  SINCE SEP 1     99                       106     -7       61
  SINCE JUL 1    101                       107     -6       65

 COOLING
  YESTERDAY        0                         1     -1        0
  MONTH TO DATE   24                        15      9       32
  SINCE SEP 1    164                       171     -7      228
  SINCE JAN 1   1219                      1343   -124     1070
..................................................................


WIND (MPH)
  HIGHEST WIND SPEED    15   HIGHEST WIND DIRECTION    NE (30)
  HIGHEST GUST SPEED    19   HIGHEST GUST DIRECTION     N (20)
  AVERAGE WIND SPEED     8.1


SKY COVER
  AVERAGE SKY COVER 1.0


WEATHER CONDITIONS
 THE FOLLOWING WEATHER WAS RECORDED YESTERDAY.
  LIGHT RAIN
  FOG


RELATIVE HUMIDITY (PERCENT)
 HIGHEST    96          1200 AM
 LOWEST     80           400 AM
 AVERAGE    88

..........................................................


THE WEST PLAINS MO CLIMATE NORMALS FOR TODAY
                         NORMAL    RECORD    YEAR
 MAXIMUM TEMPERATURE (F)   71        87      1975
 MINIMUM TEMPERATURE (F)   46        28      1987


SUNRISE AND SUNSET
OCTOBER 12 2014.......SUNRISE   712 AM CDT   SUNSET   635 PM CDT
OCTOBER 13 2014.......SUNRISE   713 AM CDT   SUNSET   634 PM CDT


-  INDICATES NEGATIVE NUMBERS.
R  INDICATES RECORD WAS SET OR TIED.
MM INDICATES DATA IS MISSING.
T  INDICATES TRACE AMOUNT.




$$
