443
CDUS43 KSGF 200626
CLIUNO


CLIMATE REPORT
NATIONAL WEATHER SERVICE SPRINGFIELD MO
126 AM CDT THU APR 20 2017


...................................

...THE WEST PLAINS MO CLIMATE SUMMARY FOR APRIL 19 2017...

CLIMATE NORMAL PERIOD 1981 TO 2010
CLIMATE RECORD PERIOD 1947 TO 2017


WEATHER ITEM   OBSERVED TIME   RECORD YEAR NORMAL DEPARTURE LAST
                VALUE   (LST)  VALUE       VALUE  FROM      YEAR
                                                  NORMAL
..................................................................
TEMPERATURE (F)
 YESTERDAY
  MAXIMUM         81    251 PM  85    2011  71     10       66
                                      1987
  MINIMUM         56    445 AM  26    1953  46     10       57
                                      1983
  AVERAGE         69                        58     11       62

PRECIPITATION (IN)
  YESTERDAY        0.00          3.22 1968   0.16  -0.16     0.02
  MONTH TO DATE    2.83                      2.69   0.14     0.95
  SINCE MAR 1      9.12                      6.98   2.14     4.88
  SINCE JAN 1     13.75                     12.54   1.21     7.52

DEGREE DAYS
 HEATING
  YESTERDAY        0                         7     -7        3
  MONTH TO DATE   88                       187    -99      165
  SINCE MAR 1    517                       733   -216      559
  SINCE JUL 1   3166                      4197  -1031     3392

 COOLING
  YESTERDAY        4                         1      3        0
  MONTH TO DATE   18                        14      4        0
  SINCE MAR 1     22                        18      4        4
  SINCE JAN 1     23                        18      5        4
..................................................................


WIND (MPH)
  HIGHEST WIND SPEED    17   HIGHEST WIND DIRECTION     S (180)
  HIGHEST GUST SPEED    25   HIGHEST GUST DIRECTION     S (180)
  AVERAGE WIND SPEED     7.7


SKY COVER
  AVERAGE SKY COVER 0.3


WEATHER CONDITIONS
 THE FOLLOWING WEATHER WAS RECORDED YESTERDAY.
  FOG
  FOG W/VISIBILITY <= 1/4 MILE


RELATIVE HUMIDITY (PERCENT)
 HIGHEST   100           500 AM
 LOWEST     45           300 PM
 AVERAGE    73

..........................................................


THE WEST PLAINS MO CLIMATE NORMALS FOR TODAY
                         NORMAL    RECORD    YEAR
 MAXIMUM TEMPERATURE (F)   71        91      1987
 MINIMUM TEMPERATURE (F)   46        30      2013
                                             1953


SUNRISE AND SUNSET
APRIL 20 2017.........SUNRISE   627 AM CDT   SUNSET   747 PM CDT
APRIL 21 2017.........SUNRISE   625 AM CDT   SUNSET   748 PM CDT


-  INDICATES NEGATIVE NUMBERS.
R  INDICATES RECORD WAS SET OR TIED.
MM INDICATES DATA IS MISSING.
T  INDICATES TRACE AMOUNT.




$$
