000
CDUS43 KSGF 110633
CLIUNO


CLIMATE REPORT
NATIONAL WEATHER SERVICE SPRINGFIELD MO
1232 AM CST SAT MAR 11 2017


...................................

...THE WEST PLAINS MO CLIMATE SUMMARY FOR MARCH 10 2017...

CLIMATE NORMAL PERIOD 1981 TO 2010
CLIMATE RECORD PERIOD 1947 TO 2017


WEATHER ITEM   OBSERVED TIME   RECORD YEAR NORMAL DEPARTURE LAST
                VALUE   (LST)  VALUE       VALUE  FROM      YEAR
                                                  NORMAL
..................................................................
TEMPERATURE (F)
 YESTERDAY
  MAXIMUM         54   1210 AM  82    1995  57     -3       58
  MINIMUM         36    700 AM  12    1996  34      2       45
  AVERAGE         45                        45      0       52

PRECIPITATION (IN)
  YESTERDAY        0.00          2.41 1952   0.12  -0.12     0.43
  MONTH TO DATE    2.16                      1.19   0.97     2.24
  SINCE MAR 1      2.16                      1.19   0.97     2.24
  SINCE JAN 1      6.79                      6.75   0.04     4.88

DEGREE DAYS
 HEATING
  YESTERDAY       20                        20      0       13
  MONTH TO DATE  137                       214    -77      134
  SINCE MAR 1    137                       214    -77      134
  SINCE JUL 1   2786                      3678   -892     2967

 COOLING
  YESTERDAY        0                         0      0        0
  MONTH TO DATE    0                         0      0        0
  SINCE MAR 1      0                         0      0        0
  SINCE JAN 1      1                         0      1        0
..................................................................


WIND (MPH)
  HIGHEST WIND SPEED    20   HIGHEST WIND DIRECTION     N (10)
  HIGHEST GUST SPEED    28   HIGHEST GUST DIRECTION    NE (30)
  AVERAGE WIND SPEED    10.6


SKY COVER
  AVERAGE SKY COVER 0.1


WEATHER CONDITIONS
 THE FOLLOWING WEATHER WAS RECORDED YESTERDAY.
  NO SIGNIFICANT WEATHER WAS OBSERVED.


RELATIVE HUMIDITY (PERCENT)
 HIGHEST    93          1200 AM
 LOWEST     28           400 PM
 AVERAGE    61

..........................................................


THE WEST PLAINS MO CLIMATE NORMALS FOR TODAY
                         NORMAL    RECORD    YEAR
 MAXIMUM TEMPERATURE (F)   58        88      1967
 MINIMUM TEMPERATURE (F)   34        13      1994


SUNRISE AND SUNSET
MARCH 11 2017.........SUNRISE   624 AM CST   SUNSET   612 PM CST
MARCH 12 2017.........SUNRISE   723 AM CDT   SUNSET   713 PM CDT


-  INDICATES NEGATIVE NUMBERS.
R  INDICATES RECORD WAS SET OR TIED.
MM INDICATES DATA IS MISSING.
T  INDICATES TRACE AMOUNT.




$$
