000
CDUS43 KSGF 102127
CLIUNO


CLIMATE REPORT
NATIONAL WEATHER SERVICE SPRINGFIELD MO
426 PM CDT THU AUG 10 2017


...................................

...THE WEST PLAINS MO CLIMATE SUMMARY FOR AUGUST 10 2017...
VALID AS OF 0400 PM LOCAL TIME.

CLIMATE NORMAL PERIOD 1981 TO 2010
CLIMATE RECORD PERIOD 1947 TO 2017


WEATHER ITEM   OBSERVED TIME   RECORD YEAR NORMAL DEPARTURE LAST
                VALUE   (LST)  VALUE       VALUE  FROM      YEAR
                                                  NORMAL
..................................................................
TEMPERATURE (F)
 TODAY
  MAXIMUM         84    257 PM 103    1999  90     -6       90
  MINIMUM         64    121 AM  51    1990  66     -2       72
  AVERAGE         74                        78     -4       81

PRECIPITATION (IN)
  TODAY            0.04          4.70 2001   0.09  -0.05     0.00
  MONTH TO DATE    1.33                      1.04   0.29     1.13
  SINCE JUN 1      5.33                      8.61  -3.28    14.88
  SINCE JAN 1     40.74                     27.88  12.86    29.62

DEGREE DAYS
 HEATING
  TODAY            0                         0      0        0
  MONTH TO DATE    1                         0      1        0
  SINCE JUN 1      1                         5     -4        0
  SINCE JUL 1      1                         0      1        0

 COOLING
  TODAY            9                        13     -4       16
  MONTH TO DATE   83                       130    -47      152
  SINCE JUN 1    784                       801    -17      957
  SINCE JAN 1    906                       923    -17     1050
..................................................................


WIND (MPH)
  HIGHEST WIND SPEED     9   HIGHEST WIND DIRECTION     W (260)
  HIGHEST GUST SPEED    13   HIGHEST GUST DIRECTION    SW (210)


SKY COVER
  AVERAGE SKY COVER 0.3


WEATHER CONDITIONS
 THE FOLLOWING WEATHER WAS RECORDED TODAY.
  RAIN
  FOG


RELATIVE HUMIDITY (PERCENT)
 HIGHEST    93           200 AM
 LOWEST     55           300 PM
 AVERAGE    74

..........................................................


THE WEST PLAINS MO CLIMATE NORMALS FOR TOMORROW
                         NORMAL    RECORD    YEAR
 MAXIMUM TEMPERATURE (F)   90       103      2010
 MINIMUM TEMPERATURE (F)   66        52      1967


SUNRISE AND SUNSET
AUGUST 10 2017........SUNRISE   621 AM CDT   SUNSET   805 PM CDT
AUGUST 11 2017........SUNRISE   622 AM CDT   SUNSET   803 PM CDT


-  INDICATES NEGATIVE NUMBERS.
R  INDICATES RECORD WAS SET OR TIED.
MM INDICATES DATA IS MISSING.
T  INDICATES TRACE AMOUNT.




$$
