000
CDUS43 KSGF 202226
CLIUNO


CLIMATE REPORT
NATIONAL WEATHER SERVICE SPRINGFIELD MO
526 PM CDT SAT JUN 20 2015


...................................

...THE WEST PLAINS MO CLIMATE SUMMARY FOR JUNE 20 2015...
VALID TODAY AS OF 0500 PM LOCAL TIME.

CLIMATE NORMAL PERIOD 1981 TO 2010
CLIMATE RECORD PERIOD 1947 TO 2015


WEATHER ITEM   OBSERVED TIME   RECORD YEAR NORMAL DEPARTURE LAST
                VALUE   (LST)  VALUE       VALUE  FROM      YEAR
                                                  NORMAL
..................................................................
TEMPERATURE (F)
 TODAY
  MAXIMUM         88    320 PM 102    1953  85      3       89
  MINIMUM         63    530 AM  50    1985  65     -2       67
  AVERAGE         76                        75      1       78

PRECIPITATION (IN)
  TODAY            0.00          2.00 1950   0.14  -0.14      T
  MONTH TO DATE    4.59                      2.68   1.91     2.26
  SINCE JUN 1      4.59                      2.68   1.91     2.26
  SINCE JAN 1     22.20                     21.95   0.25    14.24

DEGREE DAYS
 COOLING
  TODAY           11                        10      1       13
  MONTH TO DATE  191                       156     35      151
  SINCE JUN 1    191                       156     35      151
  SINCE JAN 1    313                       278     35      301
..................................................................


WIND (MPH)
  HIGHEST WIND SPEED    13   HIGHEST WIND DIRECTION    SW (210)
  HIGHEST GUST SPEED    18   HIGHEST GUST DIRECTION     S (200)


SKY COVER
  AVERAGE SKY COVER 0.4


WEATHER CONDITIONS
 THE FOLLOWING WEATHER WAS RECORDED TODAY.
  FOG
  FOG W/VISIBILITY <= 1/4 MILE


RELATIVE HUMIDITY (PERCENT)
 HIGHEST    97           800 AM
 LOWEST     63           200 PM
 AVERAGE    80

..........................................................


THE WEST PLAINS MO CLIMATE NORMALS FOR TOMORROW
                         NORMAL    RECORD    YEAR
 MAXIMUM TEMPERATURE (F)   86        98      1952
 MINIMUM TEMPERATURE (F)   65        49      1976


SUNRISE AND SUNSET
JUNE 20 2015..........SUNRISE   548 AM CDT   SUNSET   830 PM CDT
JUNE 21 2015..........SUNRISE   549 AM CDT   SUNSET   830 PM CDT


-  INDICATES NEGATIVE NUMBERS.
R  INDICATES RECORD WAS SET OR TIED.
MM INDICATES DATA IS MISSING.
T  INDICATES TRACE AMOUNT.




$$
