000
CDUS43 KSGF 190625
CLIUNO


CLIMATE REPORT
NATIONAL WEATHER SERVICE SPRINGFIELD MO
125 AM CDT SUN JUL 19 2015


...................................

...THE WEST PLAINS MO CLIMATE SUMMARY FOR JULY 18 2015...

CLIMATE NORMAL PERIOD 1981 TO 2010
CLIMATE RECORD PERIOD 1947 TO 2015


WEATHER ITEM   OBSERVED TIME   RECORD YEAR NORMAL DEPARTURE LAST
                VALUE   (LST)  VALUE       VALUE  FROM      YEAR
                                                  NORMAL
..................................................................
TEMPERATURE (F)
 YESTERDAY
  MAXIMUM         91    237 PM 102    1980  90      1       75
  MINIMUM         74    536 AM  54    2009  67      7       58
                                      1985
  AVERAGE         83                        78      5       67

PRECIPITATION (IN)
  YESTERDAY        0.00          2.09 2002   0.12  -0.12     0.00
  MONTH TO DATE    5.16                      2.17   2.99     1.54
  SINCE JUN 1     10.88                      6.19   4.69     6.77
  SINCE JAN 1     28.49                     25.46   3.03    18.75

DEGREE DAYS
 HEATING
  YESTERDAY        0                         0      0        0
  MONTH TO DATE    0                         0      0        2
  SINCE JUN 1      5                         5      0        4
  SINCE JUL 1      0                         0      0        2

 COOLING
  YESTERDAY       18                        13      5        2
  MONTH TO DATE  241                       230     11      130
  SINCE JUN 1    556                       496     60      395
  SINCE JAN 1    678                       618     60      545
..................................................................


WIND (MPH)
  HIGHEST WIND SPEED    13   HIGHEST WIND DIRECTION    SW (230)
  HIGHEST GUST SPEED    16   HIGHEST GUST DIRECTION    SW (230)
  AVERAGE WIND SPEED     6.2


SKY COVER
  AVERAGE SKY COVER 0.1


WEATHER CONDITIONS
 THE FOLLOWING WEATHER WAS RECORDED YESTERDAY.
  NO SIGNIFICANT WEATHER WAS OBSERVED.


RELATIVE HUMIDITY (PERCENT)
 HIGHEST    87           300 AM
 LOWEST     56           200 PM
 AVERAGE    72

..........................................................


THE WEST PLAINS MO CLIMATE NORMALS FOR TODAY
                         NORMAL    RECORD    YEAR
 MAXIMUM TEMPERATURE (F)   90       105      2012
 MINIMUM TEMPERATURE (F)   67        54      2014
                                             2009


SUNRISE AND SUNSET
JULY 19 2015..........SUNRISE   603 AM CDT   SUNSET   825 PM CDT
JULY 20 2015..........SUNRISE   604 AM CDT   SUNSET   824 PM CDT


-  INDICATES NEGATIVE NUMBERS.
R  INDICATES RECORD WAS SET OR TIED.
MM INDICATES DATA IS MISSING.
T  INDICATES TRACE AMOUNT.




$$
