000
CDUS43 KSGF 220626
CLIUNO


CLIMATE REPORT
NATIONAL WEATHER SERVICE SPRINGFIELD MO
1226 AM CST SAT NOV 22 2014


...................................

...THE WEST PLAINS MO CLIMATE SUMMARY FOR NOVEMBER 21 2014...

CLIMATE NORMAL PERIOD 1981 TO 2010
CLIMATE RECORD PERIOD 1947 TO 2014


WEATHER ITEM   OBSERVED TIME   RECORD YEAR NORMAL DEPARTURE LAST
                VALUE   (LST)  VALUE       VALUE  FROM      YEAR
                                                  NORMAL
..................................................................
TEMPERATURE (F)
 YESTERDAY
  MAXIMUM         42    309 PM  77    1989  54    -12       52
  MINIMUM         29    125 AM  10    1964  35     -6       45
  AVERAGE         36                        44     -8       49

PRECIPITATION (IN)
  YESTERDAY        T             3.01 2013   0.15  -0.15     3.01
  MONTH TO DATE    0.76                      3.16  -2.40     4.49
  SINCE SEP 1     10.25                     11.09  -0.84     9.65
  SINCE JAN 1     31.87                     41.16  -9.29    51.88

DEGREE DAYS
 HEATING
  YESTERDAY       29                        21      8       16
  MONTH TO DATE  561                       346    215      360
  SINCE SEP 1    831                       648    183      629
  SINCE JUL 1    833                       649    184      633

 COOLING
  YESTERDAY        0                         0      0        0
  MONTH TO DATE    0                         0      0        0
  SINCE SEP 1    176                       180     -4      231
  SINCE JAN 1   1231                      1352   -121     1073
..................................................................


WIND (MPH)
  HIGHEST WIND SPEED    15   HIGHEST WIND DIRECTION    SE (120)
  HIGHEST GUST SPEED    19   HIGHEST GUST DIRECTION     E (110)
  AVERAGE WIND SPEED     7.1


SKY COVER
  AVERAGE SKY COVER 0.8


WEATHER CONDITIONS
 THE FOLLOWING WEATHER WAS RECORDED YESTERDAY.
  LIGHT RAIN
  FOG
  HAZE


RELATIVE HUMIDITY (PERCENT)
 HIGHEST   100           900 PM
 LOWEST     54          1000 AM
 AVERAGE    77

..........................................................


THE WEST PLAINS MO CLIMATE NORMALS FOR TODAY
                         NORMAL    RECORD    YEAR
 MAXIMUM TEMPERATURE (F)   54        75      1973
 MINIMUM TEMPERATURE (F)   34         8      1964


SUNRISE AND SUNSET
NOVEMBER 22 2014......SUNRISE   653 AM CST   SUNSET   454 PM CST
NOVEMBER 23 2014......SUNRISE   654 AM CST   SUNSET   454 PM CST


-  INDICATES NEGATIVE NUMBERS.
R  INDICATES RECORD WAS SET OR TIED.
MM INDICATES DATA IS MISSING.
T  INDICATES TRACE AMOUNT.




$$
