000
CDUS43 KSGF 152232
CLIUNO


CLIMATE REPORT
NATIONAL WEATHER SERVICE SPRINGFIELD MO
431 PM CST THU JAN 15 2015


...................................

...THE WEST PLAINS MO CLIMATE SUMMARY FOR JANUARY 15 2015...
VALID AS OF 0400 PM LOCAL TIME.

CLIMATE NORMAL PERIOD 1981 TO 2010
CLIMATE RECORD PERIOD 1947 TO 2015


WEATHER ITEM   OBSERVED TIME   RECORD YEAR NORMAL DEPARTURE LAST
                VALUE   (LST)  VALUE       VALUE  FROM      YEAR
                                                  NORMAL
..................................................................
TEMPERATURE (F)
 TODAY
  MAXIMUM         46    357 PM  71    1996  44      2       35
  MINIMUM         29    828 AM  -5    1979  23      6       21
  AVERAGE         38                        34      4       28

PRECIPITATION (IN)
  TODAY            0.01          0.65 1949   0.06  -0.05     0.00
  MONTH TO DATE    1.88                      0.95   0.93     1.57
  SINCE DEC 1      4.85                      4.59   0.26     3.88
  SINCE JAN 1      1.88                      0.95   0.93     1.57

DEGREE DAYS
 HEATING
  TODAY           27                        31     -4       37
  MONTH TO DATE  576                       465    111      541
  SINCE DEC 1   1406                      1358     48     1386
  SINCE JUL 1   2418                      2210    208     2298

 COOLING
  TODAY            0                         0      0        0
  MONTH TO DATE    0                         0      0        0
  SINCE DEC 1      0                         0      0        0
  SINCE JAN 1      0                         0      0        0
..................................................................


WIND (MPH)
  HIGHEST WIND SPEED    13   HIGHEST WIND DIRECTION     W (280)
  HIGHEST GUST SPEED    16   HIGHEST GUST DIRECTION     W (280)


SKY COVER
  AVERAGE SKY COVER 0.7


WEATHER CONDITIONS
 THE FOLLOWING WEATHER WAS RECORDED TODAY.
  LIGHT SNOW
  FOG
  HAZE


RELATIVE HUMIDITY (PERCENT)
 HIGHEST    78          1200 AM
 LOWEST     38           400 PM
 AVERAGE    58

..........................................................


THE WEST PLAINS MO CLIMATE NORMALS FOR TOMORROW
                         NORMAL    RECORD    YEAR
 MAXIMUM TEMPERATURE (F)   44        72      1952
 MINIMUM TEMPERATURE (F)   23       -10      1977


SUNRISE AND SUNSET
JANUARY 15 2015.......SUNRISE   720 AM CST   SUNSET   515 PM CST
JANUARY 16 2015.......SUNRISE   719 AM CST   SUNSET   516 PM CST


-  INDICATES NEGATIVE NUMBERS.
R  INDICATES RECORD WAS SET OR TIED.
MM INDICATES DATA IS MISSING.
T  INDICATES TRACE AMOUNT.




$$
