000
CDUS43 KSGF 042128
CLIUNO


CLIMATE REPORT
NATIONAL WEATHER SERVICE SPRINGFIELD MO
427 PM CDT FRI JUL 4 2014


...................................

...THE WEST PLAINS MO CLIMATE SUMMARY FOR JULY 4 2014...
VALID AS OF 0400 PM LOCAL TIME.

CLIMATE NORMAL PERIOD 1981 TO 2010
CLIMATE RECORD PERIOD 1947 TO 2014


WEATHER ITEM   OBSERVED TIME   RECORD YEAR NORMAL DEPARTURE LAST
                VALUE   (LST)  VALUE       VALUE  FROM      YEAR
                                                  NORMAL
..................................................................
TEMPERATURE (F)
 TODAY
  MAXIMUM         79    150 PM 101    2012  88     -9       83
  MINIMUM         56    504 AM  48    1968  67    -11       55
  AVERAGE         68                        77     -9       69

PRECIPITATION (IN)
  TODAY            0.00          1.29 1987   0.12  -0.12     0.00
  MONTH TO DATE    0.28                      0.42  -0.14     0.00
  SINCE JUN 1      5.51                      4.44   1.07     3.67
  SINCE JAN 1     17.49                     23.71  -6.22    25.49

DEGREE DAYS
 HEATING
  TODAY            0                         0      0        0
  MONTH TO DATE    0                         0      0        0
  SINCE JUN 1      2                         5     -3        9
  SINCE JUL 1      0                         0      0        0

 COOLING
  TODAY            3                        12     -9        4
  MONTH TO DATE   25                        48    -23       13
  SINCE JUN 1    290                       314    -24      161
  SINCE JAN 1    440                       436      4      273
..................................................................


WIND (MPH)
  HIGHEST WIND SPEED     9   HIGHEST WIND DIRECTION    NE (50)
  HIGHEST GUST SPEED    12   HIGHEST GUST DIRECTION     E (70)


SKY COVER
  AVERAGE SKY COVER 0.4


WEATHER CONDITIONS
 THE FOLLOWING WEATHER WAS RECORDED TODAY.
  NO SIGNIFICANT WEATHER WAS OBSERVED.


RELATIVE HUMIDITY (PERCENT)
 HIGHEST    93           200 AM
 LOWEST     48           200 PM
 AVERAGE    71

..........................................................


THE WEST PLAINS MO CLIMATE NORMALS FOR TOMORROW
                         NORMAL    RECORD    YEAR
 MAXIMUM TEMPERATURE (F)   88       102      2012
 MINIMUM TEMPERATURE (F)   67        50      1968


SUNRISE AND SUNSET
JULY  4 2014..........SUNRISE   554 AM CDT   SUNSET   830 PM CDT
JULY  5 2014..........SUNRISE   554 AM CDT   SUNSET   830 PM CDT


-  INDICATES NEGATIVE NUMBERS.
R  INDICATES RECORD WAS SET OR TIED.
MM INDICATES DATA IS MISSING.
T  INDICATES TRACE AMOUNT.




$$
