000
CDUS43 KSGF 130645
CLIUNO


CLIMATE REPORT
NATIONAL WEATHER SERVICE SPRINGFIELD MO
145 AM CDT FRI MAY 13 2016


...................................

...THE WEST PLAINS MO CLIMATE SUMMARY FOR MAY 12 2016...

CLIMATE NORMAL PERIOD 1981 TO 2010
CLIMATE RECORD PERIOD 1947 TO 2016


WEATHER ITEM   OBSERVED TIME   RECORD YEAR NORMAL DEPARTURE LAST
                VALUE   (LST)  VALUE       VALUE  FROM      YEAR
                                                  NORMAL
..................................................................
TEMPERATURE (F)
 YESTERDAY
  MAXIMUM         75    209 PM  87    2005  76     -1       68
                                      1956
  MINIMUM         50   1159 PM  30    1960  53     -3       45
  AVERAGE         63                        64     -1       57

PRECIPITATION (IN)
  YESTERDAY        0.31          1.68 1967   0.16   0.15     0.00
  MONTH TO DATE    2.44                      2.34   0.10     2.91
  SINCE MAR 1      7.67                     11.11  -3.44     8.27
  SINCE JAN 1     10.31                     16.67  -6.36    12.95

DEGREE DAYS
 HEATING
  YESTERDAY        2                         3     -1        8
  MONTH TO DATE   39                        45     -6       30
  SINCE MAR 1    619                       843   -224      798
  SINCE JUL 1   3452                      4307   -855     4595

 COOLING
  YESTERDAY        0                         2     -2        0
  MONTH TO DATE   23                        20      3       35
  SINCE MAR 1     39                        48     -9       51
  SINCE JAN 1     39                        48     -9       51
..................................................................


WIND (MPH)
  HIGHEST WIND SPEED    25   HIGHEST WIND DIRECTION    NW (330)
  HIGHEST GUST SPEED    37   HIGHEST GUST DIRECTION    NW (320)
  AVERAGE WIND SPEED     7.0


SKY COVER
  AVERAGE SKY COVER 0.4


WEATHER CONDITIONS
 THE FOLLOWING WEATHER WAS RECORDED YESTERDAY.
  THUNDERSTORM
  HEAVY RAIN
  RAIN
  LIGHT RAIN
  FOG


RELATIVE HUMIDITY (PERCENT)
 HIGHEST    87           200 AM
 LOWEST     35           500 PM
 AVERAGE    61

..........................................................


THE WEST PLAINS MO CLIMATE NORMALS FOR TODAY
                         NORMAL    RECORD    YEAR
 MAXIMUM TEMPERATURE (F)   76        90      1984
 MINIMUM TEMPERATURE (F)   53        33      1960


SUNRISE AND SUNSET
MAY 13 2016...........SUNRISE   601 AM CDT   SUNSET   807 PM CDT
MAY 14 2016...........SUNRISE   600 AM CDT   SUNSET   808 PM CDT


-  INDICATES NEGATIVE NUMBERS.
R  INDICATES RECORD WAS SET OR TIED.
MM INDICATES DATA IS MISSING.
T  INDICATES TRACE AMOUNT.




$$
