000
CDUS43 KSGF 212128
CLIUNO


CLIMATE REPORT
NATIONAL WEATHER SERVICE SPRINGFIELD MO
428 PM CDT FRI AUG 21 2015


...................................

...THE WEST PLAINS MO CLIMATE SUMMARY FOR AUGUST 21 2015...
VALID AS OF 0400 PM LOCAL TIME.

CLIMATE NORMAL PERIOD 1981 TO 2010
CLIMATE RECORD PERIOD 1947 TO 2015


WEATHER ITEM   OBSERVED TIME   RECORD YEAR NORMAL DEPARTURE LAST
                VALUE   (LST)  VALUE       VALUE  FROM      YEAR
                                                  NORMAL
..................................................................
TEMPERATURE (F)
 TODAY
  MAXIMUM         77    115 PM 101    2010  89    -12       93
  MINIMUM         55    612 AM  47    1950  65    -10       73
  AVERAGE         66                        77    -11       83

PRECIPITATION (IN)
  TODAY            0.00          2.87 1964   0.11  -0.11     0.00
  MONTH TO DATE    3.68                      2.17   1.51     2.75
  SINCE JUN 1     17.26                      9.74   7.52     9.61
  SINCE JAN 1     34.87                     29.01   5.86    21.59

DEGREE DAYS
 HEATING
  TODAY            0                         0      0        0
  MONTH TO DATE    0                         0      0        0
  SINCE JUN 1      5                         5      0        4
  SINCE JUL 1      0                         0      0        2

 COOLING
  TODAY            1                        12    -11       18
  MONTH TO DATE  213                       269    -56      243
  SINCE JUN 1    972                       940     32      742
  SINCE JAN 1   1094                      1062     32      892
..................................................................


WIND (MPH)
  HIGHEST WIND SPEED    15   HIGHEST WIND DIRECTION    SE (140)
  HIGHEST GUST SPEED    22   HIGHEST GUST DIRECTION    SE (150)


SKY COVER
  AVERAGE SKY COVER 0.1


WEATHER CONDITIONS
 THE FOLLOWING WEATHER WAS RECORDED TODAY.
  NO SIGNIFICANT WEATHER WAS OBSERVED.


RELATIVE HUMIDITY (PERCENT)
 HIGHEST    93           200 AM
 LOWEST     47           100 PM
 AVERAGE    70

..........................................................


THE WEST PLAINS MO CLIMATE NORMALS FOR TOMORROW
                         NORMAL    RECORD    YEAR
 MAXIMUM TEMPERATURE (F)   89       101      1983
 MINIMUM TEMPERATURE (F)   65        45      1956


SUNRISE AND SUNSET
AUGUST 21 2015........SUNRISE   629 AM CDT   SUNSET   752 PM CDT
AUGUST 22 2015........SUNRISE   630 AM CDT   SUNSET   750 PM CDT


-  INDICATES NEGATIVE NUMBERS.
R  INDICATES RECORD WAS SET OR TIED.
MM INDICATES DATA IS MISSING.
T  INDICATES TRACE AMOUNT.




$$
