000
CDUS43 KSGF 102226
CLIUNO


CLIMATE REPORT
NATIONAL WEATHER SERVICE SPRINGFIELD MO
526 PM CDT WED AUG 10 2016


...................................

...THE WEST PLAINS MO CLIMATE SUMMARY FOR AUGUST 10 2016...
VALID TODAY AS OF 0500 PM LOCAL TIME.

CLIMATE NORMAL PERIOD 1981 TO 2010
CLIMATE RECORD PERIOD 1947 TO 2016


WEATHER ITEM   OBSERVED TIME   RECORD YEAR NORMAL DEPARTURE LAST
                VALUE   (LST)  VALUE       VALUE  FROM      YEAR
                                                  NORMAL
..................................................................
TEMPERATURE (F)
 TODAY
  MAXIMUM         90    327 PM 103    1999  90      0       88
  MINIMUM         72    518 AM  51    1990  66      6       68
  AVERAGE         81                        78      3       78

PRECIPITATION (IN)
  TODAY            0.00          4.70 2001   0.09  -0.09     1.12
  MONTH TO DATE    1.13                      1.04   0.09     2.75
  SINCE JUN 1     14.88                      8.61   6.27    16.33
  SINCE JAN 1     29.62                     27.88   1.74    33.94

DEGREE DAYS
 HEATING
  TODAY            0                         0      0        0
  MONTH TO DATE    0                         0      0        0
  SINCE JUN 1      0                         5     -5        5
  SINCE JUL 1      0                         0      0        0

 COOLING
  TODAY           16                        13      3       13
  MONTH TO DATE  152                       130     22      132
  SINCE JUN 1    957                       801    156      891
  SINCE JAN 1   1050                       923    127     1013
..................................................................


WIND (MPH)
  HIGHEST WIND SPEED     9   HIGHEST WIND DIRECTION     E (100)
  HIGHEST GUST SPEED    13   HIGHEST GUST DIRECTION     E (100)


SKY COVER
  AVERAGE SKY COVER 0.2


WEATHER CONDITIONS
 THE FOLLOWING WEATHER WAS RECORDED TODAY.
  FOG


RELATIVE HUMIDITY (PERCENT)
 HIGHEST    93           500 AM
 LOWEST     56           200 PM
 AVERAGE    75

..........................................................


THE WEST PLAINS MO CLIMATE NORMALS FOR TOMORROW
                         NORMAL    RECORD    YEAR
 MAXIMUM TEMPERATURE (F)   90       103      2010
 MINIMUM TEMPERATURE (F)   66        52      1967


SUNRISE AND SUNSET
AUGUST 10 2016........SUNRISE   621 AM CDT   SUNSET   804 PM CDT
AUGUST 11 2016........SUNRISE   622 AM CDT   SUNSET   803 PM CDT


-  INDICATES NEGATIVE NUMBERS.
R  INDICATES RECORD WAS SET OR TIED.
MM INDICATES DATA IS MISSING.
T  INDICATES TRACE AMOUNT.




$$
