000
CDUS43 KSGF 300626
CLIUNO


CLIMATE REPORT
NATIONAL WEATHER SERVICE SPRINGFIELD MO
125 AM CDT TUE AUG 30 2016


...................................

...THE WEST PLAINS MO CLIMATE SUMMARY FOR AUGUST 29 2016...

CLIMATE NORMAL PERIOD 1981 TO 2010
CLIMATE RECORD PERIOD 1947 TO 2016


WEATHER ITEM   OBSERVED TIME   RECORD YEAR NORMAL DEPARTURE LAST
                VALUE   (LST)  VALUE       VALUE  FROM      YEAR
                                                  NORMAL
..................................................................
TEMPERATURE (F)
 YESTERDAY
  MAXIMUM         90    349 PM 104    1954  87      3       77
  MINIMUM         69    546 AM  40    1986  64      5       65
  AVERAGE         80                        75      5       71

PRECIPITATION (IN)
  YESTERDAY        0.00          3.21 1970   0.10  -0.10     0.17
                                      1978
  MONTH TO DATE    3.63                      3.01   0.62     4.52
  SINCE JUN 1     17.38                     10.58   6.80    18.10
  SINCE JAN 1     32.12                     29.85   2.27    35.71

DEGREE DAYS
 HEATING
  YESTERDAY        0                         0      0        0
  MONTH TO DATE    0                         0      0        0
  SINCE JUN 1      0                         5     -5        5
  SINCE JUL 1      0                         0      0        0

 COOLING
  YESTERDAY       15                        10      5        6
  MONTH TO DATE  363                       358      5      252
  SINCE JUN 1   1168                      1029    139     1011
  SINCE JAN 1   1261                      1151    110     1133
..................................................................


WIND (MPH)
  HIGHEST WIND SPEED    12   HIGHEST WIND DIRECTION    NE (60)
  HIGHEST GUST SPEED    16   HIGHEST GUST DIRECTION    NE (50)
  AVERAGE WIND SPEED     3.8


SKY COVER
  AVERAGE SKY COVER 0.0


WEATHER CONDITIONS
 THE FOLLOWING WEATHER WAS RECORDED YESTERDAY.
  FOG


RELATIVE HUMIDITY (PERCENT)
 HIGHEST    97           400 AM
 LOWEST     52          1200 PM
 AVERAGE    75

..........................................................


THE WEST PLAINS MO CLIMATE NORMALS FOR TODAY
                         NORMAL    RECORD    YEAR
 MAXIMUM TEMPERATURE (F)   87       105      2000
 MINIMUM TEMPERATURE (F)   63        45      1986


SUNRISE AND SUNSET
AUGUST 30 2016........SUNRISE   637 AM CDT   SUNSET   738 PM CDT
AUGUST 31 2016........SUNRISE   638 AM CDT   SUNSET   737 PM CDT


-  INDICATES NEGATIVE NUMBERS.
R  INDICATES RECORD WAS SET OR TIED.
MM INDICATES DATA IS MISSING.
T  INDICATES TRACE AMOUNT.




$$
