882
CDUS43 KSGF 090637
CLIUNO


CLIMATE REPORT
NATIONAL WEATHER SERVICE SPRINGFIELD MO
1236 AM CST FRI DEC 9 2016


...................................

...THE WEST PLAINS MO CLIMATE SUMMARY FOR DECEMBER 8 2016...

CLIMATE NORMAL PERIOD 1981 TO 2010
CLIMATE RECORD PERIOD 1947 TO 2016


WEATHER ITEM   OBSERVED TIME   RECORD YEAR NORMAL DEPARTURE LAST
                VALUE   (LST)  VALUE       VALUE  FROM      YEAR
                                                  NORMAL
..................................................................
TEMPERATURE (F)
 YESTERDAY
  MAXIMUM         34    217 PM  68    1952  48    -14       63
  MINIMUM         20   1159 PM   2    1950  28     -8       33
  AVERAGE         27                        38    -11       48

PRECIPITATION (IN)
  YESTERDAY        0.00          1.19 1971   0.15  -0.15     0.00
  MONTH TO DATE    0.24                      1.25  -1.01     0.00
  SINCE DEC 1      0.24                      1.25  -1.01     0.00
  SINCE JAN 1     36.48                     43.83  -7.35    48.81

DEGREE DAYS
 HEATING
  YESTERDAY       38                        27     11       17
  MONTH TO DATE  223                       209     14      188
  SINCE DEC 1    223                       209     14      188
  SINCE JUL 1    743                      1061   -318      823

 COOLING
  YESTERDAY        0                         0      0        0
  MONTH TO DATE    0                         0      0        0
  SINCE DEC 1      0                         0      0        0
  SINCE JAN 1   1604                      1354    250     1366
..................................................................


WIND (MPH)
  HIGHEST WIND SPEED    18   HIGHEST WIND DIRECTION    NW (310)
  HIGHEST GUST SPEED    26   HIGHEST GUST DIRECTION    NW (320)
  AVERAGE WIND SPEED     9.6


SKY COVER
  AVERAGE SKY COVER 0.1


WEATHER CONDITIONS
 THE FOLLOWING WEATHER WAS RECORDED YESTERDAY.
  NO SIGNIFICANT WEATHER WAS OBSERVED.


RELATIVE HUMIDITY (PERCENT)
 HIGHEST    78          1200 AM
 LOWEST     38           300 PM
 AVERAGE    58

..........................................................


THE WEST PLAINS MO CLIMATE NORMALS FOR TODAY
                         NORMAL    RECORD    YEAR
 MAXIMUM TEMPERATURE (F)   48        69      1991
 MINIMUM TEMPERATURE (F)   27         3      1995


SUNRISE AND SUNSET
DECEMBER  9 2016......SUNRISE   709 AM CST   SUNSET   451 PM CST
DECEMBER 10 2016......SUNRISE   710 AM CST   SUNSET   451 PM CST


-  INDICATES NEGATIVE NUMBERS.
R  INDICATES RECORD WAS SET OR TIED.
MM INDICATES DATA IS MISSING.
T  INDICATES TRACE AMOUNT.




$$
