054
CDUS43 KSGF 180630
CLIUNO


CLIMATE REPORT
NATIONAL WEATHER SERVICE SPRINGFIELD MO
1230 AM CST SAT NOV 18 2017


...................................

...THE WEST PLAINS MO CLIMATE SUMMARY FOR NOVEMBER 17 2017...

CLIMATE NORMAL PERIOD 1981 TO 2010
CLIMATE RECORD PERIOD 1947 TO 2017


WEATHER ITEM   OBSERVED TIME   RECORD YEAR NORMAL DEPARTURE LAST
                VALUE   (LST)  VALUE       VALUE  FROM      YEAR
                                                  NORMAL
..................................................................
TEMPERATURE (F)
 YESTERDAY
  MAXIMUM         67    902 PM  80    2016  56     11       80
  MINIMUM         41   1231 AM   8    1959  36      5       59
  AVERAGE         54                        46      8       70

PRECIPITATION (IN)
  YESTERDAY        0.00          3.84 2015   0.16  -0.16     0.00
  MONTH TO DATE    0.45                      2.53  -2.08     0.02
  SINCE SEP 1      2.66                     10.46  -7.80     3.43
  SINCE JAN 1     44.85                     40.53   4.32    35.55

DEGREE DAYS
 HEATING
  YESTERDAY       11                        19     -8        0
  MONTH TO DATE  235                       266    -31      148
  SINCE SEP 1    462                       568   -106      260
  SINCE JUL 1    463                       569   -106      260

 COOLING
  YESTERDAY        0                         0      0        5
  MONTH TO DATE    6                         0      6       16
  SINCE SEP 1    288                       180    108      315
  SINCE JAN 1   1389                      1352     37     1604
..................................................................


WIND (MPH)
  HIGHEST WIND SPEED    21   HIGHEST WIND DIRECTION     S (160)
  HIGHEST GUST SPEED    29   HIGHEST GUST DIRECTION    SE (150)
  AVERAGE WIND SPEED    11.0


SKY COVER
  AVERAGE SKY COVER 0.9


WEATHER CONDITIONS
 THE FOLLOWING WEATHER WAS RECORDED YESTERDAY.
  FOG


RELATIVE HUMIDITY (PERCENT)
 HIGHEST    93           400 PM
 LOWEST     70           400 AM
 AVERAGE    82

..........................................................


THE WEST PLAINS MO CLIMATE NORMALS FOR TODAY
                         NORMAL    RECORD    YEAR
 MAXIMUM TEMPERATURE (F)   56        74      2001
 MINIMUM TEMPERATURE (F)   36        10      2014


SUNRISE AND SUNSET
NOVEMBER 18 2017......SUNRISE   649 AM CST   SUNSET   456 PM CST
NOVEMBER 19 2017......SUNRISE   650 AM CST   SUNSET   456 PM CST


-  INDICATES NEGATIVE NUMBERS.
R  INDICATES RECORD WAS SET OR TIED.
MM INDICATES DATA IS MISSING.
T  INDICATES TRACE AMOUNT.




$$
