558
CDUS43 KSGF 112228
CLIUNO


CLIMATE REPORT
NATIONAL WEATHER SERVICE SPRINGFIELD MO
428 PM CST THU FEB 11 2016


...................................

...THE WEST PLAINS MO CLIMATE SUMMARY FOR FEBRUARY 11 2016...
VALID AS OF 0400 PM LOCAL TIME.

CLIMATE NORMAL PERIOD 1981 TO 2010
CLIMATE RECORD PERIOD 1947 TO 2016


WEATHER ITEM   OBSERVED TIME   RECORD YEAR NORMAL DEPARTURE LAST
                VALUE   (LST)  VALUE       VALUE  FROM      YEAR
                                                  NORMAL
..................................................................
TEMPERATURE (F)
 TODAY
  MAXIMUM         46    340 PM  75    1996  48     -2       53
  MINIMUM         20    652 AM   1    1955  26     -6       25
  AVERAGE         33                        37     -4       39

PRECIPITATION (IN)
  TODAY            0.00          1.43 2008   0.11  -0.11     0.00
  MONTH TO DATE    0.42                      1.08  -0.66     0.50
  SINCE DEC 1     10.39                      7.44   2.95     5.49
  SINCE JAN 1      1.35                      3.80  -2.45     2.52

DEGREE DAYS
 HEATING
  TODAY           32                        28      4       26
  MONTH TO DATE  293                       321    -28      307
  SINCE DEC 1   1827                      2173   -346     2077
  SINCE JUL 1   2462                      3025   -563     3089

 COOLING
  TODAY            0                         0      0        0
  MONTH TO DATE    0                         0      0        0
  SINCE DEC 1      0                         0      0        0
  SINCE JAN 1      0                         0      0        0
..................................................................


WIND (MPH)
  HIGHEST WIND SPEED    14   HIGHEST WIND DIRECTION     E (70)
  HIGHEST GUST SPEED    16   HIGHEST GUST DIRECTION     E (70)


SKY COVER
  AVERAGE SKY COVER 0.0


WEATHER CONDITIONS
 THE FOLLOWING WEATHER WAS RECORDED TODAY.
  NO SIGNIFICANT WEATHER WAS OBSERVED.


RELATIVE HUMIDITY (PERCENT)
 HIGHEST    68           600 AM
 LOWEST     33           200 PM
 AVERAGE    51

..........................................................


THE WEST PLAINS MO CLIMATE NORMALS FOR TOMORROW
                         NORMAL    RECORD    YEAR
 MAXIMUM TEMPERATURE (F)   48        78      1961
 MINIMUM TEMPERATURE (F)   26        -4      1988


SUNRISE AND SUNSET
FEBRUARY 11 2016......SUNRISE   701 AM CST   SUNSET   543 PM CST
FEBRUARY 12 2016......SUNRISE   700 AM CST   SUNSET   544 PM CST


-  INDICATES NEGATIVE NUMBERS.
R  INDICATES RECORD WAS SET OR TIED.
MM INDICATES DATA IS MISSING.
T  INDICATES TRACE AMOUNT.




$$
