000
CDUS43 KSGF 280628
CLIUNO


CLIMATE REPORT
NATIONAL WEATHER SERVICE SPRINGFIELD MO
128 AM CDT WED SEP 28 2016


...................................

...THE WEST PLAINS MO CLIMATE SUMMARY FOR SEPTEMBER 27 2016...

CLIMATE NORMAL PERIOD 1981 TO 2010
CLIMATE RECORD PERIOD 1947 TO 2016


WEATHER ITEM   OBSERVED TIME   RECORD YEAR NORMAL DEPARTURE LAST
                VALUE   (LST)  VALUE       VALUE  FROM      YEAR
                                                  NORMAL
..................................................................
TEMPERATURE (F)
 YESTERDAY
  MAXIMUM         78    310 PM  95    1954  76      2       73
  MINIMUM         47    615 AM  32    1985  52     -5       58
  AVERAGE         63                        64     -1       66

PRECIPITATION (IN)
  YESTERDAY        0.00          0.64 1964   0.16  -0.16      T
  MONTH TO DATE    1.35                      3.67  -2.32     0.97
  SINCE SEP 1      1.35                      3.67  -2.32     0.97
  SINCE JAN 1     33.47                     33.74  -0.27    36.68

DEGREE DAYS
 HEATING
  YESTERDAY        2                         3     -1        0
  MONTH TO DATE    6                        27    -21       17
  SINCE SEP 1      6                        27    -21       17
  SINCE JUL 1      6                        28    -22       17

 COOLING
  YESTERDAY        0                         2     -2        1
  MONTH TO DATE  226                       150     76      178
  SINCE SEP 1    226                       150     76      178
  SINCE JAN 1   1515                      1322    193     1335
..................................................................


WIND (MPH)
  HIGHEST WIND SPEED    12   HIGHEST WIND DIRECTION     W (270)
  HIGHEST GUST SPEED    15   HIGHEST GUST DIRECTION     W (280)
  AVERAGE WIND SPEED     5.1


SKY COVER
  AVERAGE SKY COVER 0.0


WEATHER CONDITIONS
 THE FOLLOWING WEATHER WAS RECORDED YESTERDAY.
  HAZE


RELATIVE HUMIDITY (PERCENT)
 HIGHEST    86           600 AM
 LOWEST     33           300 PM
 AVERAGE    60

..........................................................


THE WEST PLAINS MO CLIMATE NORMALS FOR TODAY
                         NORMAL    RECORD    YEAR
 MAXIMUM TEMPERATURE (F)   76       100      1953
 MINIMUM TEMPERATURE (F)   51        34      1991


SUNRISE AND SUNSET
SEPTEMBER 28 2016.....SUNRISE   701 AM CDT   SUNSET   655 PM CDT
SEPTEMBER 29 2016.....SUNRISE   702 AM CDT   SUNSET   653 PM CDT


-  INDICATES NEGATIVE NUMBERS.
R  INDICATES RECORD WAS SET OR TIED.
MM INDICATES DATA IS MISSING.
T  INDICATES TRACE AMOUNT.




$$
