000
CDUS43 KSGF 200633
CLIUNO


CLIMATE REPORT
NATIONAL WEATHER SERVICE SPRINGFIELD MO
133 AM CDT THU JUL 20 2017


...................................

...THE WEST PLAINS MO CLIMATE SUMMARY FOR JULY 19 2017...

CLIMATE NORMAL PERIOD 1981 TO 2010
CLIMATE RECORD PERIOD 1947 TO 2017


WEATHER ITEM   OBSERVED TIME   RECORD YEAR NORMAL DEPARTURE LAST
                VALUE   (LST)  VALUE       VALUE  FROM      YEAR
                                                  NORMAL
..................................................................
TEMPERATURE (F)
 YESTERDAY
  MAXIMUM         94    124 PM 105    2012  90      4       93
  MINIMUM         69    520 AM  54    2014  67      2       71
                                      2009
  AVERAGE         82                        78      4       82

PRECIPITATION (IN)
  YESTERDAY        0.00          1.12 2002   0.11  -0.11     0.00
  MONTH TO DATE    2.13                      2.28  -0.15     2.93
  SINCE JUN 1      3.80                      6.30  -2.50     7.34
  SINCE JAN 1     39.21                     25.57  13.64    22.08

DEGREE DAYS
 HEATING
  YESTERDAY        0                         0      0        0
  MONTH TO DATE    0                         0      0        0
  SINCE JUN 1      0                         5     -5        0
  SINCE JUL 1      0                         0      0        0

 COOLING
  YESTERDAY       17                        13      4       17
  MONTH TO DATE  260                       243     17      255
  SINCE JUN 1    514                       509      5      605
  SINCE JAN 1    636                       631      5      698
..................................................................


WIND (MPH)
  HIGHEST WIND SPEED    13   HIGHEST WIND DIRECTION     S (160)
  HIGHEST GUST SPEED    16   HIGHEST GUST DIRECTION     S (170)
  AVERAGE WIND SPEED     4.1


SKY COVER
  AVERAGE SKY COVER 0.1


WEATHER CONDITIONS
 THE FOLLOWING WEATHER WAS RECORDED YESTERDAY.
  FOG


RELATIVE HUMIDITY (PERCENT)
 HIGHEST    93          1200 AM
 LOWEST     41          1200 PM
 AVERAGE    67

..........................................................


THE WEST PLAINS MO CLIMATE NORMALS FOR TODAY
                         NORMAL    RECORD    YEAR
 MAXIMUM TEMPERATURE (F)   90       101      1964
 MINIMUM TEMPERATURE (F)   67        57      2009
                                             1971


SUNRISE AND SUNSET
JULY 20 2017..........SUNRISE   604 AM CDT   SUNSET   824 PM CDT
JULY 21 2017..........SUNRISE   605 AM CDT   SUNSET   823 PM CDT


-  INDICATES NEGATIVE NUMBERS.
R  INDICATES RECORD WAS SET OR TIED.
MM INDICATES DATA IS MISSING.
T  INDICATES TRACE AMOUNT.




$$
