000
CDUS43 KSGF 280628
CLIUNO


CLIMATE REPORT
NATIONAL WEATHER SERVICE SPRINGFIELD MO
127 AM CDT SUN MAY 28 2017


...................................

...THE WEST PLAINS MO CLIMATE SUMMARY FOR MAY 27 2017...

CLIMATE NORMAL PERIOD 1981 TO 2010
CLIMATE RECORD PERIOD 1947 TO 2017


WEATHER ITEM   OBSERVED TIME   RECORD YEAR NORMAL DEPARTURE LAST
                VALUE   (LST)  VALUE       VALUE  FROM      YEAR
                                                  NORMAL
..................................................................
TEMPERATURE (F)
 YESTERDAY
  MAXIMUM         85    135 PM  92    2012  79      6       77
  MINIMUM         58    726 PM  33    1961  58      0       67
  AVERAGE         72                        68      4       72

PRECIPITATION (IN)
  YESTERDAY        1.46          1.57 2016   0.14   1.32     1.57
  MONTH TO DATE    6.55                      4.39   2.16     6.51
  SINCE MAR 1     30.77                     13.16  17.61    11.74
  SINCE JAN 1     35.40                     18.72  16.68    14.38

DEGREE DAYS
 HEATING
  YESTERDAY        0                         1     -1        0
  MONTH TO DATE   84                        77      7      112
  SINCE MAR 1    675                       875   -200      692
  SINCE JUL 1   3324                      4339  -1015     3525

 COOLING
  YESTERDAY        7                         5      2        7
  MONTH TO DATE   72                        74     -2       47
  SINCE MAR 1    100                       102     -2       63
  SINCE JAN 1    101                       102     -1       63
..................................................................


WIND (MPH)
  HIGHEST WIND SPEED    38   HIGHEST WIND DIRECTION    NW (320)
  HIGHEST GUST SPEED    48   HIGHEST GUST DIRECTION    NW (320)
  AVERAGE WIND SPEED     8.0


SKY COVER
  AVERAGE SKY COVER 0.6


WEATHER CONDITIONS
 THE FOLLOWING WEATHER WAS RECORDED YESTERDAY.
  THUNDERSTORM
  HEAVY RAIN
  RAIN
  LIGHT RAIN
  FOG


RELATIVE HUMIDITY (PERCENT)
 HIGHEST   100           500 AM
 LOWEST     65           200 PM
 AVERAGE    83

..........................................................


THE WEST PLAINS MO CLIMATE NORMALS FOR TODAY
                         NORMAL    RECORD    YEAR
 MAXIMUM TEMPERATURE (F)   79        94      2012
 MINIMUM TEMPERATURE (F)   58        38      1961


SUNRISE AND SUNSET
MAY 28 2017...........SUNRISE   551 AM CDT   SUNSET   819 PM CDT
MAY 29 2017...........SUNRISE   551 AM CDT   SUNSET   820 PM CDT


-  INDICATES NEGATIVE NUMBERS.
R  INDICATES RECORD WAS SET OR TIED.
MM INDICATES DATA IS MISSING.
T  INDICATES TRACE AMOUNT.




$$
