000
CDUS43 KSGF 300631
CLIUNO


CLIMATE REPORT
NATIONAL WEATHER SERVICE SPRINGFIELD MO
130 AM CDT MON MAR 30 2015


...................................

...THE WEST PLAINS MO CLIMATE SUMMARY FOR MARCH 29 2015...

CLIMATE NORMAL PERIOD 1981 TO 2010
CLIMATE RECORD PERIOD 1947 TO 2015


WEATHER ITEM   OBSERVED TIME   RECORD YEAR NORMAL DEPARTURE LAST
                VALUE   (LST)  VALUE       VALUE  FROM      YEAR
                                                  NORMAL
..................................................................
TEMPERATURE (F)
 YESTERDAY
  MAXIMUM         62    414 PM  88    1968  64     -2       57
  MINIMUM         31    453 AM  20    1955  40     -9       32
                                      1964
  AVERAGE         47                        52     -5       45

PRECIPITATION (IN)
  YESTERDAY        0.00          2.27 1988   0.16  -0.16     0.00
  MONTH TO DATE    4.03                      3.94   0.09     3.17
  SINCE MAR 1      4.03                      3.94   0.09     3.17
  SINCE JAN 1      8.71                      9.50  -0.79     5.02

DEGREE DAYS
 HEATING
  YESTERDAY       18                        13      5       20
  MONTH TO DATE  547                       520     27      674
  SINCE MAR 1    547                       520     27      674
  SINCE JUL 1   4344                      3984    360     4472

 COOLING
  YESTERDAY        0                         0      0        0
  MONTH TO DATE    0                         0      0        0
  SINCE MAR 1      0                         0      0        0
  SINCE JAN 1      0                         0      0        0
..................................................................


WIND (MPH)
  HIGHEST WIND SPEED    20   HIGHEST WIND DIRECTION     S (160)
  HIGHEST GUST SPEED    24   HIGHEST GUST DIRECTION    SE (150)
  AVERAGE WIND SPEED     8.0


SKY COVER
  AVERAGE SKY COVER 0.1


WEATHER CONDITIONS
 THE FOLLOWING WEATHER WAS RECORDED YESTERDAY.
  NO SIGNIFICANT WEATHER WAS OBSERVED.


RELATIVE HUMIDITY (PERCENT)
 HIGHEST    85          1200 AM
 LOWEST     48           400 PM
 AVERAGE    67

..........................................................


THE WEST PLAINS MO CLIMATE NORMALS FOR TODAY
                         NORMAL    RECORD    YEAR
 MAXIMUM TEMPERATURE (F)   65        82      1963
 MINIMUM TEMPERATURE (F)   40        13      1964


SUNRISE AND SUNSET
MARCH 30 2015.........SUNRISE   657 AM CDT   SUNSET   728 PM CDT
MARCH 31 2015.........SUNRISE   655 AM CDT   SUNSET   729 PM CDT


-  INDICATES NEGATIVE NUMBERS.
R  INDICATES RECORD WAS SET OR TIED.
MM INDICATES DATA IS MISSING.
T  INDICATES TRACE AMOUNT.




$$
