307
CDUS43 KSGF 290629
CLIUNO


CLIMATE REPORT
NATIONAL WEATHER SERVICE SPRINGFIELD MO
129 AM CDT FRI JUL 29 2016


...................................

...THE WEST PLAINS MO CLIMATE SUMMARY FOR JULY 28 2016...

CLIMATE NORMAL PERIOD 1981 TO 2010
CLIMATE RECORD PERIOD 1947 TO 2016


WEATHER ITEM   OBSERVED TIME   RECORD YEAR NORMAL DEPARTURE LAST
                VALUE   (LST)  VALUE       VALUE  FROM      YEAR
                                                  NORMAL
..................................................................
TEMPERATURE (F)
 YESTERDAY
  MAXIMUM         91    418 PM 103    1986  91      0       93
  MINIMUM         69   1159 PM  53    2004  66      3       75
  AVERAGE         80                        78      2       84

PRECIPITATION (IN)
  YESTERDAY        0.12          1.66 2009   0.09   0.03     0.00
  MONTH TO DATE    6.30                      3.26   3.04     7.86
  SINCE JUN 1     10.71                      7.28   3.43    13.58
  SINCE JAN 1     25.45                     26.55  -1.10    31.19

DEGREE DAYS
 HEATING
  YESTERDAY        0                         0      0        0
  MONTH TO DATE    0                         0      0        0
  SINCE JUN 1      0                         5     -5        5
  SINCE JUL 1      0                         0      0        0

 COOLING
  YESTERDAY       15                        13      2       19
  MONTH TO DATE  417                       360     57      402
  SINCE JUN 1    767                       626    141      717
  SINCE JAN 1    860                       748    112      839
..................................................................


WIND (MPH)
  HIGHEST WIND SPEED    25   HIGHEST WIND DIRECTION    NW (310)
  HIGHEST GUST SPEED    37   HIGHEST GUST DIRECTION    NW (330)
  AVERAGE WIND SPEED     3.8


SKY COVER
  AVERAGE SKY COVER 0.2


WEATHER CONDITIONS
 THE FOLLOWING WEATHER WAS RECORDED YESTERDAY.
  THUNDERSTORM
  LIGHT RAIN
  FOG
  FOG W/VISIBILITY <= 1/4 MILE


RELATIVE HUMIDITY (PERCENT)
 HIGHEST    97           300 AM
 LOWEST     47           300 PM
 AVERAGE    72

..........................................................


THE WEST PLAINS MO CLIMATE NORMALS FOR TODAY
                         NORMAL    RECORD    YEAR
 MAXIMUM TEMPERATURE (F)   91       104      1999
 MINIMUM TEMPERATURE (F)   66        55      1994


SUNRISE AND SUNSET
JULY 29 2016..........SUNRISE   611 AM CDT   SUNSET   817 PM CDT
JULY 30 2016..........SUNRISE   612 AM CDT   SUNSET   816 PM CDT


-  INDICATES NEGATIVE NUMBERS.
R  INDICATES RECORD WAS SET OR TIED.
MM INDICATES DATA IS MISSING.
T  INDICATES TRACE AMOUNT.




$$
