000
CDUS43 KSGF 290633
CLIUNO


CLIMATE REPORT
NATIONAL WEATHER SERVICE SPRINGFIELD MO
131 AM CDT MON JUN 29 2015


...................................

...THE WEST PLAINS MO CLIMATE SUMMARY FOR JUNE 28 2015...

CLIMATE NORMAL PERIOD 1981 TO 2010
CLIMATE RECORD PERIOD 1947 TO 2015


WEATHER ITEM   OBSERVED TIME   RECORD YEAR NORMAL DEPARTURE LAST
                VALUE   (LST)  VALUE       VALUE  FROM      YEAR
                                                  NORMAL
..................................................................
TEMPERATURE (F)
 YESTERDAY
  MAXIMUM         82    343 PM 106    2012  87     -5       83
  MINIMUM         60    511 AM  49    2003  66     -6       68
  AVERAGE         71                        77     -6       76

PRECIPITATION (IN)
  YESTERDAY        1.03          1.74 2008   0.14   0.89     0.63
  MONTH TO DATE    5.72                      3.76   1.96     4.27
  SINCE JUN 1      5.72                      3.76   1.96     4.27
  SINCE JAN 1     23.33                     23.03   0.30    16.25

DEGREE DAYS
 HEATING
  YESTERDAY        0                         0      0        0
  MONTH TO DATE    5                         4      1        2
  SINCE JUN 1      5                         4      1        2
  SINCE JUL 1   4642                      4346    296     4859

 COOLING
  YESTERDAY        6                        12     -6       11
  MONTH TO DATE  294                       243     51      239
  SINCE JUN 1    294                       243     51      239
  SINCE JAN 1    416                       365     51      389
..................................................................


WIND (MPH)
  HIGHEST WIND SPEED    24   HIGHEST WIND DIRECTION     W (260)
  HIGHEST GUST SPEED    31   HIGHEST GUST DIRECTION     W (280)
  AVERAGE WIND SPEED     6.6


SKY COVER
  AVERAGE SKY COVER 0.1


WEATHER CONDITIONS
 THE FOLLOWING WEATHER WAS RECORDED YESTERDAY.
  THUNDERSTORM
  HEAVY RAIN
  RAIN
  LIGHT RAIN
  FOG


RELATIVE HUMIDITY (PERCENT)
 HIGHEST    90          1200 AM
 LOWEST     51           200 PM
 AVERAGE    71

..........................................................


THE WEST PLAINS MO CLIMATE NORMALS FOR TODAY
                         NORMAL    RECORD    YEAR
 MAXIMUM TEMPERATURE (F)   87       105      1952
 MINIMUM TEMPERATURE (F)   66        52      1985


SUNRISE AND SUNSET
JUNE 29 2015..........SUNRISE   551 AM CDT   SUNSET   831 PM CDT
JUNE 30 2015..........SUNRISE   552 AM CDT   SUNSET   831 PM CDT


-  INDICATES NEGATIVE NUMBERS.
R  INDICATES RECORD WAS SET OR TIED.
MM INDICATES DATA IS MISSING.
T  INDICATES TRACE AMOUNT.




$$
