000
CDUS43 KSGF 160626
CLIUNO


CLIMATE REPORT
NATIONAL WEATHER SERVICE SPRINGFIELD MO
1226 AM CST THU NOV 16 2017


...................................

...THE WEST PLAINS MO CLIMATE SUMMARY FOR NOVEMBER 15 2017...

CLIMATE NORMAL PERIOD 1981 TO 2010
CLIMATE RECORD PERIOD 1947 TO 2017


WEATHER ITEM   OBSERVED TIME   RECORD YEAR NORMAL DEPARTURE LAST
                VALUE   (LST)  VALUE       VALUE  FROM      YEAR
                                                  NORMAL
..................................................................
TEMPERATURE (F)
 YESTERDAY
  MAXIMUM         65    340 PM  81    1955  57      8       74
  MINIMUM         43   1033 PM  17    1982  37      6       43
  AVERAGE         54                        47      7       59

PRECIPITATION (IN)
  YESTERDAY        0.16          2.24 2005   0.17  -0.01     0.00
  MONTH TO DATE    0.45                      2.21  -1.76     0.02
  SINCE SEP 1      2.66                     10.14  -7.48     3.43
  SINCE JAN 1     44.85                     40.21   4.64    35.55

DEGREE DAYS
 HEATING
  YESTERDAY       11                        18     -7        6
  MONTH TO DATE  207                       229    -22      143
  SINCE SEP 1    434                       531    -97      255
  SINCE JUL 1    435                       532    -97      255

 COOLING
  YESTERDAY        0                         0      0        0
  MONTH TO DATE    6                         0      6       11
  SINCE SEP 1    288                       180    108      310
  SINCE JAN 1   1389                      1352     37     1599
..................................................................


WIND (MPH)
  HIGHEST WIND SPEED    16   HIGHEST WIND DIRECTION    NW (330)
  HIGHEST GUST SPEED    20   HIGHEST GUST DIRECTION     N (340)
  AVERAGE WIND SPEED     6.5


SKY COVER
  AVERAGE SKY COVER 0.6


WEATHER CONDITIONS
 THE FOLLOWING WEATHER WAS RECORDED YESTERDAY.
  LIGHT RAIN
  FOG


RELATIVE HUMIDITY (PERCENT)
 HIGHEST   100          1100 AM
 LOWEST     54           600 PM
 AVERAGE    77

..........................................................


THE WEST PLAINS MO CLIMATE NORMALS FOR TODAY
                         NORMAL    RECORD    YEAR
 MAXIMUM TEMPERATURE (F)   57        77      2016
                                             1952
 MINIMUM TEMPERATURE (F)   37        17      1970


SUNRISE AND SUNSET
NOVEMBER 16 2017......SUNRISE   647 AM CST   SUNSET   457 PM CST
NOVEMBER 17 2017......SUNRISE   648 AM CST   SUNSET   457 PM CST


-  INDICATES NEGATIVE NUMBERS.
R  INDICATES RECORD WAS SET OR TIED.
MM INDICATES DATA IS MISSING.
T  INDICATES TRACE AMOUNT.




$$
