000
CDUS43 KSGF 200626
CLIUNO


CLIMATE REPORT
NATIONAL WEATHER SERVICE SPRINGFIELD MO
126 AM CDT WED JUL 20 2016


...................................

...THE WEST PLAINS MO CLIMATE SUMMARY FOR JULY 19 2016...

CLIMATE NORMAL PERIOD 1981 TO 2010
CLIMATE RECORD PERIOD 1947 TO 2016


WEATHER ITEM   OBSERVED TIME   RECORD YEAR NORMAL DEPARTURE LAST
                VALUE   (LST)  VALUE       VALUE  FROM      YEAR
                                                  NORMAL
..................................................................
TEMPERATURE (F)
 YESTERDAY
  MAXIMUM         93    425 PM 105    2012  90      3       92
  MINIMUM         71    519 AM  54    2014  67      4       73
                                      2009
  AVERAGE         82                        78      4       83

PRECIPITATION (IN)
  YESTERDAY        0.00          1.12 2002   0.11  -0.11     0.00
  MONTH TO DATE    2.93                      2.28   0.65     5.16
  SINCE JUN 1      7.34                      6.30   1.04    10.88
  SINCE JAN 1     22.08                     25.57  -3.49    28.49

DEGREE DAYS
 HEATING
  YESTERDAY        0                         0      0        0
  MONTH TO DATE    0                         0      0        0
  SINCE JUN 1      0                         5     -5        5
  SINCE JUL 1      0                         0      0        0

 COOLING
  YESTERDAY       17                        13      4       18
  MONTH TO DATE  255                       243     12      259
  SINCE JUN 1    605                       509     96      574
  SINCE JAN 1    698                       631     67      696
..................................................................


WIND (MPH)
  HIGHEST WIND SPEED    10   HIGHEST WIND DIRECTION     S (160)
  HIGHEST GUST SPEED    14   HIGHEST GUST DIRECTION    SE (150)
  AVERAGE WIND SPEED     3.0


SKY COVER
  AVERAGE SKY COVER 0.1


WEATHER CONDITIONS
 THE FOLLOWING WEATHER WAS RECORDED YESTERDAY.
  FOG


RELATIVE HUMIDITY (PERCENT)
 HIGHEST    90           400 AM
 LOWEST     41           500 PM
 AVERAGE    66

..........................................................


THE WEST PLAINS MO CLIMATE NORMALS FOR TODAY
                         NORMAL    RECORD    YEAR
 MAXIMUM TEMPERATURE (F)   90       101      1964
 MINIMUM TEMPERATURE (F)   67        57      2009
                                             1971


SUNRISE AND SUNSET
JULY 20 2016..........SUNRISE   604 AM CDT   SUNSET   824 PM CDT
JULY 21 2016..........SUNRISE   605 AM CDT   SUNSET   823 PM CDT


-  INDICATES NEGATIVE NUMBERS.
R  INDICATES RECORD WAS SET OR TIED.
MM INDICATES DATA IS MISSING.
T  INDICATES TRACE AMOUNT.




$$
