000
CDUS43 KSGF 122126
CLIUNO


CLIMATE REPORT
NATIONAL WEATHER SERVICE SPRINGFIELD MO
426 PM CDT SAT JUL 12 2014


...................................

...THE WEST PLAINS MO CLIMATE SUMMARY FOR JULY 12 2014...
VALID AS OF 0400 PM LOCAL TIME.

CLIMATE NORMAL PERIOD 1981 TO 2010
CLIMATE RECORD PERIOD 1947 TO 2014


WEATHER ITEM   OBSERVED TIME   RECORD YEAR NORMAL DEPARTURE LAST
                VALUE   (LST)  VALUE       VALUE  FROM      YEAR
                                                  NORMAL
..................................................................
TEMPERATURE (F)
 TODAY
  MAXIMUM         90    231 PM 107    1980  89      1       87
  MINIMUM         74    626 AM  52    1959  67      7       57
  AVERAGE         82                        78      4       72

PRECIPITATION (IN)
  TODAY            0.00          3.26 1958   0.13  -0.13     0.00
  MONTH TO DATE    0.88                      1.42  -0.54     0.00
  SINCE JUN 1      6.11                      5.44   0.67     3.67
  SINCE JAN 1     18.09                     24.71  -6.62    25.49

DEGREE DAYS
 HEATING
  TODAY            0                         0      0        0
  MONTH TO DATE    0                         0      0        0
  SINCE JUN 1      2                         5     -3        9
  SINCE JUL 1      0                         0      0        0

 COOLING
  TODAY           17                        13      4        7
  MONTH TO DATE   99                       152    -53      110
  SINCE JUN 1    364                       418    -54      258
  SINCE JAN 1    514                       540    -26      370
..................................................................


WIND (MPH)
  HIGHEST WIND SPEED    13   HIGHEST WIND DIRECTION     W (260)
  HIGHEST GUST SPEED    17   HIGHEST GUST DIRECTION     W (260)


SKY COVER
  AVERAGE SKY COVER 0.3


WEATHER CONDITIONS
 THE FOLLOWING WEATHER WAS RECORDED TODAY.
  FOG


RELATIVE HUMIDITY (PERCENT)
 HIGHEST    94          1200 AM
 LOWEST     52           200 PM
 AVERAGE    73

..........................................................


THE WEST PLAINS MO CLIMATE NORMALS FOR TOMORROW
                         NORMAL    RECORD    YEAR
 MAXIMUM TEMPERATURE (F)   89       105      1954
 MINIMUM TEMPERATURE (F)   67        51      1964


SUNRISE AND SUNSET
JULY 12 2014..........SUNRISE   558 AM CDT   SUNSET   828 PM CDT
JULY 13 2014..........SUNRISE   559 AM CDT   SUNSET   828 PM CDT


-  INDICATES NEGATIVE NUMBERS.
R  INDICATES RECORD WAS SET OR TIED.
MM INDICATES DATA IS MISSING.
T  INDICATES TRACE AMOUNT.




$$
