000
CDUS43 KSGF 192226
CLIUNO


CLIMATE REPORT
NATIONAL WEATHER SERVICE SPRINGFIELD MO
526 PM CDT SAT AUG 19 2017


...................................

...THE WEST PLAINS MO CLIMATE SUMMARY FOR AUGUST 19 2017...
VALID TODAY AS OF 0500 PM LOCAL TIME.

CLIMATE NORMAL PERIOD 1981 TO 2010
CLIMATE RECORD PERIOD 1947 TO 2017


WEATHER ITEM   OBSERVED TIME   RECORD YEAR NORMAL DEPARTURE LAST
                VALUE   (LST)  VALUE       VALUE  FROM      YEAR
                                                  NORMAL
..................................................................
TEMPERATURE (F)
 TODAY
  MAXIMUM         94    353 PM 103    1962  89      5       82
  MINIMUM         68    604 AM  53    2012  65      3       71
  AVERAGE         81                        77      4       77

PRECIPITATION (IN)
  TODAY            0.00          0.51 1988   0.12  -0.12     0.05
                                      1988
                                      2006
  MONTH TO DATE    2.63                      1.95   0.68     3.36
  SINCE JUN 1      6.63                      9.52  -2.89    17.11
  SINCE JAN 1     42.04                     28.79  13.25    31.85

DEGREE DAYS
 HEATING
  TODAY            0                         0      0        0
  MONTH TO DATE    1                         0      1        0
  SINCE JUN 1      1                         5     -4        0
  SINCE JUL 1      1                         0      1        0

 COOLING
  TODAY           16                        12      4       12
  MONTH TO DATE  176                       245    -69      248
  SINCE JUN 1    877                       916    -39     1053
  SINCE JAN 1    999                      1038    -39     1146
..................................................................


WIND (MPH)
  HIGHEST WIND SPEED    14   HIGHEST WIND DIRECTION     W (270)
  HIGHEST GUST SPEED    19   HIGHEST GUST DIRECTION     W (260)


SKY COVER
  AVERAGE SKY COVER 0.2


WEATHER CONDITIONS
 THE FOLLOWING WEATHER WAS RECORDED TODAY.
  THUNDERSTORM
  FOG


RELATIVE HUMIDITY (PERCENT)
 HIGHEST   100           400 AM
 LOWEST     33           400 PM
 AVERAGE    67

..........................................................


THE WEST PLAINS MO CLIMATE NORMALS FOR TOMORROW
                         NORMAL    RECORD    YEAR
 MAXIMUM TEMPERATURE (F)   89       102      1962
 MINIMUM TEMPERATURE (F)   65        49      1967


SUNRISE AND SUNSET
AUGUST 19 2017........SUNRISE   628 AM CDT   SUNSET   753 PM CDT
AUGUST 20 2017........SUNRISE   629 AM CDT   SUNSET   752 PM CDT


-  INDICATES NEGATIVE NUMBERS.
R  INDICATES RECORD WAS SET OR TIED.
MM INDICATES DATA IS MISSING.
T  INDICATES TRACE AMOUNT.




$$
