000
CDUS43 KSGF 230626
CLIUNO


CLIMATE REPORT
NATIONAL WEATHER SERVICE SPRINGFIELD MO
126 AM CDT WED APR 23 2014


...................................

...THE WEST PLAINS MO CLIMATE SUMMARY FOR APRIL 22 2014...

CLIMATE NORMAL PERIOD 1981 TO 2010
CLIMATE RECORD PERIOD 1947 TO 2014


WEATHER ITEM   OBSERVED TIME   RECORD YEAR NORMAL DEPARTURE LAST
                VALUE   (LST)  VALUE       VALUE  FROM      YEAR
                                                  NORMAL
..................................................................
TEMPERATURE (F)
 YESTERDAY
  MAXIMUM         74    325 PM  91    1955  72      2       70
  MINIMUM         48   1159 PM  29    1993  47      1       37
  AVERAGE         61                        59      2       54

PRECIPITATION (IN)
  YESTERDAY        0.00          4.35 1973   0.16  -0.16     0.00
  MONTH TO DATE    3.39                      3.17   0.22     2.92
  SINCE MAR 1      6.61                      7.46  -0.85     6.67
  SINCE JAN 1      8.46                     13.02  -4.56    13.99

DEGREE DAYS
 HEATING
  YESTERDAY        4                         7     -3       11
  MONTH TO DATE  212                       208      4      231
  SINCE MAR 1    914                       754    160      965
  SINCE JUL 1   4712                      4218    494     4277

 COOLING
  YESTERDAY        0                         1     -1        0
  MONTH TO DATE    7                        17    -10       15
  SINCE MAR 1      7                        21    -14       15
  SINCE JAN 1      7                        21    -14       15
..................................................................


WIND (MPH)
  HIGHEST WIND SPEED    17   HIGHEST WIND DIRECTION    NE (30)
  HIGHEST GUST SPEED    24   HIGHEST GUST DIRECTION     N (10)
  AVERAGE WIND SPEED     8.7


SKY COVER
  AVERAGE SKY COVER 0.1


WEATHER CONDITIONS
 THE FOLLOWING WEATHER WAS RECORDED YESTERDAY.
  NO SIGNIFICANT WEATHER WAS OBSERVED.


RELATIVE HUMIDITY (PERCENT)
 HIGHEST    90          1200 AM
 LOWEST     23           200 PM
 AVERAGE    57

..........................................................


THE WEST PLAINS MO CLIMATE NORMALS FOR TODAY
                         NORMAL    RECORD    YEAR
 MAXIMUM TEMPERATURE (F)   72        90      1965
 MINIMUM TEMPERATURE (F)   47        28      1993


SUNRISE AND SUNSET
APRIL 23 2014.........SUNRISE   623 AM CDT   SUNSET   749 PM CDT
APRIL 24 2014.........SUNRISE   622 AM CDT   SUNSET   750 PM CDT


-  INDICATES NEGATIVE NUMBERS.
R  INDICATES RECORD WAS SET OR TIED.
MM INDICATES DATA IS MISSING.
T  INDICATES TRACE AMOUNT.




$$
