000
CDUS43 KSGF 120626
CLIUNO


CLIMATE REPORT
NATIONAL WEATHER SERVICE SPRINGFIELD MO
1226 AM CST FRI JAN 12 2018


...................................

...THE WEST PLAINS MO CLIMATE SUMMARY FOR JANUARY 11 2018...

CLIMATE NORMAL PERIOD 1981 TO 2010
CLIMATE RECORD PERIOD 1947 TO 2018


WEATHER ITEM   OBSERVED TIME   RECORD YEAR NORMAL DEPARTURE LAST
                VALUE   (LST)  VALUE       VALUE  FROM      YEAR
                                                  NORMAL
..................................................................
TEMPERATURE (F)
 YESTERDAY
  MAXIMUM         60    215 PM  69    2017  44     16       69
  MINIMUM         19   1159 PM -15    1977  23     -4       37
  AVERAGE         40                        34      6       53

PRECIPITATION (IN)
  YESTERDAY        0.06          0.60 1991   0.07  -0.01     0.00
  MONTH TO DATE    0.77                      0.71   0.06     0.18
  SINCE DEC 1      2.80                      4.35  -1.55     1.20
  SINCE JAN 1      0.77                      0.71   0.06     0.18

DEGREE DAYS
 HEATING
  YESTERDAY       25                        31     -6       12
  MONTH TO DATE  413                       341     72      353
  SINCE DEC 1   1271                      1234     37     1223
  SINCE JUL 1   1934                      2086   -152     1743

 COOLING
  YESTERDAY        0                         0      0        0
  MONTH TO DATE    0                         0      0        0
  SINCE DEC 1      0                         0      0        0
  SINCE JAN 1      0                         0      0        0
..................................................................


WIND (MPH)
  HIGHEST WIND SPEED    25   HIGHEST WIND DIRECTION     N (340)
  HIGHEST GUST SPEED    37   HIGHEST GUST DIRECTION    NW (320)
  AVERAGE WIND SPEED    12.5


SKY COVER
  AVERAGE SKY COVER 0.9


WEATHER CONDITIONS
 THE FOLLOWING WEATHER WAS RECORDED YESTERDAY.
  LIGHT RAIN
  FOG


RELATIVE HUMIDITY (PERCENT)
 HIGHEST   100           300 AM
 LOWEST     77          1100 PM
 AVERAGE    89

..........................................................


THE WEST PLAINS MO CLIMATE NORMALS FOR TODAY
                         NORMAL    RECORD    YEAR
 MAXIMUM TEMPERATURE (F)   44        70      1995
 MINIMUM TEMPERATURE (F)   23        -3      1977


SUNRISE AND SUNSET
JANUARY 12 2018.......SUNRISE   720 AM CST   SUNSET   512 PM CST
JANUARY 13 2018.......SUNRISE   720 AM CST   SUNSET   513 PM CST


-  INDICATES NEGATIVE NUMBERS.
R  INDICATES RECORD WAS SET OR TIED.
MM INDICATES DATA IS MISSING.
T  INDICATES TRACE AMOUNT.




$$
